{"status":"ok","message-type":"work","message-version":"1.0.0","message":{"indexed":{"date-parts":[[2025,3,25]],"date-time":"2025-03-25T21:29:59Z","timestamp":1742938199908,"version":"3.40.3"},"publisher-location":"Cham","reference-count":14,"publisher":"Springer International Publishing","isbn-type":[{"type":"print","value":"9783319997216"},{"type":"electronic","value":"9783319997223"}],"license":[{"start":{"date-parts":[[2018,1,1]],"date-time":"2018-01-01T00:00:00Z","timestamp":1514764800000},"content-version":"tdm","delay-in-days":0,"URL":"http:\/\/www.springer.com\/tdm"}],"content-domain":{"domain":["link.springer.com"],"crossmark-restriction":false},"short-container-title":[],"published-print":{"date-parts":[[2018]]},"DOI":"10.1007\/978-3-319-99722-3_44","type":"book-chapter","created":{"date-parts":[[2018,8,25]],"date-time":"2018-08-25T02:35:23Z","timestamp":1535164523000},"page":"438-447","update-policy":"https:\/\/doi.org\/10.1007\/springer_crossmark_policy","source":"Crossref","is-referenced-by-count":2,"title":["Inner Speech in Portuguese: Acquisition Methods, Database and First Results"],"prefix":"10.1007","author":[{"ORCID":"https:\/\/orcid.org\/0000-0002-0629-7146","authenticated-orcid":false,"given":"Carlos","family":"Ferreira","sequence":"first","affiliation":[]},{"ORCID":"https:\/\/orcid.org\/0000-0002-0476-9533","authenticated-orcid":false,"given":"Alexandre","family":"Sayal","sequence":"additional","affiliation":[]},{"ORCID":"https:\/\/orcid.org\/0000-0002-3259-8815","authenticated-orcid":false,"given":"Bruno","family":"Direito","sequence":"additional","affiliation":[]},{"ORCID":"https:\/\/orcid.org\/0000-0003-3713-2464","authenticated-orcid":false,"given":"Marco","family":"Sim\u00f5es","sequence":"additional","affiliation":[]},{"ORCID":"https:\/\/orcid.org\/0000-0001-5218-388X","authenticated-orcid":false,"given":"Paula","family":"Martins","sequence":"additional","affiliation":[]},{"ORCID":"https:\/\/orcid.org\/0000-0002-3389-3082","authenticated-orcid":false,"given":"Catarina","family":"Oliveira","sequence":"additional","affiliation":[]},{"ORCID":"https:\/\/orcid.org\/0000-0003-4364-6373","authenticated-orcid":false,"given":"Miguel","family":"Castelo-Branco","sequence":"additional","affiliation":[]},{"ORCID":"https:\/\/orcid.org\/0000-0002-7675-1236","authenticated-orcid":false,"given":"Ant\u00f3nio","family":"Teixeira","sequence":"additional","affiliation":[]}],"member":"297","published-online":{"date-parts":[[2018,8,26]]},"reference":[{"key":"44_CR1","doi-asserted-by":"publisher","first-page":"208","DOI":"10.1016\/j.neuroimage.2015.03.016","volume":"112","author":"JA Berken","year":"2015","unstructured":"Berken, J.A., et al.: Neural activation in speech production and reading aloud in native and non-native languages. Neuroimage 112, 208\u2013217 (2015)","journal-title":"Neuroimage"},{"issue":"10","key":"44_CR2","doi-asserted-by":"publisher","first-page":"3071","DOI":"10.1093\/brain\/awr232","volume":"134","author":"S Geva","year":"2011","unstructured":"Geva, S., Jones, P.S., Crinion, J.T., Price, C.J., Baron, J.C., Warburton, E.A.: The neural correlates of inner speech defined by voxel-based lesion-symptom mapping. Brain 134(10), 3071\u20133082 (2011)","journal-title":"Brain"},{"issue":"2","key":"44_CR3","doi-asserted-by":"publisher","first-page":"140","DOI":"10.1016\/j.cpr.2006.10.001","volume":"27","author":"SR Jones","year":"2007","unstructured":"Jones, S.R., Fernyhough, C.: Neural correlates of inner speech and auditory verbal hallucinations: a critical review and theoretical integration. Clin. Psychol. Rev. 27(2), 140\u2013154 (2007)","journal-title":"Clin. Psychol. Rev."},{"issue":"1","key":"44_CR4","doi-asserted-by":"publisher","first-page":"42","DOI":"10.1016\/j.bandl.2011.08.005","volume":"120","author":"CL Marvel","year":"2012","unstructured":"Marvel, C.L., Desmond, J.E.: From storage to manipulation: how the neural correlates of verbal working memory reflect varying demands on inner speech. Brain Lang. 120(1), 42\u201351 (2012)","journal-title":"Brain Lang."},{"key":"44_CR5","doi-asserted-by":"publisher","first-page":"78","DOI":"10.2174\/1874440001206010078","volume":"6","author":"A Morin","year":"2012","unstructured":"Morin, A., Hamper, B.: Self-reflection and the inner voice: activation of the left inferior frontal gyrus during perceptual and conceptual self-referential thinking. Open Neuroimaging J. 6, 78\u201389 (2012)","journal-title":"Open Neuroimaging J."},{"issue":"6","key":"44_CR6","doi-asserted-by":"publisher","first-page":"387","DOI":"10.1016\/j.brainresbull.2007.06.013","volume":"74","author":"A Morin","year":"2007","unstructured":"Morin, A., Michaud, J.: Self-awareness and the left inferior frontal gyrus: inner speech use during self-related processing. Brain Res. Bull. 74(6), 387\u2013396 (2007)","journal-title":"Brain Res. Bull."},{"key":"44_CR7","doi-asserted-by":"publisher","first-page":"1714","DOI":"10.1016\/j.sbspro.2011.10.331","volume":"30","author":"A Morin","year":"2011","unstructured":"Morin, A., Uttl, B., Hamper, B.: Self-reported frequency, content, and functions of inner speech. Procedia Soc. Behav. Sci. 30, 1714\u20131718 (2011)","journal-title":"Procedia Soc. Behav. Sci."},{"key":"44_CR8","unstructured":"Bacelar do Nascimento, M.F., Garcia Marques, M.L., Segura da Cruz, M.L.: Portugu\u00eas Fundamental - M\u00e9todos e Documentos, Tomo 1, Inqu\u00e9rito de Frequ\u00eancia. INIC, CLUL, Lisboa, 1 edn. (1987)"},{"issue":"5","key":"44_CR9","doi-asserted-by":"publisher","first-page":"518","DOI":"10.1016\/j.acra.2011.12.017","volume":"19","author":"S Partovi","year":"2012","unstructured":"Partovi, S., et al.: Effects of covert and overt paradigms in clinical language fMRI. Acad. Radiol. 19(5), 518\u2013525 (2012)","journal-title":"Acad. Radiol."},{"key":"44_CR10","doi-asserted-by":"publisher","first-page":"220","DOI":"10.1016\/j.bbr.2013.12.034","volume":"261","author":"M Perrone-Bertolotti","year":"2014","unstructured":"Perrone-Bertolotti, M., Rapin, L., Lachaux, J.P., Baciu, M., Loevenbruck, H.: What is that little voice inside my head? Inner speech phenomenology, its role in cognitive performance, and its relation to self-monitoring. Behav. Brain Res. 261, 220\u2013239 (2014)","journal-title":"Behav. Brain Res."},{"issue":"2","key":"44_CR11","doi-asserted-by":"publisher","first-page":"118","DOI":"10.1016\/j.tins.2008.11.001","volume":"32","author":"ME Raichle","year":"2009","unstructured":"Raichle, M.E.: A brief history of human brain mapping. Trends Neurosci. 32(2), 118\u2013126 (2009)","journal-title":"Trends Neurosci."},{"key":"44_CR12","volume-title":"Co-planar Stereotaxic Atlas of the Human Brain","author":"J Talairach","year":"1988","unstructured":"Talairach, J., Tournoux, P.: Co-planar Stereotaxic Atlas of the Human Brain. Thieme, New York (1988)"},{"key":"44_CR13","series-title":"Lecture Notes in Computer Science (Lecture Notes in Artificial Intelligence)","doi-asserted-by":"publisher","first-page":"306","DOI":"10.1007\/978-3-642-28885-2_35","volume-title":"Computational Processing of the Portuguese Language","author":"A Teixeira","year":"2012","unstructured":"Teixeira, A., Martins, P., Oliveira, C., Ferreira, C., Silva, A., Shosted, R.: Real-time MRI for Portuguese. In: Caseli, H., Villavicencio, A., Teixeira, A., Perdig\u00e3o, F. (eds.) PROPOR 2012. LNCS (LNAI), vol. 7243, pp. 306\u2013317. Springer, Heidelberg (2012). https:\/\/doi.org\/10.1007\/978-3-642-28885-2_35"},{"issue":"5","key":"44_CR14","doi-asserted-by":"publisher","first-page":"1166","DOI":"10.1093\/cercor\/bhq189","volume":"21","author":"P Tremblay","year":"2011","unstructured":"Tremblay, P., Small, S.L.: From language comprehension to action understanding and back again. Cereb. Cortex 21(5), 1166\u20131177 (2011). https:\/\/doi.org\/10.1093\/cercor\/bhq189. https:\/\/doi.org\/10.1093\/cercor\/bhq189","journal-title":"Cereb. Cortex"}],"container-title":["Lecture Notes in Computer Science","Computational Processing of the Portuguese Language"],"original-title":[],"language":"en","link":[{"URL":"https:\/\/link.springer.com\/content\/pdf\/10.1007\/978-3-319-99722-3_44","content-type":"unspecified","content-version":"vor","intended-application":"similarity-checking"}],"deposited":{"date-parts":[[2024,3,7]],"date-time":"2024-03-07T11:53:23Z","timestamp":1709812403000},"score":1,"resource":{"primary":{"URL":"https:\/\/link.springer.com\/10.1007\/978-3-319-99722-3_44"}},"subtitle":[],"short-title":[],"issued":{"date-parts":[[2018]]},"ISBN":["9783319997216","9783319997223"],"references-count":14,"URL":"https:\/\/doi.org\/10.1007\/978-3-319-99722-3_44","relation":{},"ISSN":["0302-9743","1611-3349"],"issn-type":[{"type":"print","value":"0302-9743"},{"type":"electronic","value":"1611-3349"}],"subject":[],"published":{"date-parts":[[2018]]},"assertion":[{"value":"26 August 2018","order":1,"name":"first_online","label":"First Online","group":{"name":"ChapterHistory","label":"Chapter History"}},{"value":"PROPOR","order":1,"name":"conference_acronym","label":"Conference Acronym","group":{"name":"ConferenceInfo","label":"Conference Information"}},{"value":"International Conference on Computational Processing of the Portuguese Language","order":2,"name":"conference_name","label":"Conference Name","group":{"name":"ConferenceInfo","label":"Conference Information"}},{"value":"Canela","order":3,"name":"conference_city","label":"Conference City","group":{"name":"ConferenceInfo","label":"Conference Information"}},{"value":"Brazil","order":4,"name":"conference_country","label":"Conference Country","group":{"name":"ConferenceInfo","label":"Conference Information"}},{"value":"2018","order":5,"name":"conference_year","label":"Conference Year","group":{"name":"ConferenceInfo","label":"Conference Information"}},{"value":"24 September 2018","order":7,"name":"conference_start_date","label":"Conference Start Date","group":{"name":"ConferenceInfo","label":"Conference Information"}},{"value":"26 September 2018","order":8,"name":"conference_end_date","label":"Conference End Date","group":{"name":"ConferenceInfo","label":"Conference Information"}},{"value":"13","order":9,"name":"conference_number","label":"Conference Number","group":{"name":"ConferenceInfo","label":"Conference Information"}},{"value":"propor2018","order":10,"name":"conference_id","label":"Conference ID","group":{"name":"ConferenceInfo","label":"Conference Information"}},{"value":"http:\/\/www.inf.ufrgs.br\/propor-2018\/","order":11,"name":"conference_url","label":"Conference URL","group":{"name":"ConferenceInfo","label":"Conference Information"}},{"value":"Double-blind","order":1,"name":"type","label":"Type","group":{"name":"ConfEventPeerReviewInformation","label":"Peer Review Information (provided by the conference organizers)"}},{"value":"Easy Chair","order":2,"name":"conference_management_system","label":"Conference Management System","group":{"name":"ConfEventPeerReviewInformation","label":"Peer Review Information (provided by the conference organizers)"}},{"value":"92","order":3,"name":"number_of_submissions_sent_for_review","label":"Number of Submissions Sent for Review","group":{"name":"ConfEventPeerReviewInformation","label":"Peer Review Information (provided by the conference organizers)"}},{"value":"42","order":4,"name":"number_of_full_papers_accepted","label":"Number of Full Papers Accepted","group":{"name":"ConfEventPeerReviewInformation","label":"Peer Review Information (provided by the conference organizers)"}},{"value":"7","order":5,"name":"number_of_short_papers_accepted","label":"Number of Short Papers Accepted","group":{"name":"ConfEventPeerReviewInformation","label":"Peer Review Information (provided by the conference organizers)"}},{"value":"46% - The value is computed by the equation \"Number of Full Papers Accepted \/ Number of Submissions Sent for Review * 100\" and then rounded to a whole number.","order":6,"name":"acceptance_rate_of_full_papers","label":"Acceptance Rate of Full Papers","group":{"name":"ConfEventPeerReviewInformation","label":"Peer Review Information (provided by the conference organizers)"}},{"value":"2","order":7,"name":"average_number_of_reviews_per_paper","label":"Average Number of Reviews per Paper","group":{"name":"ConfEventPeerReviewInformation","label":"Peer Review Information (provided by the conference organizers)"}},{"value":"3","order":8,"name":"average_number_of_papers_per_reviewer","label":"Average Number of Papers per Reviewer","group":{"name":"ConfEventPeerReviewInformation","label":"Peer Review Information (provided by the conference organizers)"}},{"value":"No","order":9,"name":"external_reviewers_involved","label":"External Reviewers Involved","group":{"name":"ConfEventPeerReviewInformation","label":"Peer Review Information (provided by the conference organizers)"}}]}}

Simões

António

Bacelar do Nascimento, M.F., Garcia Marques, M.L., Segura da Cruz, M.L.: Português Fundamental - Métodos e Documentos, Tomo 1, Inquérito de Frequência. INIC, CLUL, Lisboa, 1 edn. (1987)

Teixeira, A., Martins, P., Oliveira, C., Ferreira, C., Silva, A., Shosted, R.: Real-time MRI for Portuguese. In: Caseli, H., Villavicencio, A., Teixeira, A., Perdigão, F. (eds.) PROPOR 2012. LNCS (LNAI), vol. 7243, pp. 306–317. Springer, Heidelberg (2012). https://doi.org/10.1007/978-3-642-28885-2_35
