{"status":"ok","message-type":"work","message-version":"1.0.0","message":{"indexed":{"date-parts":[[2025,9,12]],"date-time":"2025-09-12T18:51:00Z","timestamp":1757703060334},"publisher-location":"Wiesbaden","reference-count":0,"publisher":"Springer Fachmedien Wiesbaden","isbn-type":[{"type":"print","value":"9783658184612"},{"type":"electronic","value":"9783658184629"}],"license":[{"start":{"date-parts":[[2018,1,1]],"date-time":"2018-01-01T00:00:00Z","timestamp":1514764800000},"content-version":"tdm","delay-in-days":0,"URL":"http:\/\/www.springer.com\/tdm"}],"content-domain":{"domain":[],"crossmark-restriction":false},"short-container-title":[],"published-print":{"date-parts":[[2018]]},"DOI":"10.1007\/978-3-658-18462-9","type":"book","created":{"date-parts":[[2017,8,3]],"date-time":"2017-08-03T04:45:34Z","timestamp":1501735534000},"source":"Crossref","is-referenced-by-count":5,"title":["Moving Cities \u2013 Contested Views on Urban Life"],"prefix":"10.1007","member":"297","container-title":[],"original-title":[],"language":"en","link":[{"URL":"http:\/\/link.springer.com\/content\/pdf\/10.1007\/978-3-658-18462-9.pdf","content-type":"application\/pdf","content-version":"vor","intended-application":"text-mining"},{"URL":"http:\/\/link.springer.com\/content\/pdf\/10.1007\/978-3-658-18462-9","content-type":"unspecified","content-version":"vor","intended-application":"similarity-checking"}],"deposited":{"date-parts":[[2020,1,29]],"date-time":"2020-01-29T12:54:48Z","timestamp":1580302488000},"score":1,"resource":{"primary":{"URL":"http:\/\/link.springer.com\/10.1007\/978-3-658-18462-9"}},"subtitle":[],"editor":[{"given":"L\u00edgia","family":"Ferro","sequence":"first","affiliation":[]},{"given":"Marta","family":"Smagacz-Poziemska","sequence":"additional","affiliation":[]},{"given":"M. Victoria","family":"G\u00f3mez","sequence":"additional","affiliation":[]},{"given":"Sebastian","family":"Kurtenbach","sequence":"additional","affiliation":[]},{"given":"Patr\u00edcia","family":"Pereira","sequence":"additional","affiliation":[]},{"given":"Juan Jos\u00e9","family":"Villal\u00f3n","sequence":"additional","affiliation":[]}],"short-title":[],"issued":{"date-parts":[[2018]]},"ISBN":["9783658184612","9783658184629"],"references-count":0,"URL":"https:\/\/doi.org\/10.1007\/978-3-658-18462-9","relation":{},"subject":[],"published":{"date-parts":[[2018]]}}}

Lígia

Gómez

Patrícia

Juan José

Villalón
