{"status":"ok","message-type":"work","message-version":"1.0.0","message":{"indexed":{"date-parts":[[2024,9,8]],"date-time":"2024-09-08T14:14:47Z","timestamp":1725804887416},"publisher-location":"Rotterdam","reference-count":36,"publisher":"SensePublishers","isbn-type":[{"type":"electronic","value":"9789462096509"}],"content-domain":{"domain":[],"crossmark-restriction":false},"short-container-title":[],"published-print":{"date-parts":[[2014]]},"DOI":"10.1007\/978-94-6209-650-9_7","type":"book-chapter","created":{"date-parts":[[2014,9,11]],"date-time":"2014-09-11T17:37:37Z","timestamp":1410457057000},"page":"117-130","source":"Crossref","is-referenced-by-count":0,"title":["For a Systemic Approach to Quality in Education"],"prefix":"10.1007","author":[{"given":"Joana","family":"Freitas-Lu\u00eds","sequence":"first","affiliation":[]},{"given":"Idalina","family":"Martins","sequence":"additional","affiliation":[]},{"given":"Luciana","family":"Mesquita","sequence":"additional","affiliation":[]},{"given":"Nilza","family":"Costa","sequence":"additional","affiliation":[]}],"member":"297","reference":[{"key":"7_CR1","volume-title":"Pedagogia em Creche: da avalia\u00e7\u00e3o da qualidade \u00e0 transforma\u00e7\u00e3o praxiol\u00f3gica [Tese de Doutoramento]","author":"S Ara\u00fajo","year":"2012","unstructured":"Ara\u00fajo, S. (2012). Pedagogia em Creche: da avalia\u00e7\u00e3o da qualidade \u00e0 transforma\u00e7\u00e3o praxiol\u00f3gica [Tese de Doutoramento]. Braga: Universidade do Minho."},{"key":"7_CR2","volume-title":"Introduction: Reframing comparative education: The dialectic of the global and the local. In Arnove, Torres, & Franz, S., (Eds.), Comparative education: The Dialectic of the Global and the Local, (pp. 1\u201325)","author":"RF Arnove","year":"2013","unstructured":"Arnove, R. F. (2013). Introduction: Reframing comparative education: The dialectic of the global and the local. In Arnove, Torres, & Franz, S., (Eds.), Comparative education: The Dialectic of the Global and the Local, (pp. 1\u201325). New York: Rowman & Littlefield."},{"key":"7_CR3","volume-title":"Revelando as aprendizagens das crian\u00e7as: a documenta\u00e7\u00e3o pedag\u00f3gica. [Disserta\u00e7\u00e3o de Mestrado]","author":"A Azevedo","year":"2009","unstructured":"Azevedo, A. (2009). Revelando as aprendizagens das crian\u00e7as: a documenta\u00e7\u00e3o pedag\u00f3gica. [Disserta\u00e7\u00e3o de Mestrado]. Braga: Universidade do Minho."},{"key":"7_CR4","volume-title":"O que \u00e9 a Qualidade em Educa\u00e7\u00e7\u00e3o Pr\u00e9-Escolar? Qualidade e Projecto na Educa\u00e7\u00e3o Pr\u00e9-Escolar (Vol. 3, pp. 42\u201388)","author":"J Bairr\u00e3o","year":"1998","unstructured":"Bairr\u00e3o, J. (1998). O que \u00e9 a Qualidade em Educa\u00e7\u00e7\u00e3o Pr\u00e9-Escolar? Qualidade e Projecto na Educa\u00e7\u00e3o Pr\u00e9-Escolar (Vol. 3, pp. 42\u201388). Lisboa: Minist\u00e9rio da Educa\u00e7\u00e3o."},{"key":"7_CR5","volume-title":"Global trends in educational policy. International Perspectives on Education and Society (Vol. 6)","author":"DP Baker","year":"2005","unstructured":"Baker, D. P., & Wiseman, A. (2005). Global trends in educational policy. International Perspectives on Education and Society (Vol. 6). Amsterdam: Elsevier Science."},{"key":"7_CR6","volume-title":"Manual DQP. Desenvolvendo a qualidade em parcerias","author":"T Bertram","year":"2009","unstructured":"Bertram, T., & Pascal, C. (2009). Manual DQP. Desenvolvendo a qualidade em parcerias. Lisboa: Minist\u00e9rio da Educa\u00e7\u00e3o."},{"key":"7_CR7","doi-asserted-by":"crossref","DOI":"10.4159\/9780674028845","volume-title":"The ecology of human development: Experiments by nature and design","author":"U Bronfenbrenner","year":"1979","unstructured":"Bronfenbrenner, U. (1979). The ecology of human development: Experiments by nature and design. Cambridge: Harvard University Press."},{"key":"7_CR8","first-page":"3","volume-title":"Making Human Beings Human: Bioecological perspectives on human development","author":"U Bronfenbrenner","year":"2005","unstructured":"Bronfenbrenner, U. (2005). The bioecological theory of human development. In U. Bronfenbrenner (Ed.). Making Human Beings Human: Bioecological perspectives on human development (pp. 3\u201315). Thousand Oaks: Sage Publications Company."},{"key":"7_CR9","unstructured":"Decree Law no. 6\/2001 of 18th January. Di\u00e1rio da Rep\u00fablica n.\u00b0 15\/2001 - S\u00e9rie I-A. Minist\u00e9rio da Educa\u00e7\u00e3o. Lisboa."},{"key":"7_CR10","unstructured":"Decree Law no. 43\/2007 of 22nd February. Di\u00e1rio da Rep\u00fablica n.\u00b0 38\/2007 - S\u00e9rie I. Minist\u00e9rio da Educa\u00e7\u00e3o. Lisboa."},{"key":"7_CR11","unstructured":"Decree Law no. 240\/2001 of 30th August. Di\u00e1rio da Rep\u00fablica n.\u00b0 201\/2001 - S\u00e9rie I-A. Minist\u00e9rio da Educa\u00e7\u00e3o. Lisboa."},{"key":"7_CR12","volume-title":"Educa\u00e7\u00e3o e Qualidade","author":"P Demo","year":"2002","unstructured":"Demo, P. (2002). Educa\u00e7\u00e3o e Qualidade (7th ed.). S\u00e3o Paulo: Papirus Editora.","edition":"7"},{"key":"7_CR13","first-page":"14","volume":"95","author":"MA Folque","year":"2012","unstructured":"Folque, M. A. (2012). Desenvolver a Qualidade em parcerias (DQP) - um referencial com potencialidades m\u00faltiplas. Cadernos de Educa\u00e7\u00e3o de Inf\u00e2ncia, 95, 14\u201319.","journal-title":"Cadernos de Educa\u00e7\u00e3o de Inf\u00e2ncia"},{"key":"7_CR14","volume-title":"Modelos curriculares na educa\u00e7\u00e3o b\u00e1sica: Um referencial de qualidade na diversidade Modelos curriculares para a educa\u00e7\u00e3o de inf\u00e2ncia: construindo uma praxis de participa\u00e7\u00e3o (3 actualizada ed","author":"J Formosinho","year":"2007","unstructured":"Formosinho, J. (2007). Modelos curriculares na educa\u00e7\u00e3o b\u00e1sica: Um referencial de qualidade na diversidade Modelos curriculares para a educa\u00e7\u00e3o de inf\u00e2ncia: construindo uma praxis de participa\u00e7\u00e3o (3 actualizada ed., Vol. 1, pp. 9\u201312). Porto: Porto Editora."},{"key":"7_CR15","volume-title":"An\u00f4nimo do s\u00e9culo XX. A constru\u00e7\u00e3o da pedagogia burocr\u00e1tica Pedagogia(s) da Inf\u00e2ncia. Dialogando com o Passado Construindo o Futuro (pp. 293\u2013328)","author":"J Formosinho","year":"2007","unstructured":"Formosinho, J., & Machado, J. (2007). An\u00f4nimo do s\u00e9culo XX. A constru\u00e7\u00e3o da pedagogia burocr\u00e1tica Pedagogia(s) da Inf\u00e2ncia. Dialogando com o Passado Construindo o Futuro (pp. 293\u2013328). Porto Alegre: Artmed Editora."},{"key":"7_CR16","volume-title":"ISO 9000\u20132000","author":"ISO (International Organization for Standardization)","year":"2000","unstructured":"ISO (International Organization for Standardization) (2000). ISO 9000\u20132000. Quality management systems \u2013 Fundamentals and vocabulary. Geneva: ISO."},{"key":"7_CR17","volume-title":"Development in infancy","author":"ME Lamb","year":"2002","unstructured":"Lamb, M. E., Bornstein, M. H., & Teti, D. M. (2002). Development in infancy (4th ed.). Mahwah, NJ: Lawrence Erlbaum Associates.","edition":"4"},{"key":"7_CR18","volume-title":"The leuven involvemente scale for young children. mual and video","author":"F Laevers","year":"1994","unstructured":"Laevers, F. (1994). The leuven involvemente scale for young children. mual and video. Belgium: Katholieke Universiteit Leuven."},{"key":"7_CR19","unstructured":"Monge, M. G. (2009). Da intencionalidade \u00e0 concretiza\u00e7\u00e3o: O contributo formativo da escala do empenhamento do adulto. In Minist\u00e9rio da Educa\u00e7\u00e3o (Ed.), Desenvolvendo a Qualidade em Parcerias (pp. 55\u201378). Lisboa."},{"key":"7_CR20","volume-title":"Para al\u00e9m do problema com qualidade. In M. L. d. A. Machado (Ed.), Encontros e Desencontros em Educa\u00e7\u00e3o Infantil","author":"P Moss","year":"2005","unstructured":"Moss, P. (2005). Para al\u00e9m do problema com qualidade. In M. L. d. A. Machado (Ed.), Encontros e Desencontros em Educa\u00e7\u00e3o Infantil (2nd ed.). S\u00e3o Paulo: Cortez Editora.","edition":"2"},{"key":"7_CR21","unstructured":"Novo, R., & Mesquita-Pires, C. (2009). A Interac\u00e7\u00e3o do adulto com a(s) crian\u00e7a(s). In D. Minist\u00e9rio da Educa\u00e7\u00e3o (Ed.), Desenvolvendo a Qualidade em Parcerias (pp. 125\u2013154). Lisboa."},{"key":"7_CR22","unstructured":"OECD (Organisation for Economic Co-operation and Development) (2013). About PISA. Retrieved September 19th, 2013, from: http:\/\/www.oecd.org\/pisa\/aboutpisa\/"},{"key":"7_CR23","volume-title":"A avalia\u00e7\u00e3o alternativa na educa\u00e7\u00e3o de Inf\u00e2ncia A Supervis\u00e3o na Forma\u00e7\u00e3o de Professores I Da sala \u00e0 Escola (Vol. 7, pp. 144\u2013165)","author":"J Oliveira-Formosinho","year":"2002","unstructured":"Oliveira-Formosinho, J. (2002). A avalia\u00e7\u00e3o alternativa na educa\u00e7\u00e3o de Inf\u00e2ncia A Supervis\u00e3o na Forma\u00e7\u00e3o de Professores I Da sala \u00e0 Escola (Vol. 7, pp. 144\u2013165). Porto: Porto Editora."},{"key":"7_CR24","volume-title":"Pedagogia(s) da Inf\u00e2ncia: Reconstruindo uma pr\u00e1xis de participa\u00e7\u00e3o. In J. Oliveira-Formosinho, T. M. Kishimoto & M. A. Pinazza (Eds.), Pedagogia(s) da Inf\u00e2ncia. Dialogando com o Passado Construindo o Futuro (pp. 13\u201336)","author":"J Oliveira-Formosinho","year":"2007","unstructured":"Oliveira-Formosinho, J. (2007). Pedagogia(s) da Inf\u00e2ncia: Reconstruindo uma pr\u00e1xis de participa\u00e7\u00e3o. In J. Oliveira-Formosinho, T. M. Kishimoto & M. A. Pinazza (Eds.), Pedagogia(s) da Inf\u00e2ncia. Dialogando com o Passado Construindo o Futuro (pp. 13\u201336). Porto Alegre: Artmed Editora."},{"key":"7_CR25","volume-title":"A avalia\u00e7\u00e3o da qualidade como garantia do impacto da provis\u00e3o na educa\u00e7\u00e3o de inf\u00e2ncia. Manual DQP. Desenvolvendo a Qualidade em Parcerias (pp. 9\u201330)","author":"J Oliveira-Formosinho","year":"2009","unstructured":"Oliveira-Formosinho, J. (2009a). A avalia\u00e7\u00e3o da qualidade como garantia do impacto da provis\u00e3o na educa\u00e7\u00e3o de inf\u00e2ncia. Manual DQP. Desenvolvendo a Qualidade em Parcerias (pp. 9\u201330). Lisboa: Minist\u00e9rio da Educa\u00e7\u00e3o."},{"key":"7_CR26","volume-title":"Desenvolvendo a Qualidade em Parcerias: Estudos de caso : Lisboa: Minist\u00e9rio Educa\u00e7\u00e3o","author":"J Oliveira-Formosinho","year":"2009","unstructured":"Oliveira-Formosinho, J. (2009b). Desenvolvendo a Qualidade em Parcerias: Estudos de caso : Lisboa: Minist\u00e9rio Educa\u00e7\u00e3o."},{"key":"7_CR27","unstructured":"Oliveira-Formosinho, J., Andrade, F. F. d., & Gamb\u00f4a, R. (2009). Podiam chamar-se Len\u00e7os de Amor. Lisboa: Minist\u00e9rio da Educa\u00e7\u00e3o (DGIDC)."},{"key":"7_CR28","unstructured":"Oliveira-Formosinho, J., & Ara\u00fajo, S. (2004). O envolvimento da crian\u00e7a na aprendizagem: construindo o direito de participa\u00e7\u00e3o. An\u00e1lise Psicol\u00f3gica, 1 (XXII), 81\u201393."},{"key":"7_CR29","unstructured":"Oliveira-Formosinho, J., Costa, H., & Azevedo, A. (2009). Limoeiros e Laranjeiras. Revelando as aprendizagens. Lisboa: Minist\u00e9rio da Educa\u00e7\u00e3o (DGIDC)."},{"key":"7_CR30","volume-title":"Pedagogy-in-participation: Childhood association Educational Perspective","author":"J Oliveira-Formosinho","year":"2012","unstructured":"Oliveira-Formosinho, J., & Formosinho, J. (2012). Pedagogy-in-participation: Childhood association Educational Perspective. Braga: Research Center on Child Studies of University of Minho."},{"key":"7_CR31","volume-title":"Desenvolvendo a Qualidade em Parcerias. Nove Estudos de Caso","author":"C Pascal","year":"1999","unstructured":"Pascal, C., & Bertram, T. (1999). Desenvolvendo a Qualidade em Parcerias. Nove Estudos de Caso. Porto: Porto Editora."},{"key":"7_CR32","volume-title":"Effective early learning programme. Evaluating and improving Quality in Early Childhood Settings: A Professional Improvement Programme","author":"C Pascal","year":"2001","unstructured":"Pascal, C., & Bertram, T. (2001). Effective early learning programme. Evaluating and improving Quality in Early Childhood Settings: A Professional Improvement Programme (3rd ed.). University College Worcester: Centre for Research in Early Childhood.","edition":"3"},{"key":"7_CR33","volume-title":"A qualidade da escola somos n\u00f3s. In I. S\u00e1-Chaves, (Org.). Forma\u00e7\u00e3o, Conhecimento e Supervis\u00e3o: Contributos nas \u00c1reas da Forma\u00e7\u00e3o de Professores e de Outros Profissionais (pp. 21\u201330)","author":"I S\u00e1-Chaves","year":"2007","unstructured":"S\u00e1-Chaves, I. (2007). A qualidade da escola somos n\u00f3s. In I. S\u00e1-Chaves, (Org.). Forma\u00e7\u00e3o, Conhecimento e Supervis\u00e3o: Contributos nas \u00c1reas da Forma\u00e7\u00e3o de Professores e de Outros Profissionais (pp. 21\u201330). Aveiro: Universidade de Aveiro."},{"key":"7_CR34","unstructured":"The European Higher Education Area (2013). The Bologna Declaration of 19 June 1999. Retrieved November 12th, 2013, from: http:\/\/www.ehea.info\/Uploads\/about\/BOLOGNA_DECLARATION1.pdf"},{"key":"7_CR35","volume-title":"A Educa\u00e7\u00e3o de Inf\u00e2ncia no Cruzamento de Fronteiras","author":"T Vasconcelos","year":"2009","unstructured":"Vasconcelos, T. (2009). A Educa\u00e7\u00e3o de Inf\u00e2ncia no Cruzamento de Fronteiras. Lisboa: Texto Editora."},{"issue":"1","key":"7_CR36","first-page":"111","volume":"6","author":"J Wang","year":"2013","unstructured":"Wang, J. (2013). An assessment of education quality beyond dinner table discussions. International Education Studies, 6 (1), 111\u2013116.","journal-title":"International Education Studies"}],"container-title":["The World Council of Comparative Education Societies","Qualities of Education in a Globalised World"],"original-title":[],"link":[{"URL":"http:\/\/link.springer.com\/content\/pdf\/10.1007\/978-94-6209-650-9_7","content-type":"unspecified","content-version":"vor","intended-application":"similarity-checking"}],"deposited":{"date-parts":[[2024,6,2]],"date-time":"2024-06-02T12:05:42Z","timestamp":1717329942000},"score":1,"resource":{"primary":{"URL":"http:\/\/link.springer.com\/10.1007\/978-94-6209-650-9_7"}},"subtitle":[],"short-title":[],"issued":{"date-parts":[[2014]]},"ISBN":["9789462096509"],"references-count":36,"URL":"https:\/\/doi.org\/10.1007\/978-94-6209-650-9_7","relation":{},"ISSN":["2214-9880","2214-9899"],"issn-type":[{"type":"print","value":"2214-9880"},{"type":"electronic","value":"2214-9899"}],"subject":[],"published":{"date-parts":[[2014]]}}}

Freitas-Luís

Pedagogia em Creche: da avaliação da qualidade à transformação praxiológica [Tese de Doutoramento]

S Araújo

Araújo, S. (2012). Pedagogia em Creche: da avaliação da qualidade à transformação praxiológica [Tese de Doutoramento]. Braga: Universidade do Minho.

Revelando as aprendizagens das crianças: a documentação pedagógica. [Dissertação de Mestrado]

Azevedo, A. (2009). Revelando as aprendizagens das crianças: a documentação pedagógica. [Dissertação de Mestrado]. Braga: Universidade do Minho.

O que é a Qualidade em Educaçção Pré-Escolar? Qualidade e Projecto na Educação Pré-Escolar (Vol. 3, pp. 42–88)

J Bairrão

Bairrão, J. (1998). O que é a Qualidade em Educaçção Pré-Escolar? Qualidade e Projecto na Educação Pré-Escolar (Vol. 3, pp. 42–88). Lisboa: Ministério da Educação.

Bertram, T., & Pascal, C. (2009). Manual DQP. Desenvolvendo a qualidade em parcerias. Lisboa: Ministério da Educação.

Decree Law no. 6/2001 of 18th January. Diário da República n.° 15/2001 - Série I-A. Ministério da Educação. Lisboa.

Decree Law no. 43/2007 of 22nd February. Diário da República n.° 38/2007 - Série I. Ministério da Educação. Lisboa.

Decree Law no. 240/2001 of 30th August. Diário da República n.° 201/2001 - Série I-A. Ministério da Educação. Lisboa.

Educação e Qualidade

Demo, P. (2002). Educação e Qualidade (7th ed.). São Paulo: Papirus Editora.

Folque, M. A. (2012). Desenvolver a Qualidade em parcerias (DQP) - um referencial com potencialidades múltiplas. Cadernos de Educação de Infância, 95, 14–19.

Cadernos de Educação de Infância

Modelos curriculares na educação básica: Um referencial de qualidade na diversidade Modelos curriculares para a educação de infância: construindo uma praxis de participação (3 actualizada ed

Formosinho, J. (2007). Modelos curriculares na educação básica: Um referencial de qualidade na diversidade Modelos curriculares para a educação de infância: construindo uma praxis de participação (3 actualizada ed., Vol. 1, pp. 9–12). Porto: Porto Editora.

Anônimo do século XX. A construção da pedagogia burocrática Pedagogia(s) da Infância. Dialogando com o Passado Construindo o Futuro (pp. 293–328)

Formosinho, J., & Machado, J. (2007). Anônimo do século XX. A construção da pedagogia burocrática Pedagogia(s) da Infância. Dialogando com o Passado Construindo o Futuro (pp. 293–328). Porto Alegre: Artmed Editora.

Monge, M. G. (2009). Da intencionalidade à concretização: O contributo formativo da escala do empenhamento do adulto. In Ministério da Educação (Ed.), Desenvolvendo a Qualidade em Parcerias (pp. 55–78). Lisboa.

Para além do problema com qualidade. In M. L. d. A. Machado (Ed.), Encontros e Desencontros em Educação Infantil

Moss, P. (2005). Para além do problema com qualidade. In M. L. d. A. Machado (Ed.), Encontros e Desencontros em Educação Infantil (2nd ed.). São Paulo: Cortez Editora.

Novo, R., & Mesquita-Pires, C. (2009). A Interacção do adulto com a(s) criança(s). In D. Ministério da Educação (Ed.), Desenvolvendo a Qualidade em Parcerias (pp. 125–154). Lisboa.

A avaliação alternativa na educação de Infância A Supervisão na Formação de Professores I Da sala à Escola (Vol. 7, pp. 144–165)

Oliveira-Formosinho, J. (2002). A avaliação alternativa na educação de Infância A Supervisão na Formação de Professores I Da sala à Escola (Vol. 7, pp. 144–165). Porto: Porto Editora.

Pedagogia(s) da Infância: Reconstruindo uma práxis de participação. In J. Oliveira-Formosinho, T. M. Kishimoto & M. A. Pinazza (Eds.), Pedagogia(s) da Infância. Dialogando com o Passado Construindo o Futuro (pp. 13–36)

Oliveira-Formosinho, J. (2007). Pedagogia(s) da Infância: Reconstruindo uma práxis de participação. In J. Oliveira-Formosinho, T. M. Kishimoto & M. A. Pinazza (Eds.), Pedagogia(s) da Infância. Dialogando com o Passado Construindo o Futuro (pp. 13–36). Porto Alegre: Artmed Editora.

A avaliação da qualidade como garantia do impacto da provisão na educação de infância. Manual DQP. Desenvolvendo a Qualidade em Parcerias (pp. 9–30)

Oliveira-Formosinho, J. (2009a). A avaliação da qualidade como garantia do impacto da provisão na educação de infância. Manual DQP. Desenvolvendo a Qualidade em Parcerias (pp. 9–30). Lisboa: Ministério da Educação.

Desenvolvendo a Qualidade em Parcerias: Estudos de caso : Lisboa: Ministério Educação

Oliveira-Formosinho, J. (2009b). Desenvolvendo a Qualidade em Parcerias: Estudos de caso : Lisboa: Ministério Educação.

Oliveira-Formosinho, J., Andrade, F. F. d., & Gambôa, R. (2009). Podiam chamar-se Lenços de Amor. Lisboa: Ministério da Educação (DGIDC).

Oliveira-Formosinho, J., & Araújo, S. (2004). O envolvimento da criança na aprendizagem: construindo o direito de participação. Análise Psicológica, 1 (XXII), 81–93.

Oliveira-Formosinho, J., Costa, H., & Azevedo, A. (2009). Limoeiros e Laranjeiras. Revelando as aprendizagens. Lisboa: Ministério da Educação (DGIDC).

A qualidade da escola somos nós. In I. Sá-Chaves, (Org.). Formação, Conhecimento e Supervisão: Contributos nas Áreas da Formação de Professores e de Outros Profissionais (pp. 21–30)

I Sá-Chaves

Sá-Chaves, I. (2007). A qualidade da escola somos nós. In I. Sá-Chaves, (Org.). Formação, Conhecimento e Supervisão: Contributos nas Áreas da Formação de Professores e de Outros Profissionais (pp. 21–30). Aveiro: Universidade de Aveiro.

A Educação de Infância no Cruzamento de Fronteiras

Vasconcelos, T. (2009). A Educação de Infância no Cruzamento de Fronteiras. Lisboa: Texto Editora.
