{"status":"ok","message-type":"work","message-version":"1.0.0","message":{"indexed":{"date-parts":[[2025,7,4]],"date-time":"2025-07-04T04:08:26Z","timestamp":1751602106154,"version":"3.41.0"},"publisher-location":"Amsterdam","reference-count":52,"publisher":"John Benjamins Publishing Company","isbn-type":[{"type":"print","value":"9789027211330"},{"type":"electronic","value":"9789027257673"}],"content-domain":{"domain":[],"crossmark-restriction":false},"short-container-title":[],"published-print":{"date-parts":[[2022,8,16]]},"abstract":"<jats:title>Abstract<\/jats:title>\n\t\t\t\t\t<jats:p>The aim of the paper is to sketch a unified account of the denotation of <jats:italic>tal\u00e1n<\/jats:italic> \u2018perhaps\u2019\n\t\t\t\t\t\tin Hungarian, which appears in declaratives and polar interrogatives encoding assertions and questions. It is suggested for\n\t\t\t\t\t\tthe first time that <jats:italic>tal\u00e1n<\/jats:italic> is not only an inferential or conjectural evidential, but also makes reference to\n\t\t\t\t\t\tthe current question under discussion. The account explains some interpretational effects of <jats:italic>tal\u00e1n<\/jats:italic>, including\n\t\t\t\t\t\tthe absence of the \u201cinterrogative flip\u201d or the obligatory rhetorical question readings of polar interrogatives without\n\t\t\t\t\t\tconstituent focus, which are discussed here for the first time.<\/jats:p>","DOI":"10.1075\/slcs.224.13gyu","type":"book-chapter","created":{"date-parts":[[2022,7,27]],"date-time":"2022-07-27T19:49:36Z","timestamp":1658951376000},"page":"355-380","source":"Crossref","is-referenced-by-count":3,"title":["Evidentiality and the QUD"],"prefix":"10.1075","author":[{"given":"Be\u00e1ta","family":"Gyuris","sequence":"first","affiliation":[{"id":[{"id":"https:\/\/ror.org\/01jsq2704","id-type":"ROR","asserted-by":"publisher"}],"name":"Hungarian Research Centre"},{"id":[{"id":"https:\/\/ror.org\/01jsq2704","id-type":"ROR","asserted-by":"publisher"}],"name":"E\u00f6tv\u00f6s Lor\u00e1nd University"}]}],"member":"1757","published-online":{"date-parts":[[2022,7,27]]},"reference":[{"key":"CIT0669","doi-asserted-by":"publisher","DOI":"10.1002\/9781444304176"},{"key":"CIT0670","first-page":"317","article-title":"Adverbs of Quantification, It-Clefts and Hungarian Focus","volume-title":"Adverbs and Adverbial Adjuncts at the Interfaces","author":"Bende-Farkas","year":"2007"},{"key":"CIT0671","doi-asserted-by":"publisher","DOI":"10.1023\/A:1025887707652"},{"volume-title":"Grammatikaliz\u00e1ci\u00f3","year":"2008","author":"D\u00e9r","key":"CIT0672"},{"key":"CIT0673","article-title":"Particles and Strategies","author":"Eckardt","year":"2004","journal-title":"Talk, Zentrum f\u00fcr Allgemeine Sprachwissenschaft"},{"key":"CIT0674","first-page":"121","article-title":"Evidentials and Questions","volume-title":"Empirical Issues in Syntax and Semantics 12","author":"Eckardt","year":"2019"},{"key":"CIT0675","doi-asserted-by":"publisher","DOI":"10.3765\/sp.13.9"},{"key":"CIT0676","doi-asserted-by":"publisher","DOI":"10.1353\/lan.1998.0211"},{"key":"CIT0677","doi-asserted-by":"publisher","DOI":"10.1017\/CBO9780511755088"},{"key":"CIT0678","first-page":"169","article-title":"Focussing as Predication","volume-title":"The Architecture of Focus","author":"\u00c9. Kiss","year":"2006"},{"volume-title":"Semantics and Pragmatics of Evidentials in Cuzco Quechua","year":"2002","author":"Faller","key":"CIT0679"},{"key":"CIT0687","doi-asserted-by":"publisher","DOI":"10.1556\/ALing.59.2012.4.1"},{"volume-title":"Studies on the Semantics of Questions and the Pragmatics of Answers","year":"1984","author":"Groenendijk","key":"CIT0680"},{"volume-title":"True to Form. Rising and Falling Declaratives as Questions in English","year":"2003","author":"Gunlogson","key":"CIT0681"},{"key":"CIT0682","doi-asserted-by":"publisher","DOI":"10.1093\/acprof:oso\/9780198723820.001.0001"},{"key":"CIT0683","doi-asserted-by":"publisher","DOI":"10.5334\/gjgl.347"},{"key":"CIT0684","doi-asserted-by":"publisher","DOI":"10.1515\/9783110261608.159"},{"key":"CIT0685","doi-asserted-by":"publisher","DOI":"10.1163\/18773109-00000003"},{"key":"CIT0686","first-page":"247","article-title":"Thoughts on the Semantics and Pragmatics of Rising Declaratives in English and Rise-Fall Declaratives in Hungarian","volume-title":"K + K = 120. Papers Dedicated to L\u00e1szl\u00f3 K\u00e1lm\u00e1n and Andr\u00e1s Kornai on the Occasion of Their 60th Birthdays","author":"Gyuris","year":"2019"},{"key":"CIT0688","first-page":"41","article-title":"Questions in Montague English","volume":"10","author":"Hamblin","year":"1973","journal-title":"Foundations of Language"},{"key":"CIT0689","doi-asserted-by":"publisher","DOI":"10.1075\/la.101.07hor"},{"key":"CIT0690","first-page":"13","article-title":"Word Order in Neutral Sentences","volume-title":"Approaches to Hungarian, Vol. 1","author":"K\u00e1lm\u00e1n","year":"1985"},{"volume-title":"Magyar le\u00edr\u00f3 nyelvtan. I. Mondattan","year":"2001","author":"K\u00e1lm\u00e1n","key":"CIT0691"},{"key":"CIT0692","first-page":"105","article-title":"Logikus-e a magyar sz\u00f3rend?","volume":"XVII","author":"Kenesei","year":"1989","journal-title":"\u00c1ltal\u00e1nos Nyelv\u00e9szeti Tanulm\u00e1nyok"},{"key":"CIT0693","doi-asserted-by":"crossref","first-page":"275","DOI":"10.1163\/9789004373174_005","article-title":"Subordinate Clauses","volume-title":"The Syntactic Structure of Hungarian","author":"Kenesei","year":"1994"},{"issue":"1\u20134","key":"CIT0694","first-page":"147","article-title":"What Is Possible in Hungarian?","volume":"31","author":"Kiefer","year":"1981","journal-title":"Acta Linguistica Academiae Scientiarum Hungaricae"},{"key":"CIT0695","first-page":"107","article-title":"Modal Particles as Discourse Markers in Questions","volume":"38","author":"Kiefer","year":"1988","journal-title":"Acta Linguistica Hungarica"},{"volume-title":"Lehet\u0151s\u00e9g \u00e9s sz\u00fcks\u00e9gszer\u0171s\u00e9g. Tanulm\u00e1nyok a nyelvi modalit\u00e1s k\u00f6r\u00e9b\u0151l","year":"2005","author":"Kiefer","key":"CIT0696"},{"key":"CIT0697","doi-asserted-by":"publisher","DOI":"10.1515\/9783110572261-013"},{"volume-title":"A m\u00f3dos\u00edt\u00f3sz\u00f3k funkci\u00f3i","year":"2003","author":"Kugler","key":"CIT0698"},{"key":"CIT0699","first-page":"269","article-title":"Az episztemikus modalit\u00e1st \u00e9s evidencialit\u00e1st jel\u00f6l\u0151 m\u00f3dos\u00edt\u00f3sz\u00f3k funkci\u00f3i \u00e9s a hozz\u00e1juk kapcsol\u00f3d\u00f3 m\u0171veletek","volume-title":"\u00c1ltal\u00e1nos Nyelv\u00e9szeti Tanulm\u00e1nyok XXII. Tanulm\u00e1nyok a funkcion\u00e1lis nyelv\u00e9szet k\u00f6r\u00e9b\u0151l","author":"Kugler","year":"2008"},{"key":"CIT0700","doi-asserted-by":"publisher","DOI":"10.1556\/ALing.57.2010.1.4"},{"volume-title":"Intonational Phonology","year":"1996","author":"Ladd","key":"CIT0701"},{"key":"CIT0702","first-page":"419","article-title":"Evidentials in Interrogatives","volume-title":"Proceedings of Sinn und Bedeutung","author":"Lim","year":"2011"},{"volume-title":"The Logic of Conventional Implicatures","year":"2005","author":"Potts","key":"CIT0703"},{"key":"CIT0704","doi-asserted-by":"publisher","DOI":"10.1515\/TL.2007.011"},{"volume-title":"Association with Focus","year":"1985","author":"Rooth","key":"CIT0705"},{"key":"CIT0706","doi-asserted-by":"publisher","DOI":"10.1007\/BF02342617"},{"key":"CIT0707","first-page":"1","article-title":"Information Structure in Discourse: Towards an Integrated Formal Theory of Pragmatics","volume":"6","author":"Roberts","year":"2012","journal-title":"Semantics and Pragmatics"},{"key":"CIT0708","doi-asserted-by":"publisher","DOI":"10.3765\/sp.5.7"},{"key":"CIT0709a","doi-asserted-by":"publisher","DOI":"10.1093\/oso\/9780198738831.003.0012"},{"key":"CIT0709","doi-asserted-by":"publisher","DOI":"10.1016\/j.lingua.2014.11.003"},{"volume-title":"Scottish Gaelic Clefts: Syntax, Semantics and Pragmatics","year":"2016","author":"Sheil","key":"CIT0710"},{"key":"CIT0711","doi-asserted-by":"publisher","DOI":"10.1075\/la.57.15spe"},{"key":"CIT0712","first-page":"315","article-title":"Assertion","volume-title":"Syntax and Semantics 9: Pragmatics","author":"Stalnaker","year":"1978"},{"key":"CIT0713","first-page":"40","article-title":"The Semantics and Pragmatics of Modal Adverbs: Grammaticalization and (Inter)Subjectification of Perhaps","volume":"205","author":"Suzuki","year":"2018","journal-title":"Journal of Pragmatics"},{"key":"CIT0714","first-page":"171","article-title":"All Quantifiers Are Not Equal: The Case of Focus","volume":"42","author":"Szabolcsi","year":"1994","journal-title":"Acta Linguistica Hungarica"},{"key":"CIT0715a","doi-asserted-by":"publisher","DOI":"10.1515\/tlir.2003.002"},{"key":"CIT0715","article-title":"The Interpretation of Free Focus","volume-title":"ILLC Prepublication Series","author":"van Leusen","year":"1993"},{"key":"CIT0716","first-page":"1","article-title":"Boundary Tones and the Lack of Intermediate Phrase in Hungarian (Revisiting the Hungarian Calling Contour)","volume-title":"The Even Yearbook","author":"Varga","year":"2010"},{"key":"CIT0717","first-page":"86","article-title":"Question-Based Models of Information Structure","volume-title":"The Oxford Handbook of Information Structure","author":"Velleman","year":"2016"},{"key":"CIT0718","first-page":"208","article-title":"Discourse Particles in the Left Periphery","volume-title":"Dislocated Elements in Discourse","author":"Zimmermann","year":"2008"}],"container-title":["Studies in Language Companion Series","Particles in German, English and Beyond"],"original-title":[],"language":"en","deposited":{"date-parts":[[2025,7,3]],"date-time":"2025-07-03T15:01:40Z","timestamp":1751554900000},"score":1,"resource":{"primary":{"URL":"https:\/\/benjamins.com\/catalog\/slcs.224.13gyu"},"secondary":[{"URL":"https:\/\/www.degruyter.com\/document\/doi\/10.1075\/slcs.224.13gyu\/html","label":"DeGruyter"}]},"subtitle":["A study of <i>tal\u00e1n<\/i> \u2018perhaps\u2019 in Hungarian declaratives and interrogatives"],"short-title":[],"issued":{"date-parts":[[2022,7,27]]},"ISBN":["9789027211330","9789027257673"],"references-count":52,"URL":"https:\/\/doi.org\/10.1075\/slcs.224.13gyu","archive":["Portico"],"relation":{},"ISSN":["0165-7763"],"issn-type":[{"type":"print","value":"0165-7763"}],"subject":[],"published":{"date-parts":[[2022,7,27]]}}}

<jats:title>Abstract</jats:title>
					<jats:p>The aim of the paper is to sketch a unified account of the denotation of <jats:italic>talán</jats:italic> ‘perhaps’
						in Hungarian, which appears in declaratives and polar interrogatives encoding assertions and questions. It is suggested for
						the first time that <jats:italic>talán</jats:italic> is not only an inferential or conjectural evidential, but also makes reference to
						the current question under discussion. The account explains some interpretational effects of <jats:italic>talán</jats:italic>, including
						the absence of the “interrogative flip” or the obligatory rhetorical question readings of polar interrogatives without
						constituent focus, which are discussed here for the first time.</jats:p>

Beáta

Eötvös Loránd University

Grammatikalizáció

Dér

Talk, Zentrum für Allgemeine Sprachwissenschaft

É. Kiss

K + K = 120. Papers Dedicated to László Kálmán and András Kornai on the Occasion of Their 60th Birthdays

Kálmán

Magyar leíró nyelvtan. I. Mondattan

Logikus-e a magyar szórend?

Általános Nyelvészeti Tanulmányok

Lehetőség és szükségszerűség. Tanulmányok a nyelvi modalitás köréből

A módosítószók funkciói

Az episztemikus modalitást és evidencialitást jelölő módosítószók funkciói és a hozzájuk kapcsolódó műveletek

Általános Nyelvészeti Tanulmányok XXII. Tanulmányok a funkcionális nyelvészet köréből

A study of <i>talán</i> ‘perhaps’ in Hungarian declaratives and interrogatives
