{"status":"ok","message-type":"work","message-version":"1.0.0","message":{"indexed":{"date-parts":[[2025,7,4]],"date-time":"2025-07-04T04:09:30Z","timestamp":1751602170499,"version":"3.41.0"},"publisher-location":"Amsterdam","reference-count":53,"publisher":"John Benjamins Publishing Company","isbn-type":[{"type":"print","value":"9789027210159"},{"type":"electronic","value":"9789027258274"}],"content-domain":{"domain":[],"crossmark-restriction":false},"short-container-title":[],"published-print":{"date-parts":[[2022,1,21]]},"abstract":"<jats:title>Abstract<\/jats:title>\n<jats:p>International and internal mobility can result in both linguistic diversity and forced migration due to intended homogenisation efforts (e.g. \u201cethnic unmixing\u201d in the successor states of former Yugoslavia). International minority rights instruments scarcely address the questions of mobility and multilingualism. Vojvodina is expected to be a multilingual region in Serbia, an EU-candidate state, according to the laws on language use. Recent migratory trends in Vojvodina\u00a0\u2013 within Serbia and from Serbia to Hungary and other EU states\u00a0\u2013 have changed the \u201cidentity landscape\u201d of a region that possesses deeply anchored multinational\u2013multilingual traditions. An important question, therefore, is how existing legal provisions on language rights could offer protection to minority language speakers. International actors also promote the respect for and protection of minority language rights, reflected in the broad political and normative commitments made by Serbia within the context of EU-accession process. However, this political objective is often not achieved, a frequently observed obstacle being that local authorities see any attempt at implementing those language rights more as a burden than an opportunity. This chapter addresses questions such as: How is the legal framework implemented in practice (<jats:italic>de iure<\/jats:italic> vs. <jats:italic>de facto<\/jats:italic> use of minority languages)? What influence may international norms have on language rights regime? What influence do kin-state policies have?<\/jats:p>","DOI":"10.1075\/wlp.9.05dob","type":"book-chapter","created":{"date-parts":[[2022,1,3]],"date-time":"2022-01-03T10:45:26Z","timestamp":1641206726000},"page":"87-108","source":"Crossref","is-referenced-by-count":0,"title":["Inclusion and mobility in the multilingual region of Vojvodina"],"prefix":"10.1075","author":[{"given":"Edg\u00e1r","family":"Dobos","sequence":"first","affiliation":[{"id":[{"id":"https:\/\/ror.org\/05q8jhf15","id-type":"ROR","asserted-by":"publisher"}],"name":"Institute for Minority Studies (Budapest)"}]},{"ORCID":"https:\/\/orcid.org\/0000-0003-2870-3456","authenticated-orcid":true,"given":"No\u00e9mi","family":"Nagy","sequence":"additional","affiliation":[{"id":[{"id":"https:\/\/ror.org\/037b5pv06","id-type":"ROR","asserted-by":"publisher"}],"name":"University of Public Service (Budapest)"}]},{"ORCID":"https:\/\/orcid.org\/0000-0003-0764-088X","authenticated-orcid":true,"given":"Bal\u00e1zs","family":"Vizi","sequence":"additional","affiliation":[{"id":[{"id":"https:\/\/ror.org\/05q8jhf15","id-type":"ROR","asserted-by":"publisher"}],"name":"Institute for Minority Studies (Budapest)"}]}],"member":"1757","published-online":{"date-parts":[[2022,1,3]]},"reference":[{"key":"CIT0150","first-page":"130","article-title":"\u00c1tlagos \u00e1ll\u00edt\u00e1sok a magyar etnopolitik\u00e1ban","volume-title":"Hegymenet. T\u00e1rsadalmi \u00e9s politikai kih\u00edv\u00e1sok Magyarorsz\u00e1gon","author":"B\u00e1rdi","year":"2017"},{"key":"CIT0152","first-page":"247","article-title":"Fragile Autonomy Arrangements in the Republic of Serbia: The Territorial Autonomy of Vojvodina and the National Minority Councils","volume-title":"Autonomy Arrangements around the World: A Collection of Well and Lesser Known Cases","author":"Beretka","year":"2014"},{"key":"CIT0153","doi-asserted-by":"publisher","DOI":"10.1163\/15718115-02304007"},{"key":"CIT0154","article-title":"The national councils of national minorities in the Republic of Serbia","volume-title":"Online Compendium Autonomy Arrangements in the World 2016","author":"Beretka","year":"2016"},{"key":"CIT0157","doi-asserted-by":"publisher","DOI":"10.1017\/CBO9780511558764"},{"issue":"4","key":"CIT0159","first-page":"5","article-title":"Minority Inclusion in Central and Eastern Europe: Changes and Continuities in the European Framework","volume":"3","author":"Cserg\u0151","year":"2017","journal-title":"Intersections"},{"key":"CIT0160","doi-asserted-by":"publisher","DOI":"10.9783\/9780812208276.210"},{"key":"CIT0161","doi-asserted-by":"crossref","first-page":"181","DOI":"10.1515\/9789633861356-010","article-title":"E mos shikjoni kish e xhamija (And Look Not to Church and Mosque): How Albania and Macedonia Illuminate Bosnia and Bulgaria","volume-title":"Beyond Mosque, Church, and State. Alternative Narratives of the Nation in the Balkans","author":"Friedman","year":"2016"},{"key":"CIT0162a","doi-asserted-by":"publisher","DOI":"10.1057\/9780230359222"},{"volume-title":"European Strategy for Multilingualism: Benefits and Costs","year":"2016","author":"Gazzola","key":"CIT0162b"},{"key":"CIT0162","first-page":"28","article-title":"Using territoriality to support genuine linguistic diversity, not to get rid of it","volume-title":"The Linguistic Territoriality Principle: Right Violation or Parity of Esteem?","author":"Grin","year":"2011"},{"key":"CIT0163","doi-asserted-by":"publisher","DOI":"10.1086\/230453"},{"key":"CIT0165","doi-asserted-by":"crossref","first-page":"1","DOI":"10.1515\/9789633865217-006","article-title":"Introduction: Conceptualising and Implementing Linguistic Human Rights","volume-title":"Language: A Right and a Resource. Approaching Linguistic Human Rights","author":"Kontra","year":"1999"},{"key":"CIT0166","doi-asserted-by":"publisher","DOI":"10.1080\/00905992.2012.743515"},{"key":"CIT0167","doi-asserted-by":"publisher","DOI":"10.1017\/CBO9780511491993"},{"key":"CIT0168","doi-asserted-by":"publisher","DOI":"10.1075\/wlp.6"},{"volume-title":"Politics in the Vernacular","year":"2008","author":"Kymlicka","key":"CIT0169a"},{"volume-title":"Can Liberal Pluralism Be Exported? Western Political Theory and Ethnic Relations in Eastern Europe","year":"2001","author":"Kymlicka","key":"CIT0169"},{"key":"CIT0171","doi-asserted-by":"publisher","DOI":"10.9783\/9780812208276.341"},{"key":"CIT0173","first-page":"247","article-title":"Language rights as a sine qua non of democracy\u00a0\u2013 a comparative overview of the jurisprudence of the European Court of Human Rights and the Court of Justice of the European Union","volume":"2","author":"Nagy","year":"2018","journal-title":"Central and Eastern European Legal Studies"},{"key":"CIT0174a","doi-asserted-by":"publisher","DOI":"10.1111\/j.1467-9760.2008.00321.x"},{"key":"CIT0174","doi-asserted-by":"publisher","DOI":"10.1007\/978-3-319-52467-2"},{"issue":"2","key":"CIT0176","first-page":"585","article-title":"By the rivers of Babylon: Multiculturalism in vivo in Vojvodina\/Vajdas\u00e1g","volume":"13","author":"R\u00e1cz","year":"2012","journal-title":"Jezikoslovlje"},{"key":"CIT0178","doi-asserted-by":"publisher","DOI":"10.1080\/14718800208405119"},{"key":"CIT0180","doi-asserted-by":"publisher","DOI":"10.1080\/17449057.2014.991151"},{"key":"CIT0181","first-page":"69","article-title":"A kisebbs\u00e9gi nyelvi jogok a Vajdas\u00e1gban\u00a0\u2013 a jog \u00e9s a val\u00f3s\u00e1g","volume":"3","author":"Szerbhorv\u00e1th","year":"2015","journal-title":"Pro Minoritate"},{"key":"CIT0182","doi-asserted-by":"publisher","DOI":"10.17649\/TET.27.2.2516"},{"volume-title":"The Western Question in Greece and Turkey. A Study in the Contact of Civilisations","year":"1992","author":"Toynbee","key":"CIT0184"},{"volume-title":"Beyond International Conditionality: Local Variations of Minority Representation in Central and South-Eastern Europe","year":"2017","author":"Vizi","key":"CIT0185"},{"key":"CIT0186","doi-asserted-by":"publisher","DOI":"10.1111\/j.1469-8129.2011.00517.x"},{"journal-title":"Akcioni plan za ostvarivanje prava nacionalnih manjina","year":"2016","author":"Akcioni plan","key":"CIT0187"},{"volume-title":"Jezici i pisma u slu\u017ebenoj upotrebi u statutima gradova i op\u0161tina na teritoriji AP Vojvodine","year":"2017","author":"Autonomna Pokrajina Vojvodina (APV)","key":"CIT0188"},{"volume-title":"Promoting Language Learning and Linguistic Diversity: An Action Plan 2004\u00a0\u2013 2006","author":"Communication from the Commission to the European Parliament, the Council, the European Economic and Social Committee and the Committee of the Regions","key":"CIT0189"},{"volume-title":"An Inventory of Community actions in the field of multilingualism\u00a0\u2013 2011 update","author":"Communication from the Commission to the European Parliament, the Council, the European Economic and Social Committee and the Committee of the Regions","key":"CIT0190"},{"volume-title":"Regional and minority languages in Europe today","year":"2017","author":"Congress of Local and Regional Authorities","key":"CIT0191"},{"key":"CIT0192","article-title":"Official Gazette of the Republic of Serbia, No. 98\/2006","author":"Constitution of Serbia","year":"2006","journal-title":"The Constitution of the Republic of Serbia"},{"volume-title":"Application of the Charter in Serbia. Report of the Expert Committee on the Charter","year":"2009","author":"ECMRL ExCom","key":"CIT0193"},{"volume-title":"Explanatory Report to the European Charter for Regional or Minority Languages","year":"1992","author":"ECRML","key":"CIT0194"},{"journal-title":"The Framework Convention: a key tool to managing diversity through minority rights. Thematic Commentary no. 4, The Scope of Application of the Framework Convention for the Protection of National Minorities","year":"2016","author":"FCNM Advisory Committee","key":"CIT0195"},{"volume-title":"Ethnic map of Vojvodina (2011)","year":"2014","author":"L\u00e9phaft","key":"CIT0209"},{"journal-title":"Second Periodic Report","year":"2017","author":"Mobility and inclusion in multilingual Europe (MIME)","key":"CIT0196"},{"issue":"11","key":"CIT0197","author":"Official Gazette of the Federative Republic of Yugoslavia","year":"2002","journal-title":"Law on the Protection of Rights and Freedoms of National Minorities"},{"journal-title":"Law on determination of the competencies of the Autonomous Province of Vojvodina","year":"2009","author":"Official Gazette of the Republic of Serbia","key":"CIT0198"},{"journal-title":"Provincial Assembly Decision on Detailed Regulation of Some Issues Concerning Official Use of Language and Script of National Minorities in the Territory of the Autonomous Province of Vojvodina","year":"2012","author":"Official Gazette of the Autonomous Province of Vojvodina","key":"CIT0199"},{"journal-title":"Decision of the Constitutional Court of the Republic of Serbia, No. IUz-353\/2009","year":"2012","author":"Official Gazette of the Republic of Serbia","key":"CIT0200"},{"volume-title":"Regular Annual Report of the Protector of Citizens for 2015","year":"2016","author":"Ombudsman","key":"CIT0201"},{"volume-title":"The Hague Recommendations Regarding the Education Rights of National Minorities & Explanatory Note","year":"1996","author":"OSCE HCNM","key":"CIT0202"},{"volume-title":"The Ljubljana Guidelines on Integration of Diverse Societies & Explanatory Note","year":"2012","author":"OSCE HCNM","key":"CIT0203"},{"key":"CIT0204","article-title":"Protector of Citizens\u00a0\u2013 Ombudsman of the Autonomous Province of Vojvodina","volume-title":"Poznavanje jezika i pisama nacionalnih manjina koji su u ravnopravnoj slu\u017ebenoj upotrebi u organima pokrajinske uprave","author":"Pokrajinski za\u0161titnik gra\u0111ana","year":"2015"},{"article-title":"Republi\u010dki zavod za statistiku","volume-title":"Popis stanovni\u0161tva, doma\u0107instava i stanova 2011. u Republici Srbiji","year":"2012","key":"CIT0205"},{"journal-title":"Zakon o slu\u017ebenoj upotrebi jezika i pisama","year":"2010","author":"Slu\u017ebeni glasnik RS","key":"CIT0206"},{"journal-title":"Official Journal C 326, 26\/10\/2012 P. 0001\u00a0\u2013 0390","author":"Treaty on the European Union","key":"CIT0207"},{"volume-title":"Report on the Preferential Treatment of National Minorities by their Kin-State","year":"2001","author":"Venice Commission","key":"CIT0208"}],"container-title":["Studies in World Language Problems","Advances in Interdisciplinary Language Policy"],"original-title":[],"language":"en","deposited":{"date-parts":[[2025,7,3]],"date-time":"2025-07-03T16:09:03Z","timestamp":1751558943000},"score":1,"resource":{"primary":{"URL":"https:\/\/benjamins.com\/catalog\/wlp.9.05dob"},"secondary":[{"URL":"https:\/\/www.degruyter.com\/document\/doi\/10.1075\/wlp.9.05dob\/html","label":"DeGruyter"}]},"subtitle":["At the intersection of international minority rights law, state policies and local realities"],"short-title":[],"issued":{"date-parts":[[2022,1,3]]},"ISBN":["9789027210159","9789027258274"],"references-count":53,"URL":"https:\/\/doi.org\/10.1075\/wlp.9.05dob","archive":["Portico"],"relation":{},"ISSN":["1572-1183"],"issn-type":[{"type":"print","value":"1572-1183"}],"subject":[],"published":{"date-parts":[[2022,1,3]]}}}

Edgár

Noémi

Balázs

Átlagos állítások a magyar etnopolitikában

Hegymenet. Társadalmi és politikai kihívások Magyarországon

Bárdi

Csergő

By the rivers of Babylon: Multiculturalism in vivo in Vojvodina/Vajdaság

Rácz

A kisebbségi nyelvi jogok a Vajdaságban – a jog és a valóság

Szerbhorváth

Jezici i pisma u službenoj upotrebi u statutima gradova i opština na teritoriji AP Vojvodine

Léphaft

Poznavanje jezika i pisama nacionalnih manjina koji su u ravnopravnoj službenoj upotrebi u organima pokrajinske uprave

Pokrajinski zaštitnik građana

Republički zavod za statistiku

Popis stanovništva, domaćinstava i stanova 2011. u Republici Srbiji

Zakon o službenoj upotrebi jezika i pisama

Službeni glasnik RS
