{"status":"ok","message-type":"work","message-version":"1.0.0","message":{"indexed":{"date-parts":[[2025,12,29]],"date-time":"2025-12-29T19:08:44Z","timestamp":1767035324104,"version":"3.48.0"},"reference-count":24,"publisher":"Emerald Publishing Limited","isbn-type":[{"type":"print","value":"9781803827025"},{"type":"electronic","value":"9781803827018"},{"type":"electronic","value":"9781803827032"}],"license":[{"start":{"date-parts":[[2023,11,29]],"date-time":"2023-11-29T00:00:00Z","timestamp":1701216000000},"content-version":"unspecified","delay-in-days":0,"URL":"https:\/\/creativecommons.org\/licenses\/by\/4.0\/"}],"content-domain":{"domain":[],"crossmark-restriction":false},"short-container-title":[],"published-print":{"date-parts":[[2023,11,29]]},"abstract":"<jats:title>Abstract<\/jats:title>\n                  <jats:p>This chapter addresses the profession of research management and administration (RMA) in Portugal. It starts with a brief outline of the national research and innovation (R&amp;I) ecosystem that contextualises the development of the profession. The RMA community is characterised and the expectations for the future of the RMA profession are summarised using data collected through a national online survey. It is posited that RMA in Portugal is an emergent career having developed key traits of a profession, namely common interests and practices, a concern with deepening specialised knowledge and skills, the existence of an organised network of practitioners, the offer of academic qualifications and training in the area, and the integration in international RMA communities of practice. Nevertheless, future developments in the European Research Area (ERA) are identified as a critical milestone that will influence the development and formal legislative institutionalisation of the RMA profession in Portugal.<\/jats:p>","DOI":"10.1108\/978-1-80382-701-820231071","type":"book-chapter","created":{"date-parts":[[2023,11,9]],"date-time":"2023-11-09T10:18:06Z","timestamp":1699525086000},"page":"735-744","source":"Crossref","is-referenced-by-count":2,"title":["The Profession of Research Management and Administration in Portugal"],"prefix":"10.1108","author":[{"given":"Cl\u00e1udia","family":"Barbosa","sequence":"first","affiliation":[{"name":"0000-0002-1863-3485, Instituto de Telecomunica\u00e7\u00f5es (IT) & DIGIMEDIA, Departamento de Comunica\u00e7\u00e3o e Arte, Universidade de Aveiro, Aveiro, Portugal; Investigation, Methodology, Visualization, Writing \u2013 original draft, Writing \u2013 review & editing"}]},{"given":"Filipa","family":"Borrego","sequence":"additional","affiliation":[{"name":"0000-0002-2411-2264, Polytechnic Institute of Porto, Porto, Portugal; Conceptualization, Investigation, Writing \u2013 original draft, Writing \u2013 review & editing"}]},{"given":"Teresa","family":"Costa","sequence":"additional","affiliation":[{"name":"0000-0001-6724-6126, Nova School of Business and Economics (Nova SBE), Universidade NOVA de Lisboa, Carcavelos, Portugal; Conceptualization, Resources, Investigation, Methodology, Writing \u2013 review & editing"}]},{"given":"Ana","family":"Ferreira","sequence":"additional","affiliation":[{"name":"0000-0002-9171-6068, CICS.NOVA, Faculty of Social Sciences and Humanities (NOVA FCSH), Universidade NOVA de Lisboa, Lisboa, Portugal; Formal analysis; Validation; Writing \u2013 original draft, Writing \u2013 review & editing"}]},{"given":"Madalena","family":"Martins","sequence":"additional","affiliation":[{"name":"0000-0001-8360-6806, Instituto de Tecnologia Qu\u00edmica e Biol\u00f3gica Ant\u00f3nio Xavier (ITQB NOVA), Universidade NOVA de Lisboa, Oeiras, Portugal; Conceptualization, Resources, Investigation, Methodology, Writing \u2013 original draft, Writing \u2013 review & editing"}]},{"given":"Susana","family":"Moreira","sequence":"additional","affiliation":[{"name":"0000-0003-1204-8282, Interdisciplinary Centre of Marine and Environmental Research (CIIMAR) & University of Porto, Matosinhos, Portugal; Conceptualization, Writing \u2013 original draft, Writing \u2013 review & editing"}]},{"given":"Jos\u00e9 M. R. C. A.","family":"Santos","sequence":"additional","affiliation":[{"name":"0000-0003-2103-4085, Instituto Polit\u00e9cnico de Bragan\u00e7a, Campus de Santa Apol\u00f3nia, Bragan\u00e7a, Portugal; Conceptualization, Investigation, Methodology, Visualization, Writing \u2013 original draft, Writing \u2013 review & editing"}]},{"given":"Jos\u00e9 Avelino","family":"Silva","sequence":"additional","affiliation":[{"name":"0000-0001-8055-8925, Faculty of Engineering of the University of Porto, University of Porto, Porto, Portugal; Conceptualization, Resources, Investigation, Methodology, Writing \u2013 original draft, Writing \u2013 review & editing"}]}],"member":"140","reference":[{"issue":"1","key":"2025122911530823600_i978-1-80382-701-820231071_79.bib-1","doi-asserted-by":"publisher","first-page":"19","DOI":"10.1080\/13603108.2018.1543215","article-title":"The interface of science: The case for a broader definition of research management","volume":"24","author":"Agostinho","year":"2018","journal-title":"Perspectives: Policy and Practice in Higher Education"},{"key":"2025122911530823600_i978-1-80382-701-820231071_79.bib-2","unstructured":"ANI. (n.d.). Evaluation CTIs. Retrieved October 26, 2022, from https:\/\/www.ani.pt\/pt\/valorizacao-do-conhecimento\/interface\/cti-centros-de-tecnologia-e-inova%C3%A7%C3%A3o\/"},{"key":"2025122911530823600_i978-1-80382-701-820231071_79.bib-3","unstructured":"ANI, FCT, PI. (2021). Presentation of collaborative laboratories. CoLABs. Retrieved October 26, 2022, from https:\/\/www.ani.pt\/media\/7080\/en_brochura_colab_2022.pdf"},{"issue":"3","key":"2025122911530823600_i978-1-80382-701-820231071_79.bib-4","doi-asserted-by":"publisher","first-page":"258","DOI":"10.1111\/ejed.12132","article-title":"Living the neo-liberal university","volume":"50","author":"Ball","year":"2015","journal-title":"European Journal of Education"},{"issue":"1","key":"2025122911530823600_i978-1-80382-701-820231071_79.bib-5","doi-asserted-by":"publisher","first-page":"72","DOI":"10.4085\/1062-6050-209-16","article-title":"Validation of the professional identity and values scale among an Athletic Trainer Population","volume":"53","author":"Eason","year":"2018","journal-title":"Journal of Athletic Training"},{"key":"2025122911530823600_i978-1-80382-701-820231071_79.bib-6","unstructured":"European Commission. (2022d). Research and development (database). Retrieved October 25, 2022, from https:\/\/ec.europa.eu\/eurostat\/data\/database"},{"key":"2025122911530823600_i978-1-80382-701-820231071_79.bib-7","unstructured":"FCT. (2019). Evaluation LAs. Retrieved October 26, 2022, from https:\/\/www.fct.pt\/apoios\/unidades\/avaliacoes\/docs\/LA_ResultadosProvisorios.xlsx"},{"key":"2025122911530823600_i978-1-80382-701-820231071_79.bib-8","unstructured":"FCT. (2021). Evaluation units. Retrieved October 26, 2022, from https:\/\/www.fct.pt\/apoios\/unidades\/avaliacoes\/2017\/docs\/Avaliacao_UnidadesI&D2017_2018_Resultados_finais.xlsx"},{"key":"2025122911530823600_i978-1-80382-701-820231071_79.bib-9","doi-asserted-by":"publisher","first-page":"79","DOI":"10.4324\/9781003256984-7","volume-title":"Free as a Bird: Academic Precariat and the state of academic freedom in the Global North","author":"Ferreira","year":"2023"},{"issue":"4","key":"2025122911530823600_i978-1-80382-701-820231071_79.bib-10","doi-asserted-by":"publisher","first-page":"290","DOI":"10.1080\/14733145.2013.768287","article-title":"The path towards a professional identity: An IPA study of Greek family therapy trainees","volume":"13","author":"Fragkiadaki","year":"2013","journal-title":"Counselling and Psychotherapy Research"},{"key":"2025122911530823600_i978-1-80382-701-820231071_79.bib-11","unstructured":"Kerridge, S., Ajai-Ajagbe, P., Kiel, C., Shambrook, J., & Wakefield, B. (2022). RAAAP-2 datasets (17 linked datasets). figshare. 10.6084\/m9.figshare.18972935.v1"},{"issue":"2","key":"2025122911530823600_i978-1-80382-701-820231071_79.bib-12","doi-asserted-by":"publisher","first-page":"43","DOI":"10.1080\/13603108.2014.914107","article-title":"Constructions of professional identity in a dynamic higher education sector","volume":"18","author":"Lewis","year":"2014","journal-title":"Perspectives: Policy and Practice in Higher Education"},{"key":"2025122911530823600_i978-1-80382-701-820231071_79.bib-13","doi-asserted-by":"crossref","DOI":"10.1787\/9789264308138-en","volume-title":"OECD review of higher education, research and innovation: Portugal","author":"OECD","year":"2019"},{"key":"2025122911530823600_i978-1-80382-701-820231071_79.bib-14","unstructured":"OECD. (2022). OECD data purchasing power parities (PPP). Retrieved October 25, 2022, from https:\/\/data.oecd.org\/conversion\/purchasing-power-parities-ppp.htm"},{"key":"2025122911530823600_i978-1-80382-701-820231071_79.bib-15","doi-asserted-by":"crossref","first-page":"113","DOI":"10.1108\/978-1-80382-701-820231011","volume-title":"The Emerald handbook of research management and administration around the world","author":"Oliveira","year":"2023"},{"volume-title":"Remunera\u00e7\u00e3o base m\u00e9dia mensal dos trabalhadores por conta de outrem: Total e por n\u00edvel de qualifica\u00e7\u00e3o","year":"2022","author":"PORDATA","key":"2025122911530823600_i978-1-80382-701-820231071_79.bib-16"},{"volume-title":"40 Anos de pol\u00edticas de ci\u00eancia e de ensino superior","year":"2015","author":"Rodrigues","key":"2025122911530823600_i978-1-80382-701-820231071_79.bib-17"},{"key":"2025122911530823600_i978-1-80382-701-820231071_79.bib-18","doi-asserted-by":"crossref","first-page":"55","DOI":"10.1007\/978-94-6300-675-0_4","volume-title":"Global challenges, national initiatives, and institutional responses: The transformation of higher education","author":"Santiago","year":"2016"},{"key":"2025122911530823600_i978-1-80382-701-820231071_79.bib-19","doi-asserted-by":"crossref","unstructured":"Santos, J. M. R. C. A. (2021). Management of public\u2013private R&D projects in higher education: Key trends and issues. Perspectives: Policy and Practice in Higher Education, 25(3), 106\u2013112. 10.1080\/13603108.2021.1894616","DOI":"10.1080\/13603108.2021.1894616"},{"issue":"3","key":"2025122911530823600_i978-1-80382-701-820231071_79.bib-20","doi-asserted-by":"publisher","first-page":"100","DOI":"10.1080\/13603108.2021.1881842","volume":"25","author":"Santos","year":"2021","journal-title":"Perspectives: Policy and Practice in Higher Education"},{"key":"2025122911530823600_i978-1-80382-701-820231071_79.bib-21","unstructured":"Regulation 744\/2020: \u201cRegulamento de Carreiras, Retribui\u00e7\u00f5es e Contrata\u00e7\u00e3o do Pessoal T\u00e9cnico, Administrativo e de Gest\u00e3o da Universidade de Aveiro em regime de contrato de trabalho\u201d. (2020). University of Aveiro. https:\/\/dre.pt\/dre\/en\/detail\/tipo\/744-2020-141963750"},{"issue":"3","key":"2025122911530823600_i978-1-80382-701-820231071_79.bib-22","doi-asserted-by":"publisher","first-page":"84","DOI":"10.1080\/13603108.2015.1019948","article-title":"Assessing the impact of grant managers on the success of grant applications","volume":"19","author":"Vidal","year":"2015","journal-title":"Perspectives: Policy and Practice in Higher Education"},{"key":"2025122911530823600_i978-1-80382-701-820231071_79.bib-23","unstructured":"WorldBank Data. (2020a). Research and development expenditure (% of GDP) \u2013 European Union. Retrieved February 3, 2023, from https:\/\/data.worldbank.org\/indicator\/GB.XPD.RSDV.GD.ZS?locations=EU"},{"key":"2025122911530823600_i978-1-80382-701-820231071_79.bib-24","unstructured":"WorldBank Data. (2020b). Research and development expenditure (% of GDP) \u2013 Portugal. Retrieved February 3, 2023, from https:\/\/data.worldbank.org\/indicator\/GB.XPD.RSDV.GD.ZS?locations=PT"}],"container-title":["The Emerald Handbook of Research Management and Administration Around the World"],"original-title":[],"language":"en","link":[{"URL":"https:\/\/www.emerald.com\/insight\/content\/doi\/10.1108\/978-1-80382-701-820231071\/full\/xml","content-type":"application\/xml","content-version":"vor","intended-application":"text-mining"},{"URL":"https:\/\/www.emerald.com\/books\/oa-edited-volume\/chapter-pdf\/9025467\/978-1-80382-701-820231071.pdf","content-type":"unspecified","content-version":"vor","intended-application":"similarity-checking"}],"deposited":{"date-parts":[[2025,12,29]],"date-time":"2025-12-29T16:56:38Z","timestamp":1767027398000},"score":1,"resource":{"primary":{"URL":"https:\/\/www.emerald.com\/books\/book\/12493\/chapter\/82700334\/The-Profession-of-Research-Management-and"}},"subtitle":[],"short-title":[],"issued":{"date-parts":[[2023,11,29]]},"ISBN":["9781803827025","9781803827018","9781803827032"],"references-count":24,"URL":"https:\/\/doi.org\/10.1108\/978-1-80382-701-820231071","relation":{},"subject":[],"published":{"date-parts":[[2023,11,29]]}}}

Cláudia

0000-0002-1863-3485, Instituto de Telecomunicações (IT) & DIGIMEDIA, Departamento de Comunicação e Arte, Universidade de Aveiro, Aveiro, Portugal; Investigation, Methodology, Visualization, Writing – original draft, Writing – review & editing

0000-0001-8360-6806, Instituto de Tecnologia Química e Biológica António Xavier (ITQB NOVA), Universidade NOVA de Lisboa, Oeiras, Portugal; Conceptualization, Resources, Investigation, Methodology, Writing – original draft, Writing – review & editing

José M. R. C. A.

0000-0003-2103-4085, Instituto Politécnico de Bragança, Campus de Santa Apolónia, Bragança, Portugal; Conceptualization, Investigation, Methodology, Visualization, Writing – original draft, Writing – review & editing

José Avelino

Remuneração base média mensal dos trabalhadores por conta de outrem: Total e por nível de qualificação

40 Anos de políticas de ciência e de ensino superior

Regulation 744/2020: “Regulamento de Carreiras, Retribuições e Contratação do Pessoal Técnico, Administrativo e de Gestão da Universidade de Aveiro em regime de contrato de trabalho”. (2020). University of Aveiro. https://dre.pt/dre/en/detail/tipo/744-2020-141963750
