{"status":"ok","message-type":"work","message-version":"1.0.0","message":{"indexed":{"date-parts":[[2025,12,29]],"date-time":"2025-12-29T18:30:43Z","timestamp":1767033043107,"version":"3.48.0"},"reference-count":30,"publisher":"Emerald Publishing Limited","isbn-type":[{"type":"print","value":"9781837535996"},{"type":"electronic","value":"9781837535989"},{"type":"electronic","value":"9781837536009"}],"content-domain":{"domain":[],"crossmark-restriction":false},"short-container-title":[],"published-print":{"date-parts":[[2023,11,27]]},"abstract":"<jats:title>Abstract<\/jats:title>\n                  <jats:p>Learning to be someone in today\u2019s world requires training, knowledge, adaptive skills, differentiated skills, and mastery of instrumental and advanced technological tools to manage complex, new, and crucial problems that societies face. Citizens need to satisfy their basic needs, and they want to feel fulfilled. These are determinants of mental health\/health, essential goods for the growth and evolution of humanity, and for the survival of the planet that shelters it.<\/jats:p>\n                  <jats:p>The objectives of this chapter are: (1) reflect on the influence of mental health\/health in high-level training processes, which require the student to mobilize physical and mental capabilities and functions; (2) realize to what extent the use of digital technology is an essential tool for learning and developing skills for higher education students; (3) addressing the question: Are higher education institutions (HEIs) and professors prepared for the challenges they face today? And, at the confluence of the previous three: (4) analyze the health\/mental health interconnections, the use of digital technologies and training paths, as pillars of human development and the progress of societies.<\/jats:p>\n                  <jats:p>In HEIs, there is evidence of the intersection of students\u2019 learning abilities with the contexts that are favourable to them, namely, due to the possibility of finding space to create, develop potentials, acquire high-level knowledge and skills, present themselves to society as reliable, credible, and promising professionals for success in the organizations they form part of.<\/jats:p>\n                  <jats:p>For the preparation of this exploratory and reflective chapter, the collaboration of some higher education teachers in the Autonomous Region of Madeira (RAM) was requested, also basing it on their own experience and knowledge acquired as a teacher, researcher, and expert in the field of mental health.<\/jats:p>\n                  <jats:p>The perspective presented for reflection and analysis is limited by the look and the way we interrogate and interpret the realities where we operate, for these same reasons, imbued with subjectivity.<\/jats:p>","DOI":"10.1108\/978-1-83753-598-920231003","type":"book-chapter","created":{"date-parts":[[2023,11,9]],"date-time":"2023-11-09T09:56:21Z","timestamp":1699523781000},"page":"35-46","source":"Crossref","is-referenced-by-count":0,"title":["Mental Health and Higher Education Institutions: Next Steps to Well-being"],"prefix":"10.1108","author":[{"given":"Isabel Maria Abreu Rodrigues","family":"Fragoeiro","sequence":"first","affiliation":[{"name":"University of Madeira \u2013 Escola Superior de Sa\u00fade, Funchal, Portugal"}]}],"member":"140","reference":[{"issue":"1","key":"2025122913262168700_i978-1-83753-598-920231003_2.bib-1","doi-asserted-by":"publisher","first-page":"173","DOI":"10.35362\/rie8714591","article-title":"Uso de tecnolog\u00edas avanzadas para la educaci\u00f3n cient\u00edfica","volume":"87","author":"Arabit-Garc\u00eda","year":"2021","journal-title":"Revista Iberoamericana de Educaci\u00f3n"},{"key":"2025122913262168700_i978-1-83753-598-920231003_2.bib-2","unstructured":"Associa\u00e7\u00e3o Acad\u00e9mica da Universidade da Madeira (AAUMA). (2022). Projeto Mentes Brilhantes. https:\/\/amadeira.pt\/2022\/05\/28\/as-mentes-brilhantes\/"},{"key":"2025122913262168700_i978-1-83753-598-920231003_2.bib-3","doi-asserted-by":"publisher","first-page":"207","DOI":"10.17645\/si.v6i4.1683","article-title":"\u201cEverywhere we go, people seem to know\u201d: And knowledge construction of mental illness in higher education","author":"Carette","year":"2018","journal-title":"Social Inclusion, (Students With Disabilities in Higher Education)"},{"key":"2025122913262168700_i978-1-83753-598-920231003_2.bib-4","volume-title":"Gest\u00e3o e desenvolvimento de compet\u00eancias","author":"Ceitil","year":"2010","edition":"3rd ed."},{"volume-title":"Report health and well-being behaviors of polytechnic higher education students. A diagnosis from the students\u2019 perspective","year":"2021","author":"Coordinating Council of Polytechnic Higher Institutes (CCISP).","key":"2025122913262168700_i978-1-83753-598-920231003_2.bib-5"},{"key":"2025122913262168700_i978-1-83753-598-920231003_2.bib-6","unstructured":"Council Rectors of Portuguese Universities (CRUP). (2021). Health and lifestyles in higher education in Portugal (ES+Sa\u00fade). https:\/\/www.esmaissaude.pt\/"},{"volume-title":"Manual de compet\u00eancias acad\u00e9micas. Da adapta\u00e7\u00e3o \u00e0 universidade \u00e0 excel\u00eancia da vida acad\u00e9mica","year":"2016","author":"Garrido","key":"2025122913262168700_i978-1-83753-598-920231003_2.bib-8"},{"key":"2025122913262168700_i978-1-83753-598-920231003_2.bib-9","first-page":"20","volume-title":"Preventing mental disorders: A research perspective","author":"Gordon","year":"1987"},{"key":"2025122913262168700_i978-1-83753-598-920231003_2.bib-10","unstructured":"JISC. (2020a). Learning and teaching reimagined: A new dawn for higher education?\u2008https:\/\/www.jisc.ac.uk\/about"},{"key":"2025122913262168700_i978-1-83753-598-920231003_2.bib-11","unstructured":"JISC. (2020b). Student-and-staff-wellbeing-report 6. From fixes to foresight: Jisc and Emerge Education insights for universities and startups. https:\/\/www.jisc.ac.uk\/about"},{"volume-title":"A guide to looking about your mental health","year":"2022","author":"Knight","key":"2025122913262168700_i978-1-83753-598-920231003_2.bib-12"},{"volume-title":"Building up good mental health. Monitoring Mental Health Environments Project, co-funding by the European Union","year":"2008","author":"Lethinen","key":"2025122913262168700_i978-1-83753-598-920231003_2.bib-13"},{"volume-title":"Transforma\u00e7\u00e3o digital em sa\u00fade. Contributos para a mudan\u00e7a. Associa\u00e7\u00e3o Portuguesa de Administradores Hospitalares","year":"2021","author":"Magalh\u00e3es","key":"2025122913262168700_i978-1-83753-598-920231003_2.bib-14"},{"volume-title":"Sa\u00fade Mental. Do tratamento \u00e0 preven\u00e7\u00e3o","year":"2000","author":"Moreira","key":"2025122913262168700_i978-1-83753-598-920231003_2.bib-15"},{"key":"2025122913262168700_i978-1-83753-598-920231003_2.bib-16","first-page":"64","volume-title":"Enfermagem de Sa\u00fade Mental. Diagn\u00f3sticos e Interven\u00e7\u00f5es","author":"Oliveira","year":"2020"},{"volume-title":"The Millennium Development Goals Report 2015","year":"2015","author":"Organization of United Nations","key":"2025122913262168700_i978-1-83753-598-920231003_2.bib-17"},{"volume-title":"Plano Nacional de Sa\u00fade 2021","year":"2022","author":"Portugal, Minist\u00e9rio da Sa\u00fade, Dire\u00e7\u00e3o-Geral da Sa\u00fade.","key":"2025122913262168700_i978-1-83753-598-920231003_2.bib-18"},{"key":"2025122913262168700_i978-1-83753-598-920231003_2.bib-19","volume-title":"A guide to the project management body of knowledge","author":"Project Management Institute","year":"2018","edition":"6th ed"},{"volume-title":"Mental health of higher education students, CR231","year":"2020","author":"Royal College of Psychiatrists","key":"2025122913262168700_i978-1-83753-598-920231003_2.bib-20"},{"volume-title":"Mental health of students in higher education, CR166","year":"2011","author":"Royal College of Psychiatrists","key":"2025122913262168700_i978-1-83753-598-920231003_2.bib-21"},{"issue":"5","key":"2025122913262168700_i978-1-83753-598-920231003_2.bib-22","doi-asserted-by":"publisher","first-page":"483","DOI":"10.1177\/1078390319851569","article-title":"Levels of positive mental health in Portuguese and Spanish nursing students","volume":"26","author":"Sequeira","year":"2020","journal-title":"Journal of the American Psychiatric Nurses Association"},{"volume-title":"Enfermagem em Sa\u00fade Mental. Diagn\u00f3sticos e Interven\u00e7\u00f5es","year":"2020","author":"Sequeira","key":"2025122913262168700_i978-1-83753-598-920231003_2.bib-23"},{"key":"2025122913262168700_i978-1-83753-598-920231003_2.bib-24","first-page":"117","volume-title":"Manual de Compet\u00eancias Pessoais, Interpessoais e Instrumentais","author":"Sim\u00f5es","year":"2015","edition":"3rd ed"},{"issue":"5","key":"2025122913262168700_i978-1-83753-598-920231003_2.bib-25","doi-asserted-by":"publisher","first-page":"879","DOI":"10.1007\/s00127-021-02032-w","article-title":"Mental health in higher education students and non students: Evidence from a nationally representative panel study","volume":"56","author":"Tabor","year":"2021","journal-title":"Social Psychiatry and Psychiatric Epidemiology"},{"volume-title":"Mental health assessment of higher education students","year":"2022","author":"University of \u00c9vora","key":"2025122913262168700_i978-1-83753-598-920231003_2.bib-26"},{"volume-title":"Projeto well-being UMa","year":"2022","author":"University of Madeira, Psychology Service","key":"2025122913262168700_i978-1-83753-598-920231003_2.bib-27"},{"volume-title":"mhGAP intervention guide for mental, neurological and substance use disorders in non-specialized helth settings","year":"2010","author":"World Health Organization","key":"2025122913262168700_i978-1-83753-598-920231003_2.bib-28"},{"volume-title":"Comprehensive mental health action plan 2013\u20132030","year":"2021","author":"World Health Organization","key":"2025122913262168700_i978-1-83753-598-920231003_2.bib-29"},{"key":"2025122913262168700_i978-1-83753-598-920231003_2.bib-30","unstructured":"World Health Organization. (2022). World mental health report: Transforming mental health for all. Retrieved October 5, 2022, from https:\/\/www.who.int\/publications\/i\/item\/9789240049338. ISBN 978-92-4-004933-8 (electronic version)."},{"issue":"June","key":"2025122913262168700_i978-1-83753-598-920231003_2.bib-31","doi-asserted-by":"publisher","first-page":"1","DOI":"10.3389\/feduc.2021.670400","article-title":"Mental health stressors in higher education instructors and students in Mexico during the emergency remote teaching implementation due to COVID-19","volume":"6","author":"Zapata-Garibay","year":"2021","journal-title":"Frontiers in Education"}],"container-title":["Technology-Enhanced Healthcare Education: Transformative Learning for Patient-centric Health"],"original-title":[],"language":"en","link":[{"URL":"https:\/\/www.emerald.com\/insight\/content\/doi\/10.1108\/978-1-83753-598-920231003\/full\/xml","content-type":"application\/xml","content-version":"vor","intended-application":"text-mining"},{"URL":"https:\/\/www.emerald.com\/books\/edited-volume\/chapter-pdf\/9118558\/978-1-83753-598-920231003.pdf","content-type":"unspecified","content-version":"vor","intended-application":"similarity-checking"}],"deposited":{"date-parts":[[2025,12,29]],"date-time":"2025-12-29T18:26:38Z","timestamp":1767032798000},"score":1,"resource":{"primary":{"URL":"https:\/\/www.emerald.com\/books\/book\/13284\/chapter\/83782075\/Mental-Health-and-Higher-Education-Institutions"}},"subtitle":[],"short-title":[],"issued":{"date-parts":[[2023,11,27]]},"ISBN":["9781837535996","9781837535989","9781837536009"],"references-count":30,"URL":"https:\/\/doi.org\/10.1108\/978-1-83753-598-920231003","relation":{},"subject":[],"published":{"date-parts":[[2023,11,27]]}}}

University of Madeira – Escola Superior de Saúde, Funchal, Portugal

Uso de tecnologías avanzadas para la educación científica

Arabit-García

Revista Iberoamericana de Educación

Associação Académica da Universidade da Madeira (AAUMA). (2022). Projeto Mentes Brilhantes. https://amadeira.pt/2022/05/28/as-mentes-brilhantes/

Gestão e desenvolvimento de competências

Council Rectors of Portuguese Universities (CRUP). (2021). Health and lifestyles in higher education in Portugal (ES+Saúde). https://www.esmaissaude.pt/

Manual de competências académicas. Da adaptação à universidade à excelência da vida académica

Transformação digital em saúde. Contributos para a mudança. Associação Portuguesa de Administradores Hospitalares

Magalhães

Saúde Mental. Do tratamento à prevenção

Enfermagem de Saúde Mental. Diagnósticos e Intervenções

Plano Nacional de Saúde 2021

Portugal, Ministério da Saúde, Direção-Geral da Saúde.

Enfermagem em Saúde Mental. Diagnósticos e Intervenções

Manual de Competências Pessoais, Interpessoais e Instrumentais

Simões

University of Évora
