{"status":"ok","message-type":"work","message-version":"1.0.0","message":{"indexed":{"date-parts":[[2024,12,20]],"date-time":"2024-12-20T05:30:58Z","timestamp":1734672658437,"version":"3.32.0"},"reference-count":0,"publisher":"Universidade de S\u00e3o Paulo. Faculdade de Arquitetura e Urbanismo e de Design","isbn-type":[{"value":"9786589514695","type":"print"}],"content-domain":{"domain":[],"crossmark-restriction":false},"short-container-title":[],"abstract":"<jats:p>A presente publica\u00e7\u00e3o re\u00fane uma colet\u00e2nea de textos que apresentam os resultados de pesquisa e reflex\u00f5es interdisciplinares no campo do Design, das seguintes institui\u00e7\u00f5es: Universidade de S\u00e3o Paulo, FAUUSP \u2013 Brasil, University of Leeds \u2013 UK , Universidade do Minho \u2013 Portugal, University of Bergen \u2013 Norway, Universidade do Porto \u2013 Portugal, Universidade de Aveiro \u2013 Portugal, University of Melbourne - Austr\u00e1lia e APTD - Transmontana Association for Development. A organiza\u00e7\u00e3o do material contido neste livro foi obtida durante encontro realizado na Universidade do Minho em novembro de 2023, durante o semin\u00e1rio Making Design Through Communinites no lab2PT - Laborat\u00f3rio de Paisagens, Patrim\u00f3nio e Territ\u00f3rio. Todos estes trabalhos est\u00e3o atentos \u00e0 import\u00e2ncia\ndas rela\u00e7\u00f5es entre design e cuidado, em suas m\u00faltiplas dimens\u00f5es. Assim foram abordados os seguintes temas: design, migra\u00e7\u00e3o e a inclus\u00e3o social de refugiados; design e equipamentos para periferias de cidades brasileiras; design, comunidades, livros t\u00e1teis e capacidade visual; design, m\u00eddia e jovens na \u00c1frica do Sul; design, sociologia e contribui\u00e7\u00f5es para a inclus\u00e3o social; design em contextos de exclus\u00e3o social; design e encontros transformadores. Em todos estes trabalhos observa-se a \u00eanfase no sentido pol\u00edtico da participa\u00e7\u00e3o comunit\u00e1ria.<\/jats:p>","DOI":"10.11606\/9786589514695","type":"monograph","created":{"date-parts":[[2024,12,19]],"date-time":"2024-12-19T16:55:46Z","timestamp":1734627346000},"source":"Crossref","is-referenced-by-count":0,"title":["Design em comunidade : reflex\u00f5es e experi\u00eancias em contextos diversos = Design Through Communities: reflections and experiences in different context"],"prefix":"10.11606","member":"4873","published-online":{"date-parts":[[2024,12,19]]},"container-title":[],"original-title":[],"deposited":{"date-parts":[[2024,12,19]],"date-time":"2024-12-19T16:55:47Z","timestamp":1734627347000},"score":1,"resource":{"primary":{"URL":"https:\/\/www.livrosabertos.abcd.usp.br\/portaldelivrosUSP\/catalog\/book\/1501"}},"subtitle":[],"editor":[{"name":"Rede de Estudos Avan\u00e7ados em Design e Emo\u00e7\u00e3o","sequence":"first","affiliation":[]},{"ORCID":"https:\/\/orcid.org\/0000-0001-6308-4123","authenticated-orcid":false,"given":"Bernardo","family":"Provid\u00eancia","sequence":"first","affiliation":[]},{"ORCID":"https:\/\/orcid.org\/0000-0003-0168-0901","authenticated-orcid":false,"given":"Gustavo Orlando Fudaba","family":"Curcio","sequence":"additional","affiliation":[]},{"name":"Universidade de S\u00e3o Paulo. Faculdade de Arquitetura e Urbanismo e de Design","sequence":"additional","affiliation":[]}],"short-title":[],"issued":{"date-parts":[[2024,12,19]]},"ISBN":["9786589514695"],"references-count":0,"URL":"https:\/\/doi.org\/10.11606\/9786589514695","relation":{},"subject":[],"published":{"date-parts":[[2024,12,19]]}}}

Universidade de São Paulo. Faculdade de Arquitetura e Urbanismo e de Design

<jats:p>A presente publicação reúne uma coletânea de textos que apresentam os resultados de pesquisa e reflexões interdisciplinares no campo do Design, das seguintes instituições: Universidade de São Paulo, FAUUSP – Brasil, University of Leeds – UK , Universidade do Minho – Portugal, University of Bergen – Norway, Universidade do Porto – Portugal, Universidade de Aveiro – Portugal, University of Melbourne - Austrália e APTD - Transmontana Association for Development. A organização do material contido neste livro foi obtida durante encontro realizado na Universidade do Minho em novembro de 2023, durante o seminário Making Design Through Communinites no lab2PT - Laboratório de Paisagens, Património e Território. Todos estes trabalhos estão atentos à importância
das relações entre design e cuidado, em suas múltiplas dimensões. Assim foram abordados os seguintes temas: design, migração e a inclusão social de refugiados; design e equipamentos para periferias de cidades brasileiras; design, comunidades, livros táteis e capacidade visual; design, mídia e jovens na África do Sul; design, sociologia e contribuições para a inclusão social; design em contextos de exclusão social; design e encontros transformadores. Em todos estes trabalhos observa-se a ênfase no sentido político da participação comunitária.</jats:p>

Design em comunidade : reflexões e experiências em contextos diversos = Design Through Communities: reflections and experiences in different context

Rede de Estudos Avançados em Design e Emoção

Providência
