{"status":"ok","message-type":"work","message-version":"1.0.0","message":{"indexed":{"date-parts":[[2025,11,18]],"date-time":"2025-11-18T22:47:47Z","timestamp":1763506067833,"version":"3.45.0"},"publisher-location":"Boca Raton","edition-number":"1","reference-count":0,"publisher":"CRC Press","isbn-type":[{"value":"9781003506898","type":"electronic"}],"content-domain":{"domain":[],"crossmark-restriction":false},"short-container-title":[],"published-print":{"date-parts":[[2025,10,22]]},"DOI":"10.1201\/9781003506898-7","type":"book-chapter","created":{"date-parts":[[2025,11,18]],"date-time":"2025-11-18T22:45:51Z","timestamp":1763505951000},"page":"144-156","source":"Crossref","is-referenced-by-count":0,"title":["Micro-Aeration in Anaerobic Microbial Communities"],"prefix":"10.1201","author":[{"given":"Carla Pereira","family":"Magalh\u00e3es","sequence":"first","affiliation":[]},{"given":"Lu\u00eds","family":"Costa","sequence":"additional","affiliation":[]},{"given":"Maria","family":"Salom\u00e9 Duarte","sequence":"additional","affiliation":[]},{"given":"Maria Alcina","family":"Pereira","sequence":"additional","affiliation":[]},{"given":"Ana J\u00falia","family":"Cavaleiro","sequence":"additional","affiliation":[]}],"member":"301","container-title":["Anaerobes and Methanogens"],"original-title":[],"language":"en","deposited":{"date-parts":[[2025,11,18]],"date-time":"2025-11-18T22:45:53Z","timestamp":1763505953000},"score":1,"resource":{"primary":{"URL":"https:\/\/www.taylorfrancis.com\/books\/9781003506898\/chapters\/10.1201\/9781003506898-7"}},"subtitle":[],"short-title":[],"issued":{"date-parts":[[2025,10,22]]},"ISBN":["9781003506898"],"references-count":0,"URL":"https:\/\/doi.org\/10.1201\/9781003506898-7","relation":{},"subject":[],"published":{"date-parts":[[2025,10,22]]}}}

Magalhães

Luís

Salomé Duarte

Ana Júlia
