{"status":"ok","message-type":"work","message-version":"1.0.0","message":{"indexed":{"date-parts":[[2024,5,6]],"date-time":"2024-05-06T16:04:31Z","timestamp":1715011471986},"reference-count":4,"publisher":"CRC Press","isbn-type":[{"value":"9781138029033","type":"print"},{"value":"9781315645155","type":"electronic"}],"content-domain":{"domain":[],"crossmark-restriction":false},"short-container-title":[],"published-print":{"date-parts":[[2016,5,4]]},"DOI":"10.1201\/b19880-27","type":"book-chapter","created":{"date-parts":[[2016,4,28]],"date-time":"2016-04-28T18:38:38Z","timestamp":1461868718000},"page":"153-159","source":"Crossref","is-referenced-by-count":0,"title":["Public spaces of the social housing in Porto: Learning with design practice"],"prefix":"10.1201","author":[{"given":"Nuno","family":"Abrantes","sequence":"first","affiliation":[]},{"given":"Fernando","family":"Alves","sequence":"additional","affiliation":[]},{"given":"Vitor","family":"Abrantes","sequence":"additional","affiliation":[]}],"member":"301","published-online":{"date-parts":[[2016,4,28]]},"reference":[{"key":"p_2","volume-title":"L.A.V.","year":"1999"},{"key":"p_4","volume-title":"A.","year":"2006"},{"key":"p_8","volume-title":"C\u00e2mara Municipal do Porto","author":"Porto","year":"1996"},{"key":"p_11","volume-title":"Ac\u00e7\u00e3o Social e Prote\u00e7\u00e3o Civil","author":"\u00e7\u00e3o","year":"1999"}],"container-title":["Civil Engineering and Urban Planning IV"],"original-title":[],"language":"en","deposited":{"date-parts":[[2016,4,28]],"date-time":"2016-04-28T18:41:17Z","timestamp":1461868877000},"score":1,"resource":{"primary":{"URL":"http:\/\/www.crcnetbase.com\/doi\/10.1201\/b19880-27"}},"subtitle":[],"short-title":[],"issued":{"date-parts":[[2016,4,28]]},"ISBN":["9781138029033","9781315645155"],"references-count":4,"alternative-id":["10.1201\/b19880-27","10.1201\/b19880"],"URL":"https:\/\/doi.org\/10.1201\/b19880-27","relation":{},"subject":[],"published":{"date-parts":[[2016,4,28]]}}}

Câmara Municipal do Porto

Acção Social e Proteção Civil

ção
