{"status":"ok","message-type":"work","message-version":"1.0.0","message":{"indexed":{"date-parts":[[2025,7,7]],"date-time":"2025-07-07T22:43:18Z","timestamp":1751928198296},"reference-count":0,"publisher":"Imprensa da Universidade de Coimbra","isbn-type":[{"value":"9789892602288","type":"print"}],"content-domain":{"domain":[],"crossmark-restriction":false},"short-container-title":[],"published-print":{"date-parts":[[2011]]},"DOI":"10.14195\/978-989-26-0228-8","type":"book","created":{"date-parts":[[2014,7,8]],"date-time":"2014-07-08T09:48:38Z","timestamp":1404812918000},"source":"Crossref","is-referenced-by-count":1,"title":["Educa\u00e7\u00e3o e forma\u00e7\u00e3o de adultos: pol\u00edticas, pr\u00e1ticas e investiga\u00e7\u00e3o"],"prefix":"10.14195","author":[{"given":"Lu\u00eds","family":"Alcoforado","sequence":"first","affiliation":[]},{"given":"Joaquim Armando G","family":"Ferreira","sequence":"additional","affiliation":[]},{"given":"Ant\u00f3nio Gomes","family":"Ferreira","sequence":"additional","affiliation":[]},{"given":"Margarida Pedroso de","family":"Lima","sequence":"additional","affiliation":[]},{"given":"Cristina","family":"Vieira","sequence":"additional","affiliation":[]},{"given":"Albertina L.","family":"Oliveira","sequence":"additional","affiliation":[]},{"given":"S\u00f3nia Mairos","family":"Ferreira","sequence":"additional","affiliation":[]}],"member":"5739","published-online":{"date-parts":[[2011]]},"container-title":[],"original-title":[],"deposited":{"date-parts":[[2021,11,16]],"date-time":"2021-11-16T06:26:41Z","timestamp":1637044001000},"score":1,"resource":{"primary":{"URL":"https:\/\/ucdigitalis.uc.pt\/pombalina\/item\/57699"}},"subtitle":[],"short-title":[],"issued":{"date-parts":[[2011]]},"ISBN":["9789892602288"],"references-count":0,"URL":"https:\/\/doi.org\/10.14195\/978-989-26-0228-8","relation":{},"subject":[],"published":{"date-parts":[[2011]]}}}

Educação e formação de adultos: políticas, práticas e investigação

Luís

António Gomes

Sónia Mairos
