{"status":"ok","message-type":"work","message-version":"1.0.0","message":{"indexed":{"date-parts":[[2025,7,8]],"date-time":"2025-07-08T09:26:05Z","timestamp":1751966765873},"reference-count":0,"publisher":"Imprensa da Universidade de Coimbra","content-domain":{"domain":[],"crossmark-restriction":false},"short-container-title":[],"published-print":{"date-parts":[[2005]]},"DOI":"10.14195\/978-989-26-0393-3_3","type":"book-chapter","created":{"date-parts":[[2014,7,9]],"date-time":"2014-07-09T16:06:08Z","timestamp":1404921968000},"page":"43-75","source":"Crossref","is-referenced-by-count":2,"title":["Cidadania e exclus\u00e3o: mecanismos de grada\u00e7\u00e3o identit\u00e1ria"],"prefix":"10.14195","author":[{"given":"Delfim F.","family":"Le\u00e3o","sequence":"first","affiliation":[]}],"member":"5739","published-online":{"date-parts":[[2005]]},"container-title":["G\u00e9nese e consolida\u00e7\u00e3o da ideia de Europa Vol. I: De Homero ao fim da \u00e9poca cl\u00e1ssica"],"original-title":[],"deposited":{"date-parts":[[2021,11,16]],"date-time":"2021-11-16T06:30:26Z","timestamp":1637044226000},"score":1,"resource":{"primary":{"URL":"https:\/\/ucdigitalis.uc.pt\/pombalina\/item\/72336"}},"subtitle":[],"short-title":[],"issued":{"date-parts":[[2005]]},"references-count":0,"URL":"https:\/\/doi.org\/10.14195\/978-989-26-0393-3_3","relation":{},"subject":[],"published":{"date-parts":[[2005]]}}}

Cidadania e exclusão: mecanismos de gradação identitária

Leão

Génese e consolidação da ideia de Europa Vol. I: De Homero ao fim da época clássica
