{"status":"ok","message-type":"work","message-version":"1.0.0","message":{"indexed":{"date-parts":[[2025,12,19]],"date-time":"2025-12-19T09:31:59Z","timestamp":1766136719546},"edition-number":"2","reference-count":0,"publisher":"Imprensa da Universidade de Coimbra","isbn-type":[{"value":"9789892608648","type":"electronic"},{"value":"9789892608631","type":"print"}],"content-domain":{"domain":[],"crossmark-restriction":false},"short-container-title":[],"published-print":{"date-parts":[[2016]]},"DOI":"10.14195\/978-989-26-0864-8","type":"edited-book","created":{"date-parts":[[2016,4,29]],"date-time":"2016-04-29T14:14:49Z","timestamp":1461939289000},"source":"Crossref","is-referenced-by-count":13,"title":["Gram\u00e1tica derivacional do Portugu\u00eas"],"prefix":"10.14195","author":[{"given":"Gra\u00e7a","family":"Rio-Torto","sequence":"first","affiliation":[]},{"given":"Alexandra Soares","family":"Rodrigues","sequence":"additional","affiliation":[]},{"given":"Isabel","family":"Pereira","sequence":"additional","affiliation":[]},{"given":"Rui","family":"Pereira","sequence":"additional","affiliation":[]},{"given":"S\u00edlvia","family":"Ribeiro","sequence":"additional","affiliation":[]}],"member":"5739","container-title":[],"original-title":[],"language":"pt","deposited":{"date-parts":[[2021,11,16]],"date-time":"2021-11-16T06:31:08Z","timestamp":1637044268000},"score":1,"resource":{"primary":{"URL":"https:\/\/ucdigitalis.uc.pt\/pombalina\/item\/54607"}},"subtitle":[],"short-title":[],"issued":{"date-parts":[[2016]]},"ISBN":["9789892608648","9789892608631"],"references-count":0,"URL":"https:\/\/doi.org\/10.14195\/978-989-26-0864-8","relation":{},"subject":[],"published":{"date-parts":[[2016]]}}}

Gramática derivacional do Português

Graça

Sílvia
