{"status":"ok","message-type":"work","message-version":"1.0.0","message":{"indexed":{"date-parts":[[2022,3,29]],"date-time":"2022-03-29T16:53:31Z","timestamp":1648572811304},"edition-number":"2","reference-count":0,"publisher":"Imprensa da Universidade de Coimbra","isbn-type":[{"value":"9789892609829","type":"print"}],"content-domain":{"domain":[],"crossmark-restriction":false},"short-container-title":[],"published-print":{"date-parts":[[2015]]},"DOI":"10.14195\/978-989-26-0982-9","type":"book","created":{"date-parts":[[2015,6,16]],"date-time":"2015-06-16T14:30:19Z","timestamp":1434465019000},"source":"Crossref","is-referenced-by-count":1,"title":["Gest\u00e3o de projeto e contrata\u00e7\u00e3o de empreitadas de obras"],"prefix":"10.14195","author":[{"given":"Telmo Dias","family":"Pereira","sequence":"first","affiliation":[]}],"member":"5739","container-title":[],"original-title":[],"deposited":{"date-parts":[[2021,11,16]],"date-time":"2021-11-16T06:14:17Z","timestamp":1637043257000},"score":1,"resource":{"primary":{"URL":"https:\/\/ucdigitalis.uc.pt\/pombalina\/item\/54511"}},"subtitle":[],"short-title":[],"issued":{"date-parts":[[2015]]},"ISBN":["9789892609829"],"references-count":0,"URL":"https:\/\/doi.org\/10.14195\/978-989-26-0982-9","relation":{},"subject":[],"published":{"date-parts":[[2015]]}}}

Gestão de projeto e contratação de empreitadas de obras
