{"status":"ok","message-type":"work","message-version":"1.0.0","message":{"indexed":{"date-parts":[[2024,5,6]],"date-time":"2024-05-06T00:11:18Z","timestamp":1714954278836},"edition-number":"1","reference-count":0,"publisher":"Imprensa da Universidade de Coimbra","isbn-type":[{"value":"9789892609836","type":"electronic"}],"content-domain":{"domain":[],"crossmark-restriction":false},"short-container-title":[],"DOI":"10.14195\/978-989-26-0983-6_18","type":"book-chapter","created":{"date-parts":[[2015,9,3]],"date-time":"2015-09-03T08:42:05Z","timestamp":1441269725000},"page":"330-344","source":"Crossref","is-referenced-by-count":1,"title":["Vulnerabilidade a inc\u00eandios na Europa Mediterr\u00e2nea: abordagem conceptual e a utiliza\u00e7\u00e3o de dados de sat\u00e9lite"],"prefix":"10.14195","author":[{"given":"Ad\u00e9lia","family":"Nunes","sequence":"first","affiliation":[]},{"given":"Sandra","family":"Oliveira","sequence":"first","affiliation":[]},{"given":"Luciano","family":"Louren\u00e7o","sequence":"first","affiliation":[]},{"given":"Ant\u00f3nio Bento","family":"Gon\u00e7alves","sequence":"first","affiliation":[]},{"given":"Ant\u00f3nio","family":"Vieira","sequence":"first","affiliation":[]},{"given":"Fernando","family":"F\u00e9lix","sequence":"first","affiliation":[]}],"member":"5739","container-title":["Atas das I Jornadas Lus\u00f3fonas de Ci\u00eancias e Tecnologias de Informa\u00e7\u00e3o Geogr\u00e1fica"],"original-title":[],"language":"pt","deposited":{"date-parts":[[2021,11,16]],"date-time":"2021-11-16T06:23:43Z","timestamp":1637043823000},"score":1,"resource":{"primary":{"URL":"https:\/\/ucdigitalis.uc.pt\/pombalina\/item\/70717"}},"subtitle":[],"short-title":[],"issued":{"date-parts":[[null]]},"ISBN":["9789892609836"],"references-count":0,"URL":"https:\/\/doi.org\/10.14195\/978-989-26-0983-6_18","relation":{},"subject":[]}}

Vulnerabilidade a incêndios na Europa Mediterrânea: abordagem conceptual e a utilização de dados de satélite

Adélia

Lourenço

António Bento

Gonçalves

António

Félix

Atas das I Jornadas Lusófonas de Ciências e Tecnologias de Informação Geográfica
