{"status":"ok","message-type":"work","message-version":"1.0.0","message":{"indexed":{"date-parts":[[2024,5,6]],"date-time":"2024-05-06T00:11:31Z","timestamp":1714954291972},"edition-number":"1","reference-count":0,"publisher":"Imprensa da Universidade de Coimbra","isbn-type":[{"value":"9789892609836","type":"electronic"}],"content-domain":{"domain":[],"crossmark-restriction":false},"short-container-title":[],"DOI":"10.14195\/978-989-26-0983-6_23","type":"book-chapter","created":{"date-parts":[[2015,9,3]],"date-time":"2015-09-03T08:42:05Z","timestamp":1441269725000},"page":"406-412","source":"Crossref","is-referenced-by-count":0,"title":["Aplica\u00e7\u00e3o de ferramentas de an\u00e1lise e estat\u00edstica espacial: retrato do sector estrat\u00e9gico do com\u00e9rcio na cidade de Lisboa"],"prefix":"10.14195","author":[{"given":"Pedro","family":"Dias","sequence":"first","affiliation":[]},{"given":"Jorge","family":"Rocha","sequence":"first","affiliation":[]},{"given":"Jos\u00e9 Ant\u00f3nio","family":"Tened\u00f3rio","sequence":"first","affiliation":[]},{"given":"Teresa","family":"Tom\u00e9","sequence":"first","affiliation":[]}],"member":"5739","container-title":["Atas das I Jornadas Lus\u00f3fonas de Ci\u00eancias e Tecnologias de Informa\u00e7\u00e3o Geogr\u00e1fica"],"original-title":[],"language":"pt","deposited":{"date-parts":[[2021,11,16]],"date-time":"2021-11-16T06:23:42Z","timestamp":1637043822000},"score":1,"resource":{"primary":{"URL":"https:\/\/ucdigitalis.uc.pt\/pombalina\/item\/70723"}},"subtitle":[],"short-title":[],"issued":{"date-parts":[[null]]},"ISBN":["9789892609836"],"references-count":0,"URL":"https:\/\/doi.org\/10.14195\/978-989-26-0983-6_23","relation":{},"subject":[]}}

Aplicação de ferramentas de análise e estatística espacial: retrato do sector estratégico do comércio na cidade de Lisboa

José António

Tenedório

Tomé

Atas das I Jornadas Lusófonas de Ciências e Tecnologias de Informação Geográfica
