{"status":"ok","message-type":"work","message-version":"1.0.0","message":{"indexed":{"date-parts":[[2024,5,6]],"date-time":"2024-05-06T00:11:16Z","timestamp":1714954276062},"edition-number":"1","reference-count":0,"publisher":"Imprensa da Universidade de Coimbra","isbn-type":[{"value":"9789892609836","type":"electronic"}],"content-domain":{"domain":[],"crossmark-restriction":false},"short-container-title":[],"DOI":"10.14195\/978-989-26-0983-6_3","type":"book-chapter","created":{"date-parts":[[2015,9,3]],"date-time":"2015-09-03T08:42:05Z","timestamp":1441269725000},"page":"57-79","source":"Crossref","is-referenced-by-count":0,"title":["Sistema de apoio \u00e0 decis\u00e3o e espacial para an\u00e1lise do impacte ambiental da dispers\u00e3o de poluentes atmosf\u00e9ricos"],"prefix":"10.14195","author":[{"given":"Lu\u00eds","family":"Al\u00e7ada-Almeida","sequence":"first","affiliation":[]},{"given":"Jo\u00e3o","family":"Coutinho-Rodrigues","sequence":"additional","affiliation":[]},{"given":"Nuno","family":"Sousa","sequence":"additional","affiliation":[]}],"member":"5739","container-title":["Atas das I Jornadas Lus\u00f3fonas de Ci\u00eancias e Tecnologias de Informa\u00e7\u00e3o Geogr\u00e1fica"],"original-title":[],"language":"pt","deposited":{"date-parts":[[2021,11,16]],"date-time":"2021-11-16T06:23:39Z","timestamp":1637043819000},"score":1,"resource":{"primary":{"URL":"https:\/\/ucdigitalis.uc.pt\/pombalina\/item\/70730"}},"subtitle":[],"short-title":[],"issued":{"date-parts":[[null]]},"ISBN":["9789892609836"],"references-count":0,"URL":"https:\/\/doi.org\/10.14195\/978-989-26-0983-6_3","relation":{},"subject":[]}}

Sistema de apoio à decisão e espacial para análise do impacte ambiental da dispersão de poluentes atmosféricos

Luís

Alçada-Almeida

João

Atas das I Jornadas Lusófonas de Ciências e Tecnologias de Informação Geográfica
