{"status":"ok","message-type":"work","message-version":"1.0.0","message":{"indexed":{"date-parts":[[2024,5,6]],"date-time":"2024-05-06T10:14:11Z","timestamp":1714990451279},"edition-number":"1","reference-count":0,"publisher":"Imprensa da Universidade de Coimbra","isbn-type":[{"value":"9789892611051","type":"electronic"}],"content-domain":{"domain":[],"crossmark-restriction":false},"short-container-title":[],"DOI":"10.14195\/978-989-26-1105-1_1","type":"book-chapter","created":{"date-parts":[[2015,12,18]],"date-time":"2015-12-18T17:36:40Z","timestamp":1450460200000},"page":"11-27","source":"Crossref","is-referenced-by-count":0,"title":["Condicionantes da sa\u00fade mental e os instrumentos de avalia\u00e7\u00e3o de impactos"],"prefix":"10.14195","author":[{"given":"Adriana","family":"Loureiro","sequence":"first","affiliation":[]},{"given":"Joana","family":"Lima","sequence":"additional","affiliation":[]},{"given":"Maria do Ros\u00e1rio","family":"Partid\u00e1rio","sequence":"additional","affiliation":[]},{"given":"Paula","family":"Santana","sequence":"additional","affiliation":[]}],"member":"5739","container-title":["Territ\u00f3rio e sa\u00fade mental em tempos de crise"],"original-title":[],"language":"pt","deposited":{"date-parts":[[2021,11,16]],"date-time":"2021-11-16T06:47:18Z","timestamp":1637045238000},"score":1,"resource":{"primary":{"URL":"https:\/\/ucdigitalis.uc.pt\/pombalina\/item\/70615"}},"subtitle":[],"short-title":[],"issued":{"date-parts":[[null]]},"ISBN":["9789892611051"],"references-count":0,"URL":"https:\/\/doi.org\/10.14195\/978-989-26-1105-1_1","relation":{},"subject":[]}}

Condicionantes da saúde mental e os instrumentos de avaliação de impactos

Maria do Rosário

Partidário

Território e saúde mental em tempos de crise
