{"status":"ok","message-type":"work","message-version":"1.0.0","message":{"indexed":{"date-parts":[[2024,5,8]],"date-time":"2024-05-08T13:21:16Z","timestamp":1715174476633},"edition-number":"1","reference-count":0,"publisher":"Imprensa da Universidade de Coimbra","isbn-type":[{"value":"9789892613437","type":"electronic"},{"value":"9789892613482","type":"print"}],"content-domain":{"domain":[],"crossmark-restriction":false},"short-container-title":[],"DOI":"10.14195\/978-989-26-1343-7_42","type":"book-chapter","created":{"date-parts":[[2018,1,24]],"date-time":"2018-01-24T13:43:43Z","timestamp":1516801423000},"page":"783-798","source":"Crossref","is-referenced-by-count":0,"title":["Breve reflex\u00e3o sobre a import\u00e2ncia da Investiga\u00e7\u00e3o Operacional no estudo de Avalia\u00e7\u00e3o Estrat\u00e9gica de Impacto Ambiental dedicado \u00e0 localiza\u00e7\u00e3o do novo aeroporto de Lisboa"],"prefix":"10.14195","author":[{"given":"Jo\u00e3o","family":"Cl\u00edmaco","sequence":"first","affiliation":[]},{"given":"Jos\u00e9","family":"Craveirinha","sequence":"additional","affiliation":[]}],"member":"5739","container-title":["Espa\u00e7os e tempos em Geografia: homenagem a Ant\u00f3nio Gama"],"original-title":[],"language":"pt","deposited":{"date-parts":[[2021,11,16]],"date-time":"2021-11-16T06:27:58Z","timestamp":1637044078000},"score":1,"resource":{"primary":{"URL":"https:\/\/ucdigitalis.uc.pt\/pombalina\/item\/68435"}},"subtitle":[],"short-title":[],"issued":{"date-parts":[[null]]},"ISBN":["9789892613437","9789892613482"],"references-count":0,"URL":"https:\/\/doi.org\/10.14195\/978-989-26-1343-7_42","relation":{},"subject":[]}}

Breve reflexão sobre a importância da Investigação Operacional no estudo de Avaliação Estratégica de Impacto Ambiental dedicado à localização do novo aeroporto de Lisboa

João

Clímaco

José

Espaços e tempos em Geografia: homenagem a António Gama
