{"status":"ok","message-type":"work","message-version":"1.0.0","message":{"indexed":{"date-parts":[[2025,5,14]],"date-time":"2025-05-14T04:26:17Z","timestamp":1747196777129,"version":"3.40.5"},"edition-number":"1.\u00aa edi\u00e7\u00e3o","reference-count":0,"publisher":"Imprensa da Universidade de Coimbra","isbn-type":[{"type":"electronic","value":"9789892617039"},{"type":"print","value":"9789892617022"}],"content-domain":{"domain":[],"crossmark-restriction":false},"short-container-title":[],"published-print":{"date-parts":[[2019]]},"abstract":"<jats:p>A prop\u00f3sito da obra de Isabel Ferin da Cunha e dos eixos de investiga\u00e7\u00e3o aplicada a que se dedicou durante a sua carreira acad\u00e9mica, uma s\u00e9rie de professores e investigadores das ci\u00eancias da comunica\u00e7\u00e3o d\u00e3o o seu contributo em tr\u00eas formas de di\u00e1logo - artigos de pendor te\u00f3rico e de reflex\u00e3o, artigos de tipo emp\u00edrico e textos testemunhais.<\/jats:p>","DOI":"10.14195\/978-989-26-1703-9","type":"edited-book","created":{"date-parts":[[2020,7,6]],"date-time":"2020-07-06T12:03:40Z","timestamp":1594037020000},"source":"Crossref","is-referenced-by-count":0,"title":["Media: Poder, Representa\u00e7\u00e3o e Epistemologias. Di\u00e1logos a prop\u00f3sito da obra de Isabel Ferin da Cunha"],"prefix":"10.14195","author":[{"ORCID":"https:\/\/orcid.org\/0000-0002-2372-5165","authenticated-orcid":false,"given":"Ana","family":"Cabrera","sequence":"first","affiliation":[]},{"given":"Clara Almeida","family":"Santos","sequence":"additional","affiliation":[]},{"ORCID":"https:\/\/orcid.org\/0000-0001-8092-2264","authenticated-orcid":false,"given":"Rita","family":"Figueiras","sequence":"additional","affiliation":[]}],"member":"5739","container-title":[],"original-title":[],"language":"pt","deposited":{"date-parts":[[2020,7,6]],"date-time":"2020-07-06T12:03:40Z","timestamp":1594037020000},"score":1,"resource":{"primary":{"URL":"http:\/\/monographs.uc.pt\/iuc\/catalog\/book\/79"}},"subtitle":[],"short-title":[],"issued":{"date-parts":[[2019]]},"ISBN":["9789892617039","9789892617022"],"references-count":0,"URL":"https:\/\/doi.org\/10.14195\/978-989-26-1703-9","relation":{},"subject":[],"published":{"date-parts":[[2019]]}}}

1.ª edição

<jats:p>A propósito da obra de Isabel Ferin da Cunha e dos eixos de investigação aplicada a que se dedicou durante a sua carreira académica, uma série de professores e investigadores das ciências da comunicação dão o seu contributo em três formas de diálogo - artigos de pendor teórico e de reflexão, artigos de tipo empírico e textos testemunhais.</jats:p>

Media: Poder, Representação e Epistemologias. Diálogos a propósito da obra de Isabel Ferin da Cunha
