{"status":"ok","message-type":"work","message-version":"1.0.0","message":{"indexed":{"date-parts":[[2025,5,14]],"date-time":"2025-05-14T04:26:50Z","timestamp":1747196810184,"version":"3.40.5"},"edition-number":"1.\u00aa Edi\u00e7\u00e3o","reference-count":0,"publisher":"Imprensa da Universidade de Coimbra","isbn-type":[{"type":"electronic","value":"9789892620961"},{"type":"print","value":"9789892620954"}],"content-domain":{"domain":[],"crossmark-restriction":false},"short-container-title":[],"published-print":{"date-parts":[[2021]]},"abstract":"<jats:p>O presente livro versa tem\u00e1ticas e regionalidades hist\u00f3ricas muito diversas, na sua maioria referentes a temas portugueses, participando todos eles do conceito abrangente de Hist\u00f3ria Contempor\u00e2nea, inscrevendo-se nos s\u00e9culos XIX e XX. &lt;br&gt;Na sua polissemia intr\u00ednseca, o conceito de Hist\u00f3ria Contempor\u00e2nea remete para o discurso hist\u00f3rico que os historiadores produzem e difundem sobre o tempo recente dentro e fora do espa\u00e7o acad\u00e9mico. Nos dias que correm, a Hist\u00f3ria Contempor\u00e2nea debate-se com outras formas de mem\u00f3ria social e disputa as suas vers\u00f5es do passado com diversos dispositivos de media\u00e7\u00e3o entre presente e passado. Se \u201ctoda a Hist\u00f3ria \u00e9 contempor\u00e2nea\u201d, aquela que versa sobre o passado que vivemos ou que nos \u00e9 pr\u00f3ximo debate-se ainda mais com a pluralidade das narrativas e com o desafio da recorda\u00e7\u00e3o.<\/jats:p>","DOI":"10.14195\/978-989-26-2096-1","type":"edited-book","created":{"date-parts":[[2022,1,11]],"date-time":"2022-01-11T16:08:10Z","timestamp":1641917290000},"source":"Crossref","is-referenced-by-count":0,"title":["Temas de hist\u00f3ria contempor\u00e2nea"],"prefix":"10.14195","author":[{"ORCID":"https:\/\/orcid.org\/0000-0002-3843-6577","authenticated-orcid":false,"given":"Ant\u00f3nio Rafael","family":"Amaro","sequence":"first","affiliation":[]},{"ORCID":"https:\/\/orcid.org\/0000-0001-5424-8923","authenticated-orcid":false,"given":"\u00c1lvaro","family":"Garrido","sequence":"additional","affiliation":[]},{"ORCID":"https:\/\/orcid.org\/0000-0003-0419-9179","authenticated-orcid":false,"given":"Jo\u00e3o Paulo Avel\u00e3s","family":"Nunes","sequence":"additional","affiliation":[]}],"member":"5739","container-title":[],"original-title":[],"language":"pt","deposited":{"date-parts":[[2022,1,11]],"date-time":"2022-01-11T16:08:11Z","timestamp":1641917291000},"score":1,"resource":{"primary":{"URL":"http:\/\/monographs.uc.pt\/iuc\/catalog\/book\/255"}},"subtitle":[],"short-title":[],"issued":{"date-parts":[[2021]]},"ISBN":["9789892620961","9789892620954"],"references-count":0,"URL":"https:\/\/doi.org\/10.14195\/978-989-26-2096-1","relation":{},"subject":[],"published":{"date-parts":[[2021]]}}}

1.ª Edição

<jats:p>O presente livro versa temáticas e regionalidades históricas muito diversas, na sua maioria referentes a temas portugueses, participando todos eles do conceito abrangente de História Contemporânea, inscrevendo-se nos séculos XIX e XX. &lt;br&gt;Na sua polissemia intrínseca, o conceito de História Contemporânea remete para o discurso histórico que os historiadores produzem e difundem sobre o tempo recente dentro e fora do espaço académico. Nos dias que correm, a História Contemporânea debate-se com outras formas de memória social e disputa as suas versões do passado com diversos dispositivos de mediação entre presente e passado. Se “toda a História é contemporânea”, aquela que versa sobre o passado que vivemos ou que nos é próximo debate-se ainda mais com a pluralidade das narrativas e com o desafio da recordação.</jats:p>

Temas de história contemporânea

António Rafael

Álvaro

João Paulo Avelãs
