{"status":"ok","message-type":"work","message-version":"1.0.0","message":{"indexed":{"date-parts":[[2025,5,14]],"date-time":"2025-05-14T04:26:54Z","timestamp":1747196814720,"version":"3.40.5"},"edition-number":"1.\u00aa Edi\u00e7\u00e3o","reference-count":0,"publisher":"Imprensa da Universidade de Coimbra","isbn-type":[{"type":"electronic","value":"9789892621562"},{"type":"print","value":"9789892621555"}],"content-domain":{"domain":[],"crossmark-restriction":false},"short-container-title":[],"published-print":{"date-parts":[[2021]]},"abstract":"<jats:p>A Investiga\u00e7\u00e3o e a Escrita: Publicar sem Perecer \u00e9 uma colet\u00e2nea publicada em Portugu\u00eas, a partir de uma experi\u00eancia de cinco anos de forma\u00e7\u00e3o avan\u00e7ada extracurricular (Publicar sem Perecer: Sobreviver ao Turbilh\u00e3o), em literacia da informa\u00e7\u00e3o, escrita e publica\u00e7\u00e3o cient\u00edfica. Esta \u00e9 uma reflex\u00e3o e uma problematiza\u00e7\u00e3o do que deve ser o papel da ci\u00eancia num contexto que, cada vez mais, parece querer reproduzir na academia o mercantilismo de \u00edndole neoliberal. Aqui se l\u00ea a colabora\u00e7\u00e3o de autorias nacionais e internacionais que consideram uma diversidade de campos te\u00f3ricos e emp\u00edricos sobre o fen\u00f3meno. Esta obra pretende ser um contributo para identificar e questionar os problemas da\u00ed resultantes, tentando apontar algumas solu\u00e7\u00f5es para o mal-estar crescente que se vive no mundo acad\u00e9mico.<\/jats:p>","DOI":"10.14195\/978-989-26-2156-2","type":"edited-book","created":{"date-parts":[[2021,11,19]],"date-time":"2021-11-19T16:03:01Z","timestamp":1637337781000},"source":"Crossref","is-referenced-by-count":0,"title":["A Investiga\u00e7\u00e3o e a Escrita: Publicar sem Perecer"],"prefix":"10.14195","author":[{"ORCID":"https:\/\/orcid.org\/0000-0003-2069-5631","authenticated-orcid":false,"given":"Paula","family":"Sequeiros","sequence":"first","affiliation":[]},{"ORCID":"https:\/\/orcid.org\/0000-0003-2781-0444","authenticated-orcid":false,"given":"Maria Jos\u00e9","family":"Carvalho","sequence":"additional","affiliation":[]},{"ORCID":"https:\/\/orcid.org\/0000-0002-2051-1911","authenticated-orcid":false,"given":"Gra\u00e7a","family":"Capinha","sequence":"additional","affiliation":[]}],"member":"5739","container-title":[],"original-title":[],"language":"pt","deposited":{"date-parts":[[2021,11,19]],"date-time":"2021-11-19T16:03:01Z","timestamp":1637337781000},"score":1,"resource":{"primary":{"URL":"http:\/\/monographs.uc.pt\/iuc\/catalog\/book\/247"}},"subtitle":[],"short-title":[],"issued":{"date-parts":[[2021]]},"ISBN":["9789892621562","9789892621555"],"references-count":0,"URL":"https:\/\/doi.org\/10.14195\/978-989-26-2156-2","relation":{},"subject":[],"published":{"date-parts":[[2021]]}}}

1.ª Edição

<jats:p>A Investigação e a Escrita: Publicar sem Perecer é uma coletânea publicada em Português, a partir de uma experiência de cinco anos de formação avançada extracurricular (Publicar sem Perecer: Sobreviver ao Turbilhão), em literacia da informação, escrita e publicação científica. Esta é uma reflexão e uma problematização do que deve ser o papel da ciência num contexto que, cada vez mais, parece querer reproduzir na academia o mercantilismo de índole neoliberal. Aqui se lê a colaboração de autorias nacionais e internacionais que consideram uma diversidade de campos teóricos e empíricos sobre o fenómeno. Esta obra pretende ser um contributo para identificar e questionar os problemas daí resultantes, tentando apontar algumas soluções para o mal-estar crescente que se vive no mundo académico.</jats:p>

A Investigação e a Escrita: Publicar sem Perecer

Maria José

Graça
