{"status":"ok","message-type":"work","message-version":"1.0.0","message":{"indexed":{"date-parts":[[2025,5,14]],"date-time":"2025-05-14T04:26:59Z","timestamp":1747196819849,"version":"3.40.5"},"edition-number":"1.\u00aa Edi\u00e7\u00e3o","reference-count":0,"publisher":"Imprensa da Universidade de Coimbra","isbn-type":[{"type":"electronic","value":"9789892622293"},{"type":"print","value":"9789892622286"}],"content-domain":{"domain":[],"crossmark-restriction":false},"short-container-title":[],"published-print":{"date-parts":[[2021]]},"abstract":"<jats:p>A presente obra \u00e9 composta por um conjunto vasto de textos que, apesar da sua heterogeneidade te\u00f3rica e tem\u00e1tica, sustenta a sua unidade no facto de todos os trabalhos incidirem sobre regionalidades historiogr\u00e1ficas da \u00c9poca Contempor\u00e2nea \u2014 a teoria da hist\u00f3ria, a hist\u00f3ria empresarial, a arqueologia industrial, a did\u00e1tica da hist\u00f3ria, o patrim\u00f3nio cultural e a museologia \u2014, mas tamb\u00e9m por procurar refletir muitas das principais \u00e1reas de investiga\u00e7\u00e3o e de divulga\u00e7\u00e3o do historiador e professor Jos\u00e9 M. Amado Mendes. O facto de os coordenadores e os autores do livro serem disc\u00edpulos, colegas e amigos do Doutor Jos\u00e9 M. Amado Mendes e, naturalmente, tamb\u00e9m bons conhecedores da sua vast\u00edssima obra, acabam por refor\u00e7ar o sentido e os objetivos deste livro. Atrav\u00e9s dele, pretende-se fazer o reconhecimento p\u00fablico e uma mais que justa homenagem ao investigador, ao historiador, ao professor e ao cidad\u00e3o que \u00e9 Jos\u00e9 M. Amado Mendes. Na sua aparente diversidade, este livro acaba por refletir a admira\u00e7\u00e3o que os diferentes autores, nacionais e internacionais, demonstram ter pelo legado do Homenageado, ficando claro para todos n\u00f3s a import\u00e2ncia dos caminhos abertos pelo historiador Jos\u00e9 M. Amado Mendes.<\/jats:p>","DOI":"10.14195\/978-989-26-2229-3","type":"edited-book","created":{"date-parts":[[2022,1,19]],"date-time":"2022-01-19T12:08:22Z","timestamp":1642594102000},"source":"Crossref","is-referenced-by-count":0,"title":["Hist\u00f3ria, Empresas, Arqueologia Industrial e Museologia"],"prefix":"10.14195","author":[{"ORCID":"https:\/\/orcid.org\/0000-0003-1889-165X","authenticated-orcid":false,"given":"Irene","family":"Vaquinhas","sequence":"first","affiliation":[]},{"ORCID":"https:\/\/orcid.org\/0000-0002-3843-6577","authenticated-orcid":false,"given":"Ant\u00f3nio Rafael","family":"Amaro","sequence":"additional","affiliation":[]},{"ORCID":"https:\/\/orcid.org\/0000-0003-0419-9179","authenticated-orcid":false,"given":"Jo\u00e3o Paulo Avel\u00e3s","family":"Nunes","sequence":"additional","affiliation":[]},{"given":"Manuel Ferreira","family":"Rodrigues","sequence":"additional","affiliation":[]}],"member":"5739","container-title":[],"original-title":[],"language":"pt","deposited":{"date-parts":[[2022,1,19]],"date-time":"2022-01-19T12:08:23Z","timestamp":1642594103000},"score":1,"resource":{"primary":{"URL":"http:\/\/monographs.uc.pt\/iuc\/catalog\/book\/263"}},"subtitle":[],"short-title":[],"issued":{"date-parts":[[2021]]},"ISBN":["9789892622293","9789892622286"],"references-count":0,"URL":"https:\/\/doi.org\/10.14195\/978-989-26-2229-3","relation":{},"subject":[],"published":{"date-parts":[[2021]]}}}

1.ª Edição

<jats:p>A presente obra é composta por um conjunto vasto de textos que, apesar da sua heterogeneidade teórica e temática, sustenta a sua unidade no facto de todos os trabalhos incidirem sobre regionalidades historiográficas da Época Contemporânea — a teoria da história, a história empresarial, a arqueologia industrial, a didática da história, o património cultural e a museologia —, mas também por procurar refletir muitas das principais áreas de investigação e de divulgação do historiador e professor José M. Amado Mendes. O facto de os coordenadores e os autores do livro serem discípulos, colegas e amigos do Doutor José M. Amado Mendes e, naturalmente, também bons conhecedores da sua vastíssima obra, acabam por reforçar o sentido e os objetivos deste livro. Através dele, pretende-se fazer o reconhecimento público e uma mais que justa homenagem ao investigador, ao historiador, ao professor e ao cidadão que é José M. Amado Mendes. Na sua aparente diversidade, este livro acaba por refletir a admiração que os diferentes autores, nacionais e internacionais, demonstram ter pelo legado do Homenageado, ficando claro para todos nós a importância dos caminhos abertos pelo historiador José M. Amado Mendes.</jats:p>

História, Empresas, Arqueologia Industrial e Museologia

António Rafael

João Paulo Avelãs
