{"status":"ok","message-type":"work","message-version":"1.0.0","message":{"indexed":{"date-parts":[[2025,5,14]],"date-time":"2025-05-14T04:27:00Z","timestamp":1747196820895,"version":"3.40.5"},"edition-number":"1.\u00aa Edi\u00e7\u00e3o","reference-count":0,"publisher":"Imprensa da Universidade de Coimbra","isbn-type":[{"type":"electronic","value":"9789892622460"},{"type":"print","value":"9789892622453"}],"content-domain":{"domain":[],"crossmark-restriction":false},"short-container-title":[],"published-print":{"date-parts":[[2022]]},"abstract":"<jats:p>O Caderno destina-se a apoiar a forma\u00e7\u00e3o de estudantes de Educa\u00e7\u00e3o e de Ensino na \u00e1rea do curr\u00edculo escolar. Em concreto, inclui a sua conceptualiza\u00e7\u00e3o, grandes quest\u00f5es te\u00f3ricas que lhe s\u00e3o inerentes, bem como seu processo de desenvolvimento. Sendo o n\u00facleo da forma\u00e7\u00e3o o sistema de ensino portugu\u00eas contempor\u00e2neo, s\u00e3o necessariamente considerados contextos temporais e espaciais mais alargados.<\/jats:p>","DOI":"10.14195\/978-989-26-2246-0","type":"edited-book","created":{"date-parts":[[2022,10,13]],"date-time":"2022-10-13T13:55:39Z","timestamp":1665669339000},"source":"Crossref","is-referenced-by-count":0,"title":["Teoria e desenvolvimento curricular: Caderno Pr\u00e1tico"],"prefix":"10.14195","author":[{"ORCID":"https:\/\/orcid.org\/0000-0002-3324-4074","authenticated-orcid":false,"given":"Maria Helena","family":"Dami\u00e3o","sequence":"first","affiliation":[]}],"member":"5739","container-title":[],"original-title":[],"language":"pt","deposited":{"date-parts":[[2022,10,17]],"date-time":"2022-10-17T11:47:26Z","timestamp":1666007246000},"score":1,"resource":{"primary":{"URL":"http:\/\/monographs.uc.pt\/iuc\/catalog\/book\/297"}},"subtitle":[],"short-title":[],"issued":{"date-parts":[[2022]]},"ISBN":["9789892622460","9789892622453"],"references-count":0,"URL":"https:\/\/doi.org\/10.14195\/978-989-26-2246-0","relation":{},"subject":[],"published":{"date-parts":[[2022]]}}}

1.ª Edição

<jats:p>O Caderno destina-se a apoiar a formação de estudantes de Educação e de Ensino na área do currículo escolar. Em concreto, inclui a sua conceptualização, grandes questões teóricas que lhe são inerentes, bem como seu processo de desenvolvimento. Sendo o núcleo da formação o sistema de ensino português contemporâneo, são necessariamente considerados contextos temporais e espaciais mais alargados.</jats:p>

Teoria e desenvolvimento curricular: Caderno Prático

Damião
