{"status":"ok","message-type":"work","message-version":"1.0.0","message":{"indexed":{"date-parts":[[2025,5,14]],"date-time":"2025-05-14T04:27:01Z","timestamp":1747196821891,"version":"3.40.5"},"edition-number":"1.\u00aa Edi\u00e7\u00e3o","reference-count":0,"publisher":"Imprensa da Universidade de Coimbra","isbn-type":[{"type":"electronic","value":"9789892622514"},{"type":"print","value":"9789892622507"}],"content-domain":{"domain":[],"crossmark-restriction":false},"short-container-title":[],"published-print":{"date-parts":[[2022]]},"abstract":"<jats:p>Em Portugu\u00eas (A1+) \u00e9 um manual de portugu\u00eas para alunos estrangeiros que tem como destinat\u00e1rio preferencial o aprendente universit\u00e1rio adulto. Contudo, este n\u00e3o \u00e9 o \u00fanico destinat\u00e1rio do manual, que pode revelar-se \u00fatil para aprendentes com outros perfis, interessados na aprendizagem do portugu\u00eas como l\u00edngua estrangeira ou l\u00edngua segunda.\r\nTendo como objetivo dotar o aluno do n\u00edvel inicial de aprendizagem do portugu\u00eas de uma compet\u00eancia n\u00e3o apenas lingu\u00edstica, mas tamb\u00e9m comunicativa, tendo, ali\u00e1s, como esteio o Quadro Europeu Comum de Refer\u00eancia para as L\u00ednguas, todas as atividades e todos os textos foram criados com a inten\u00e7\u00e3o de refletir os usos efetivos do portugu\u00eas europeu contempor\u00e2neo e de, simultaneamente, simular as mais diversas situa\u00e7\u00f5es de uso do portugu\u00eas no quotidiano. Nesse sentido, o manual fornece in\u00fameras informa\u00e7\u00f5es relativas a marcas oralizantes espec\u00edficas do portugu\u00eas e em nenhum momento se evitaram palavras ou express\u00f5es mais informais ou familiares. Pretende-se, deste modo, que o aluno contacte, desde os n\u00edveis iniciais, com o portugu\u00eas que os portugueses efetivamente usam e se torne sens\u00edvel \u00e0s necessidades de adequa\u00e7\u00e3o contextual.<\/jats:p>","DOI":"10.14195\/978-989-26-2251-4","type":"edited-book","created":{"date-parts":[[2022,12,9]],"date-time":"2022-12-09T10:34:53Z","timestamp":1670582093000},"source":"Crossref","is-referenced-by-count":0,"title":["[A1+] em Portugu\u00eas: manual de portugu\u00eas l\u00edngua n\u00e3o materna"],"prefix":"10.14195","author":[{"ORCID":"https:\/\/orcid.org\/0000-0002-5193-3682","authenticated-orcid":false,"given":"Carla Sofia","family":"Ferreira","sequence":"first","affiliation":[]},{"ORCID":"https:\/\/orcid.org\/0000-0001-7860-6561","authenticated-orcid":false,"given":"Concei\u00e7\u00e3o","family":"Carapinha","sequence":"additional","affiliation":[]},{"ORCID":"https:\/\/orcid.org\/0000-0002-3791-5867","authenticated-orcid":false,"given":"Ana Paula","family":"Loureiro","sequence":"additional","affiliation":[]},{"ORCID":"https:\/\/orcid.org\/0000-0002-9335-6027","authenticated-orcid":false,"given":"Cristina","family":"Martins","sequence":"additional","affiliation":[]},{"given":"Isabel","family":"Pereira","sequence":"additional","affiliation":[]},{"ORCID":"https:\/\/orcid.org\/0000-0002-4053-7457","authenticated-orcid":false,"given":"Sandra","family":"Chapouto","sequence":"additional","affiliation":[]}],"member":"5739","container-title":[],"original-title":[],"language":"pt","deposited":{"date-parts":[[2024,2,5]],"date-time":"2024-02-05T15:10:47Z","timestamp":1707145847000},"score":1,"resource":{"primary":{"URL":"http:\/\/books.uc.pt\/book?book=1216"}},"subtitle":[],"short-title":[],"issued":{"date-parts":[[2022]]},"ISBN":["9789892622514","9789892622507"],"references-count":0,"URL":"https:\/\/doi.org\/10.14195\/978-989-26-2251-4","relation":{},"subject":[],"published":{"date-parts":[[2022]]}}}

1.ª Edição

<jats:p>Em Português (A1+) é um manual de português para alunos estrangeiros que tem como destinatário preferencial o aprendente universitário adulto. Contudo, este não é o único destinatário do manual, que pode revelar-se útil para aprendentes com outros perfis, interessados na aprendizagem do português como língua estrangeira ou língua segunda.
Tendo como objetivo dotar o aluno do nível inicial de aprendizagem do português de uma competência não apenas linguística, mas também comunicativa, tendo, aliás, como esteio o Quadro Europeu Comum de Referência para as Línguas, todas as atividades e todos os textos foram criados com a intenção de refletir os usos efetivos do português europeu contemporâneo e de, simultaneamente, simular as mais diversas situações de uso do português no quotidiano. Nesse sentido, o manual fornece inúmeras informações relativas a marcas oralizantes específicas do português e em nenhum momento se evitaram palavras ou expressões mais informais ou familiares. Pretende-se, deste modo, que o aluno contacte, desde os níveis iniciais, com o português que os portugueses efetivamente usam e se torne sensível às necessidades de adequação contextual.</jats:p>

[A1+] em Português: manual de português língua não materna

Conceição
