{"status":"ok","message-type":"work","message-version":"1.0.0","message":{"indexed":{"date-parts":[[2025,5,14]],"date-time":"2025-05-14T04:27:03Z","timestamp":1747196823332,"version":"3.40.5"},"edition-number":"1.\u00aa Edi\u00e7\u00e3o","reference-count":0,"publisher":"Imprensa da Universidade de Coimbra","isbn-type":[{"type":"electronic","value":"9789892622774"},{"type":"print","value":"9789892622767"}],"content-domain":{"domain":[],"crossmark-restriction":false},"short-container-title":[],"published-print":{"date-parts":[[2022]]},"abstract":"<jats:p>Este livro re\u00fane uma sele\u00e7\u00e3o de textos resultantes das primeiras tr\u00eas edi\u00e7\u00f5es da \u201cC\u00e1tedra OIT\u201d, constitu\u00edda na base de um protocolo celebrado entre a Universidade de Coimbra, atrav\u00e9s da Faculdade de Economia (FEUC), e a Organiza\u00e7\u00e3o Internacional do Trabalho (OIT), em 2017.&lt;\/p&gt;\r\n&lt;p&gt;O livro est\u00e1 organizado em 4 partes, cada uma delas composta por dois cap\u00edtulos e remetendo para um agrupamento tem\u00e1tico relevante sobre o futuro do trabalho: i) o legado hist\u00f3rico da OIT e seu contributo para o trabalho decente; ii) padr\u00f5es de trabalho, empregos e desafios clim\u00e1ticos; iii) desigualdades, trabalho e clivagens de g\u00e9nero; iv) trabalho, economia digital e direito \u00e0 desconex\u00e3o.\r\nCada um dos 8 cap\u00edtulos \u00e9 objeto de um coment\u00e1rio espec\u00edfico, elaborado em textos de coautoria por parte de docentes da FEUC e\/ou investigadores dos seus principais centros de investiga\u00e7\u00e3o (Centro de Estudos Sociais e Centre for Business and Economics Research). A partir de vis\u00f5es disciplinares distintas, que comp\u00f5em a comunidade FEUC, s\u00e3o, assim, produzidos di\u00e1logos com a OIT sobre o futuro do trabalho.<\/jats:p>","DOI":"10.14195\/978-989-26-2277-4","type":"edited-book","created":{"date-parts":[[2022,10,10]],"date-time":"2022-10-10T15:00:44Z","timestamp":1665414044000},"source":"Crossref","is-referenced-by-count":0,"title":["A \u201cC\u00e1tedra OIT\u201d na FEUC: Palestras sobre o futuro do trabalho"],"prefix":"10.14195","author":[{"ORCID":"https:\/\/orcid.org\/0000-0001-7873-4440","authenticated-orcid":false,"given":"Hermes Augusto","family":"Costa","sequence":"first","affiliation":[]}],"member":"5739","container-title":[],"original-title":[],"language":"pt","deposited":{"date-parts":[[2022,10,10]],"date-time":"2022-10-10T15:00:46Z","timestamp":1665414046000},"score":1,"resource":{"primary":{"URL":"http:\/\/monographs.uc.pt\/iuc\/catalog\/book\/296"}},"subtitle":[],"short-title":[],"issued":{"date-parts":[[2022]]},"ISBN":["9789892622774","9789892622767"],"references-count":0,"URL":"https:\/\/doi.org\/10.14195\/978-989-26-2277-4","relation":{},"subject":[],"published":{"date-parts":[[2022]]}}}

1.ª Edição

<jats:p>Este livro reúne uma seleção de textos resultantes das primeiras três edições da “Cátedra OIT”, constituída na base de um protocolo celebrado entre a Universidade de Coimbra, através da Faculdade de Economia (FEUC), e a Organização Internacional do Trabalho (OIT), em 2017.&lt;/p&gt;
&lt;p&gt;O livro está organizado em 4 partes, cada uma delas composta por dois capítulos e remetendo para um agrupamento temático relevante sobre o futuro do trabalho: i) o legado histórico da OIT e seu contributo para o trabalho decente; ii) padrões de trabalho, empregos e desafios climáticos; iii) desigualdades, trabalho e clivagens de género; iv) trabalho, economia digital e direito à desconexão.
Cada um dos 8 capítulos é objeto de um comentário específico, elaborado em textos de coautoria por parte de docentes da FEUC e/ou investigadores dos seus principais centros de investigação (Centro de Estudos Sociais e Centre for Business and Economics Research). A partir de visões disciplinares distintas, que compõem a comunidade FEUC, são, assim, produzidos diálogos com a OIT sobre o futuro do trabalho.</jats:p>

A “Cátedra OIT” na FEUC: Palestras sobre o futuro do trabalho
