{"status":"ok","message-type":"work","message-version":"1.0.0","message":{"indexed":{"date-parts":[[2025,5,14]],"date-time":"2025-05-14T04:27:22Z","timestamp":1747196842993,"version":"3.40.5"},"edition-number":"1.\u00aa Edi\u00e7\u00e3o","reference-count":0,"publisher":"Imprensa da Universidade de Coimbra","isbn-type":[{"type":"electronic","value":"9789892625300"},{"type":"print","value":"9789892625294"}],"content-domain":{"domain":[],"crossmark-restriction":false},"short-container-title":[],"published-print":{"date-parts":[[2024]]},"abstract":"<jats:p>Mundos de l\u00edngua portuguesa - olhares cruzados apresenta a s\u00edntese do debate cient\u00edfico que v\u00e1rios especialistas ligados \u00e0 Associa\u00e7\u00e3o Internacional de Lusitanistas compartilharam na cidade de Roma, em tempo de pandemia. Neste volume s\u00e3o reunidos estudos sobre o portugu\u00eas e a did\u00e1tica da l\u00edngua portuguesa nas suas variedades, que v\u00e3o da gram\u00e1tica hist\u00f3rica \u00e0 comunica\u00e7\u00e3o publicit\u00e1ria, das tradu\u00e7\u00f5es econ\u00f3micas \u00e0s tecnologias para a sala de aula, do ensino-aprendizagem no s\u00e9c. XVI ao portugu\u00eas jur\u00eddico de hoje, do infinito pessoal \u00e0 clivagem, sem esquecer o eixo diacr\u00f3nico, sociol\u00f3gico e pragm\u00e1tico.<\/jats:p>","DOI":"10.14195\/978-989-26-2530-0","type":"edited-book","created":{"date-parts":[[2024,2,22]],"date-time":"2024-02-22T10:06:46Z","timestamp":1708596406000},"source":"Crossref","is-referenced-by-count":0,"title":["Mundos de l\u00edngua portuguesa \u2013 olhares cruzados (I): Temas de lingu\u00edstica e did\u00e1tica"],"prefix":"10.14195","author":[{"ORCID":"https:\/\/orcid.org\/0000-0002-2776-2094","authenticated-orcid":false,"given":"Valeria","family":"Tocco","sequence":"first","affiliation":[]},{"ORCID":"https:\/\/orcid.org\/0000-0001-8772-3807","authenticated-orcid":false,"given":"Filipa Medeiros","family":"Ara\u00fajo","sequence":"additional","affiliation":[]},{"ORCID":"https:\/\/orcid.org\/0000-0003-3390-1406","authenticated-orcid":false,"given":"Carlos Ascenso","family":"Andr\u00e9","sequence":"additional","affiliation":[]}],"member":"5739","container-title":[],"original-title":[],"language":"pt","deposited":{"date-parts":[[2024,2,22]],"date-time":"2024-02-22T10:06:58Z","timestamp":1708596418000},"score":1,"resource":{"primary":{"URL":"http:\/\/monographs.uc.pt\/iuc\/catalog\/book\/423"}},"subtitle":[],"short-title":[],"issued":{"date-parts":[[2024]]},"ISBN":["9789892625300","9789892625294"],"references-count":0,"URL":"https:\/\/doi.org\/10.14195\/978-989-26-2530-0","relation":{},"subject":[],"published":{"date-parts":[[2024]]}}}

1.ª Edição

<jats:p>Mundos de língua portuguesa - olhares cruzados apresenta a síntese do debate científico que vários especialistas ligados à Associação Internacional de Lusitanistas compartilharam na cidade de Roma, em tempo de pandemia. Neste volume são reunidos estudos sobre o português e a didática da língua portuguesa nas suas variedades, que vão da gramática histórica à comunicação publicitária, das traduções económicas às tecnologias para a sala de aula, do ensino-aprendizagem no séc. XVI ao português jurídico de hoje, do infinito pessoal à clivagem, sem esquecer o eixo diacrónico, sociológico e pragmático.</jats:p>

Mundos de língua portuguesa – olhares cruzados (I): Temas de linguística e didática

Araújo

André
