{"status":"ok","message-type":"work","message-version":"1.0.0","message":{"indexed":{"date-parts":[[2025,5,14]],"date-time":"2025-05-14T04:27:24Z","timestamp":1747196844224,"version":"3.40.5"},"edition-number":"1.\u00aa Edi\u00e7\u00e3o","reference-count":0,"publisher":"Imprensa da Universidade de Coimbra","isbn-type":[{"type":"electronic","value":"9789892625423"},{"type":"print","value":"9789892625416"}],"content-domain":{"domain":[],"crossmark-restriction":false},"short-container-title":[],"published-print":{"date-parts":[[2023]]},"abstract":"<jats:p>\r\nEste livro, elaborado no \u00e2mbito do projeto COMEDIG - Compet\u00eancias de Literacia Digital e Medi\u00e1tica em Portugal, visa contribuir para a promo\u00e7\u00e3o da literacia digital e medi\u00e1tica de crian\u00e7as e jovens.\r\n\r\nNum contexto de crescente ubiquidade dos media digitais, \u00e9 fundamental que crian\u00e7as e jovens desenvolvam compet\u00eancias de uso e de leitura cr\u00edtica dos media que t\u00eam \u00e0 sua disposi\u00e7\u00e3o, de express\u00e3o e de participa\u00e7\u00e3o nos e atrav\u00e9s dos media, bem como h\u00e1bitos de questionamento cr\u00edtico, cont\u00ednuo, das suas pr\u00e1ticas medi\u00e1ticas, enquanto consumidores e produtores\/comunicadores.\r\n\r\nO livro alia uma componente te\u00f3rica de fundamenta\u00e7\u00e3o das pr\u00e1ticas de educa\u00e7\u00e3o para os media a um conjunto de propostas de atividades e de recursos, que abordam temas relevantes e atuais nesta \u00e1rea, explicitando-se a sua articula\u00e7\u00e3o com as orienta\u00e7\u00f5es curriculares do ensino b\u00e1sico e secund\u00e1rio.\r\n\r\nAtendendo ao papel fundamental da escola neste dom\u00ednio, o livro foi desenhado a pensar, sobretudo, nos\/as professores\/as do ensino b\u00e1sico e secund\u00e1rio. No entanto, poder\u00e1 ser igualmente \u00fatil para outros\/as professores\/as e profissionais que trabalhem com crian\u00e7as e jovens na escola e\/ou noutros contextos de educa\u00e7\u00e3o e de forma\u00e7\u00e3o.<\/jats:p>","DOI":"10.14195\/978-989-26-2542-3","type":"edited-book","created":{"date-parts":[[2024,1,29]],"date-time":"2024-01-29T09:40:27Z","timestamp":1706521227000},"source":"Crossref","is-referenced-by-count":0,"title":["Educa\u00e7\u00e3o para os media em pr\u00e1tica"],"prefix":"10.14195","author":[{"ORCID":"https:\/\/orcid.org\/0000-0003-0802-5870","authenticated-orcid":false,"given":"Armanda P. M.","family":"Matos","sequence":"first","affiliation":[]}],"member":"5739","container-title":[],"original-title":[],"language":"pt","deposited":{"date-parts":[[2024,1,29]],"date-time":"2024-01-29T09:40:30Z","timestamp":1706521230000},"score":1,"resource":{"primary":{"URL":"http:\/\/monographs.uc.pt\/iuc\/catalog\/book\/419"}},"subtitle":[],"short-title":[],"issued":{"date-parts":[[2023]]},"ISBN":["9789892625423","9789892625416"],"references-count":0,"URL":"https:\/\/doi.org\/10.14195\/978-989-26-2542-3","relation":{},"subject":[],"published":{"date-parts":[[2023]]}}}

1.ª Edição

<jats:p>
Este livro, elaborado no âmbito do projeto COMEDIG - Competências de Literacia Digital e Mediática em Portugal, visa contribuir para a promoção da literacia digital e mediática de crianças e jovens.

Num contexto de crescente ubiquidade dos media digitais, é fundamental que crianças e jovens desenvolvam competências de uso e de leitura crítica dos media que têm à sua disposição, de expressão e de participação nos e através dos media, bem como hábitos de questionamento crítico, contínuo, das suas práticas mediáticas, enquanto consumidores e produtores/comunicadores.

O livro alia uma componente teórica de fundamentação das práticas de educação para os media a um conjunto de propostas de atividades e de recursos, que abordam temas relevantes e atuais nesta área, explicitando-se a sua articulação com as orientações curriculares do ensino básico e secundário.

Atendendo ao papel fundamental da escola neste domínio, o livro foi desenhado a pensar, sobretudo, nos/as professores/as do ensino básico e secundário. No entanto, poderá ser igualmente útil para outros/as professores/as e profissionais que trabalhem com crianças e jovens na escola e/ou noutros contextos de educação e de formação.</jats:p>

Educação para os media em prática
