{"status":"ok","message-type":"work","message-version":"1.0.0","message":{"indexed":{"date-parts":[[2025,4,2]],"date-time":"2025-04-02T08:10:20Z","timestamp":1743581420553,"version":"3.40.3"},"edition-number":"1.\u00aa Edi\u00e7\u00e3o","reference-count":0,"publisher":"Imprensa da Universidade de Coimbra","isbn-type":[{"value":"9789892627236","type":"electronic"},{"value":"9789892627229","type":"print"}],"content-domain":{"domain":[],"crossmark-restriction":false},"short-container-title":[],"published-print":{"date-parts":[[2025]]},"abstract":"<jats:p>A 24 de maio de 2024, a Sec\u00e7\u00e3o de Comunica\u00e7\u00e3o do Departamento de Filosofia, Comunica\u00e7\u00e3o e Informa\u00e7\u00e3o da Faculdade de Letras da Universidade de Coimbra encerrou, pois, as comemora\u00e7\u00f5es dos 30 anos do Curso de Jornalismo com um col\u00f3quio em homenagem a um dos fundadores do curso e nome maior da \u00e1rea em Portugal, o Doutor M\u00e1rio Mesquita. Foi um momento que reuniu acad\u00e9micos, estudantes e profissionais para pensar o jornalismo hoje \u00e0 luz do pensamento legado por M\u00e1rio Mesquita.<\/jats:p>","DOI":"10.14195\/978-989-26-2723-6","type":"edited-book","created":{"date-parts":[[2025,4,2]],"date-time":"2025-04-02T07:57:43Z","timestamp":1743580663000},"source":"Crossref","is-referenced-by-count":0,"title":["Pensar o Jornalismo [com M\u00e1rio Mesquita]: Nos 30 anos de Ensino de Jornalismo na Universidade de Coimbra"],"prefix":"10.14195","author":[{"ORCID":"https:\/\/orcid.org\/0000-0002-4533-7921","authenticated-orcid":false,"given":"Ana Teresa","family":"Peixinho","sequence":"first","affiliation":[]},{"ORCID":"https:\/\/orcid.org\/0000-0002-9122-387X","authenticated-orcid":false,"given":"Clara Almeida","family":"Santos","sequence":"additional","affiliation":[]},{"ORCID":"https:\/\/orcid.org\/0009-0008-0505-2607","authenticated-orcid":false,"given":"Tiago Est\u00eav\u00e3o","family":"Martins","sequence":"additional","affiliation":[]}],"member":"5739","container-title":[],"original-title":[],"language":"pt","deposited":{"date-parts":[[2025,4,2]],"date-time":"2025-04-02T07:57:44Z","timestamp":1743580664000},"score":1,"resource":{"primary":{"URL":"https:\/\/monographs.uc.pt\/iuc\/catalog\/book\/504"}},"subtitle":[],"short-title":[],"issued":{"date-parts":[[2025]]},"ISBN":["9789892627236","9789892627229"],"references-count":0,"URL":"https:\/\/doi.org\/10.14195\/978-989-26-2723-6","relation":{},"subject":[],"published":{"date-parts":[[2025]]}}}

1.ª Edição

<jats:p>A 24 de maio de 2024, a Secção de Comunicação do Departamento de Filosofia, Comunicação e Informação da Faculdade de Letras da Universidade de Coimbra encerrou, pois, as comemorações dos 30 anos do Curso de Jornalismo com um colóquio em homenagem a um dos fundadores do curso e nome maior da área em Portugal, o Doutor Mário Mesquita. Foi um momento que reuniu académicos, estudantes e profissionais para pensar o jornalismo hoje à luz do pensamento legado por Mário Mesquita.</jats:p>

Pensar o Jornalismo [com Mário Mesquita]: Nos 30 anos de Ensino de Jornalismo na Universidade de Coimbra

Tiago Estêvão
