{"status":"ok","message-type":"work","message-version":"1.0.0","message":{"indexed":{"date-parts":[[2026,3,25]],"date-time":"2026-03-25T13:45:27Z","timestamp":1774446327266,"version":"3.50.1"},"edition-number":"1.\u00aa Edi\u00e7\u00e3o","reference-count":0,"publisher":"Imprensa da Universidade de Coimbra","isbn-type":[{"value":"9789892628493","type":"electronic"},{"value":"9789892628486","type":"print"}],"content-domain":{"domain":[],"crossmark-restriction":false},"short-container-title":[],"published-print":{"date-parts":[[2026]]},"abstract":"<jats:p>A Revolu\u00e7\u00e3o de Abril foi um ponto de viragem na hist\u00f3ria pol\u00edtica, social e cultural portuguesa. Meio s\u00e9culo volvido sobre esta data, o Col\u00f3quio \u2018Narrativas da Revolu\u00e7\u00e3o\u2019, organizado pelo Centro de Literatura Portuguesa (CLP) e pelo Centro de Estudos Interdisciplinares da Universidade de Coimbra (CEIS20), reuniu um conjunto de investigadoras e investigadores provenientes de dois campos disciplinares \u2013 os Estudos Liter\u00e1rios e as Ci\u00eancias da Comunica\u00e7\u00e3o \u2013 numa jornada de reflex\u00e3o sobre as repercuss\u00f5es desta Revolu\u00e7\u00e3o na literatura e no jornalismo.<\/jats:p>","DOI":"10.14195\/978-989-26-2849-3","type":"edited-book","created":{"date-parts":[[2026,3,25]],"date-time":"2026-03-25T11:41:01Z","timestamp":1774438861000},"source":"Crossref","is-referenced-by-count":0,"title":["Narrativas da Revolu\u00e7\u00e3o: 50 Anos de Abril"],"prefix":"10.14195","author":[{"ORCID":"https:\/\/orcid.org\/0000-0001-9853-5940","authenticated-orcid":false,"given":"Ana Paula","family":"Arnaut","sequence":"first","affiliation":[]},{"ORCID":"https:\/\/orcid.org\/0000-0002-4533-7921","authenticated-orcid":false,"given":"Ana Teresa","family":"Peixinho","sequence":"additional","affiliation":[]}],"member":"5739","container-title":[],"original-title":[],"language":"pt","deposited":{"date-parts":[[2026,3,25]],"date-time":"2026-03-25T11:41:01Z","timestamp":1774438861000},"score":1,"resource":{"primary":{"URL":"https:\/\/monographs.uc.pt\/iuc\/catalog\/book\/566"}},"subtitle":[],"short-title":[],"issued":{"date-parts":[[2026]]},"ISBN":["9789892628493","9789892628486"],"references-count":0,"URL":"https:\/\/doi.org\/10.14195\/978-989-26-2849-3","relation":{},"subject":[],"published":{"date-parts":[[2026]]}}}

1.ª Edição

<jats:p>A Revolução de Abril foi um ponto de viragem na história política, social e cultural portuguesa. Meio século volvido sobre esta data, o Colóquio ‘Narrativas da Revolução’, organizado pelo Centro de Literatura Portuguesa (CLP) e pelo Centro de Estudos Interdisciplinares da Universidade de Coimbra (CEIS20), reuniu um conjunto de investigadoras e investigadores provenientes de dois campos disciplinares – os Estudos Literários e as Ciências da Comunicação – numa jornada de reflexão sobre as repercussões desta Revolução na literatura e no jornalismo.</jats:p>

Narrativas da Revolução: 50 Anos de Abril
