{"status":"ok","message-type":"work","message-version":"1.0.0","message":{"indexed":{"date-parts":[[2026,2,27]],"date-time":"2026-02-27T21:44:57Z","timestamp":1772228697990,"version":"3.50.1"},"publisher-location":"Bielefeld, Germany","edition-number":"1","reference-count":0,"publisher":"Bielefeld University Press \/ transcript Verlag","isbn-type":[{"value":"9783837669671","type":"print"},{"value":"9783839469675","type":"electronic"}],"license":[{"start":{"date-parts":[[2024,4,19]],"date-time":"2024-04-19T00:00:00Z","timestamp":1713484800000},"content-version":"vor","delay-in-days":0,"URL":"https:\/\/creativecommons.org\/licenses\/by\/4.0\/"}],"content-domain":{"domain":[],"crossmark-restriction":false},"short-container-title":[],"published-print":{"date-parts":[[2024,4,19]]},"abstract":"<jats:p>Die Rahmenbedingungen f\u00fcr Projekte in den Digital Humanities k\u00f6nnen herausfordernd sein: Zum einen ist die Innovationserwartung beteiligter Institutionen und F\u00f6rdergeber ungebremst. Zum anderen bed\u00fcrfen die Koordination interdisziplin\u00e4rer, komplexer Gro\u00dfvorhaben sowie der Aufbau von Forschungsinfrastruktur und -services einer Professionalisierung des Projektmanagements. Die Beitr\u00e4ger*innen geben Einblicke in unterschiedliche Praktiken und versammeln Sichtweisen aus der Fachcommunity. Damit gehen sie den ersten Schritt, um das T\u00e4tigkeitsfeld in den deutschsprachigen Fachdiskurs zu holen - und zeigen durch theoriegeleitete Reflexionen methodologische Ans\u00e4tze zu einer Weiterentwicklung des Wissenschaftsmanagements auf.<\/jats:p>","DOI":"10.14361\/9783839469675","type":"edited-book","created":{"date-parts":[[2024,2,5]],"date-time":"2024-02-05T09:02:05Z","timestamp":1707123725000},"source":"Crossref","is-referenced-by-count":0,"title":["Projektmanagement und Digital Humanities"],"prefix":"10.14361","member":"5471","published-online":{"date-parts":[[2024,5,6]]},"container-title":["Digital Humanities Research"],"original-title":[],"language":"de","deposited":{"date-parts":[[2024,5,28]],"date-time":"2024-05-28T09:08:07Z","timestamp":1716887287000},"score":1,"resource":{"primary":{"URL":"https:\/\/www.transcript-open.de\/isbn\/6967"}},"subtitle":["Zur klugen Gestaltung der Zusammenarbeit"],"editor":[{"ORCID":"https:\/\/orcid.org\/0000-0001-8251-9727","authenticated-orcid":true,"given":"Fabian","family":"Cremer","sequence":"first","affiliation":[]},{"ORCID":"https:\/\/orcid.org\/0000-0002-5293-7044","authenticated-orcid":true,"given":"Swantje","family":"Dogunke","sequence":"additional","affiliation":[{"name":"Universit\u00e4ts- und Landesbibliothek Jena, Deutschland"}]},{"ORCID":"https:\/\/orcid.org\/0000-0002-7528-1842","authenticated-orcid":true,"given":"Anna Maria","family":"Neubert","sequence":"additional","affiliation":[{"name":"Universit\u00e4t Bielefeld, Deutschland"}]},{"ORCID":"https:\/\/orcid.org\/0000-0001-8172-6097","authenticated-orcid":true,"given":"Thorsten","family":"W\u00fcbbena","sequence":"additional","affiliation":[{"name":"Leibniz-Institut f\u00fcr Europ\u00e4ische Geschichte, Deutschland"}]}],"short-title":[],"issued":{"date-parts":[[2024,4,19]]},"ISBN":["9783837669671","9783839469675"],"references-count":0,"URL":"https:\/\/doi.org\/10.14361\/9783839469675","relation":{"is-identical-to":[{"id-type":"doi","id":"10.1515\/9783839469675","asserted-by":"object"}]},"ISSN":["2747-5476","2749-1986"],"issn-type":[{"value":"2747-5476","type":"print"},{"value":"2749-1986","type":"electronic"}],"subject":[],"published":{"date-parts":[[2024,4,19]]}}}

<jats:p>Die Rahmenbedingungen für Projekte in den Digital Humanities können herausfordernd sein: Zum einen ist die Innovationserwartung beteiligter Institutionen und Fördergeber ungebremst. Zum anderen bedürfen die Koordination interdisziplinärer, komplexer Großvorhaben sowie der Aufbau von Forschungsinfrastruktur und -services einer Professionalisierung des Projektmanagements. Die Beiträger*innen geben Einblicke in unterschiedliche Praktiken und versammeln Sichtweisen aus der Fachcommunity. Damit gehen sie den ersten Schritt, um das Tätigkeitsfeld in den deutschsprachigen Fachdiskurs zu holen - und zeigen durch theoriegeleitete Reflexionen methodologische Ansätze zu einer Weiterentwicklung des Wissenschaftsmanagements auf.</jats:p>

Universitäts- und Landesbibliothek Jena, Deutschland

Universität Bielefeld, Deutschland

Wübbena

Leibniz-Institut für Europäische Geschichte, Deutschland
