{"status":"ok","message-type":"work","message-version":"1.0.0","message":{"indexed":{"date-parts":[[2025,2,21]],"date-time":"2025-02-21T00:21:00Z","timestamp":1740097260674,"version":"3.37.3"},"edition-number":"1","reference-count":0,"publisher":"Axioma - Publica\u00e7\u00f5es da Faculdade de Filosofia","isbn-type":[{"type":"print","value":"9789726972556"}],"content-domain":{"domain":[],"crossmark-restriction":false},"short-container-title":[],"DOI":"10.17990\/axi\/2016_9789726972556_197","type":"book-chapter","created":{"date-parts":[[2016,6,29]],"date-time":"2016-06-29T16:05:28Z","timestamp":1467216328000},"page":"197-208","source":"Crossref","is-referenced-by-count":1,"title":["Bem-estar subjetivo e trabalho: relev\u00e2ncia da satisfa\u00e7\u00e3o, sucesso e longevidade laborais"],"prefix":"10.17990","author":[{"ORCID":"https:\/\/orcid.org\/0000-0002-6630-9831","authenticated-orcid":false,"given":"Rosina","family":"Fernandes","sequence":"first","affiliation":[]},{"ORCID":"https:\/\/orcid.org\/0000-0003-1733-5854","authenticated-orcid":false,"given":"Joaquim","family":"Ferreira","sequence":"additional","affiliation":[]},{"ORCID":"https:\/\/orcid.org\/0000-0002-3438-452X","authenticated-orcid":false,"given":"Em\u00edlia","family":"Martins","sequence":"additional","affiliation":[]}],"member":"7329","published-online":{"date-parts":[[2016,6,27]]},"container-title":["Psicologia do Trabalho e das Organiza\u00e7\u00f5es: Contributos"],"original-title":[],"deposited":{"date-parts":[[2016,7,1]],"date-time":"2016-07-01T13:03:20Z","timestamp":1467378200000},"score":1,"resource":{"primary":{"URL":"http:\/\/www.publicacoesfacfil.pt\/product.php?id_product=883"}},"subtitle":[],"short-title":[],"issued":{"date-parts":[[2016,6,27]]},"ISBN":["9789726972556"],"references-count":0,"URL":"https:\/\/doi.org\/10.17990\/axi\/2016_9789726972556_197","relation":{},"subject":[],"published":{"date-parts":[[2016,6,27]]}}}

Axioma - Publicações da Faculdade de Filosofia

Bem-estar subjetivo e trabalho: relevância da satisfação, sucesso e longevidade laborais

Emília

Psicologia do Trabalho e das Organizações: Contributos
