{"status":"ok","message-type":"work","message-version":"1.0.0","message":{"indexed":{"date-parts":[[2022,3,29]],"date-time":"2022-03-29T14:35:58Z","timestamp":1648564558338},"reference-count":0,"publisher":"Faculdade de Letras da Universidade do Porto e Centro de Lingu\u00edstica da Universidade do Porto","content-domain":{"domain":[],"crossmark-restriction":false},"short-container-title":[],"DOI":"10.21747\/978-989-8969-20-0\/linga4","type":"book-chapter","created":{"date-parts":[[2020,2,4]],"date-time":"2020-02-04T06:35:48Z","timestamp":1580798148000},"page":"47-60","source":"Crossref","is-referenced-by-count":0,"title":["A refl ex\u00e3o gramatical na aula de l\u00edngua materna: porqu\u00ea? quando? como?"],"prefix":"10.21747","author":[{"given":"Ana Maria","family":"Brito","sequence":"first","affiliation":[]},{"given":"Celda","family":"Morgado","sequence":"additional","affiliation":[]},{"given":"Maria do Carmo","family":"Oliveira","sequence":"additional","affiliation":[]}],"member":"9208","published-online":{"date-parts":[[2019]]},"container-title":["A lingu\u00edstica na forma\u00e7\u00e3o do professor : das teorias \u00e0s pr\u00e1ticas"],"original-title":[],"deposited":{"date-parts":[[2020,2,4]],"date-time":"2020-02-04T06:35:55Z","timestamp":1580798155000},"score":1,"resource":{"primary":{"URL":"https:\/\/ler.letras.up.pt\/uploads\/ficheiros\/17945.pdf"}},"subtitle":[],"short-title":[],"issued":{"date-parts":[[2019]]},"references-count":0,"URL":"https:\/\/doi.org\/10.21747\/978-989-8969-20-0\/linga4","relation":{},"subject":[],"published":{"date-parts":[[2019]]}}}

Faculdade de Letras da Universidade do Porto e Centro de Linguística da Universidade do Porto

A refl exão gramatical na aula de língua materna: porquê? quando? como?

A linguística na formação do professor : das teorias às práticas
