{"status":"ok","message-type":"work","message-version":"1.0.0","message":{"indexed":{"date-parts":[[2024,8,7]],"date-time":"2024-08-07T03:05:11Z","timestamp":1722999911253},"reference-count":0,"publisher":"FLUP-CITCEM","isbn-type":[{"type":"print","value":"9789898970251"}],"content-domain":{"domain":[],"crossmark-restriction":false},"short-container-title":[],"abstract":"<jats:p>The statue-menhir of Pedr\u00e3o was studied and revaluated in 2018 and it was found that it had a head, a rounded base and engravings, some of them destroyed by the anthropic action. It was found that the arrangement of the eight cup-marks on the south face, if joined, would form the typical rectangular motif of the northwestern Iberian Peninsula statues-menhirs, so it should be included in this group and in the same generic age. This statue-menhir is out of place, although testimonies and popular traditions indicate that it would be close to its original context: on the coastal platform in front of Mount of Sanfins. It will has functioned as a symbol of identity and power marking a geostrategic place of encounter between populations for religious, social and exchange purposes<\/jats:p>","DOI":"10.21747\/978-989-8970-25-1\/arqa72","type":"book-chapter","created":{"date-parts":[[2020,11,18]],"date-time":"2020-11-18T10:15:45Z","timestamp":1605694545000},"page":"1001-1014","source":"Crossref","is-referenced-by-count":0,"title":["A est\u00e1tua-menir do Pedr\u00e3o ou de S\u00e3o Bartolomeu do Mar (Esposende, noroeste de Portugal) no contexto arqueol\u00f3gico da fachada costeira de entre os rios Neiva e C\u00e1vado"],"prefix":"10.21747","author":[{"given":"Ana M. S.","family":"Bettencourt","sequence":"first","affiliation":[]},{"given":"Manuel","family":"Santos-Est\u00e9vez","sequence":"additional","affiliation":[]},{"given":"Pedro Pimenta","family":"Sim\u00f5es","sequence":"additional","affiliation":[]},{"given":"Lu\u00eds","family":"Gon\u00e7alves","sequence":"additional","affiliation":[]}],"member":"9208","published-online":{"date-parts":[[2020]]},"container-title":["Arqueologia em Portugal 2020 - Estado da Quest\u00e3o - Textos"],"original-title":[],"deposited":{"date-parts":[[2021,1,21]],"date-time":"2021-01-21T13:04:48Z","timestamp":1611234288000},"score":1,"resource":{"primary":{"URL":"http:\/\/museuarqueologicodocarmo.pt\/publicacoes\/outras_publicacoes\/III_congresso_actas\/artigos\/Art6.2_IIICAAP.pdf"}},"subtitle":[],"short-title":[],"issued":{"date-parts":[[2020]]},"ISBN":["9789898970251"],"references-count":0,"URL":"https:\/\/doi.org\/10.21747\/978-989-8970-25-1\/arqa72","relation":{},"subject":[],"published":{"date-parts":[[2020]]}}}

<jats:p>The statue-menhir of Pedrão was studied and revaluated in 2018 and it was found that it had a head, a rounded base and engravings, some of them destroyed by the anthropic action. It was found that the arrangement of the eight cup-marks on the south face, if joined, would form the typical rectangular motif of the northwestern Iberian Peninsula statues-menhirs, so it should be included in this group and in the same generic age. This statue-menhir is out of place, although testimonies and popular traditions indicate that it would be close to its original context: on the coastal platform in front of Mount of Sanfins. It will has functioned as a symbol of identity and power marking a geostrategic place of encounter between populations for religious, social and exchange purposes</jats:p>

A estátua-menir do Pedrão ou de São Bartolomeu do Mar (Esposende, noroeste de Portugal) no contexto arqueológico da fachada costeira de entre os rios Neiva e Cávado

Santos-Estévez

Simões

Luís

Gonçalves

Arqueologia em Portugal 2020 - Estado da Questão - Textos
