{"status":"ok","message-type":"work","message-version":"1.0.0","message":{"indexed":{"date-parts":[[2024,8,7]],"date-time":"2024-08-07T03:05:11Z","timestamp":1722999911345},"reference-count":0,"publisher":"FLUP-CITCEM","isbn-type":[{"type":"print","value":"9789898970251"}],"content-domain":{"domain":[],"crossmark-restriction":false},"short-container-title":[],"abstract":"<jats:p>This work intends to update the knowledge related to the human occupation of \u201cCastro do Muro\u201d from the Bronze Age to the Middle Ages. This place has a significant tradition in archaeological literature due to the presence of an imposing walled circuit, whose width oscillates between 3.5 to 4 meters and a perimeter of 3.927 meters, within which was built an important settlement that emerged during the Late Bronze Age and extends to the Old Iron Age. There was also a Roman occupation, a probable rock castle and a medieval monastery, as attested by the ceramic, lithic and metallic materials collected in archaeological works and surface findings.<\/jats:p>","DOI":"10.21747\/978-989-8970-25-1\/arqa73","type":"book-chapter","created":{"date-parts":[[2020,11,18]],"date-time":"2020-11-18T10:15:45Z","timestamp":1605694545000},"page":"1015-1030","source":"Crossref","is-referenced-by-count":0,"title":["O Castro do Muro (Vandoma\/Baltar, Paredes) \u2013 notas para uma biografia de ocupa\u00e7\u00e3o da Idade do Bronze \u00e0 Idade M\u00e9dia"],"prefix":"10.21747","author":[{"given":"Maria Ant\u00f3nia D.","family":"Silva","sequence":"first","affiliation":[]},{"given":"Ana M. S.","family":"Bettencourt","sequence":"additional","affiliation":[]},{"given":"Ant\u00f3nio Manuel S. P","family":"Silva","sequence":"additional","affiliation":[]},{"given":"Nat\u00e1lia","family":"F\u00e9lix","sequence":"additional","affiliation":[]}],"member":"9208","published-online":{"date-parts":[[2020]]},"container-title":["Arqueologia em Portugal 2020 - Estado da Quest\u00e3o - Textos"],"original-title":[],"deposited":{"date-parts":[[2021,1,21]],"date-time":"2021-01-21T13:04:49Z","timestamp":1611234289000},"score":1,"resource":{"primary":{"URL":"http:\/\/museuarqueologicodocarmo.pt\/publicacoes\/outras_publicacoes\/III_congresso_actas\/artigos\/Art6.3_IIICAAP.pdf"}},"subtitle":[],"short-title":[],"issued":{"date-parts":[[2020]]},"ISBN":["9789898970251"],"references-count":0,"URL":"https:\/\/doi.org\/10.21747\/978-989-8970-25-1\/arqa73","relation":{},"subject":[],"published":{"date-parts":[[2020]]}}}

O Castro do Muro (Vandoma/Baltar, Paredes) – notas para uma biografia de ocupação da Idade do Bronze à Idade Média

Maria Antónia D.

António Manuel S. P

Natália

Félix

Arqueologia em Portugal 2020 - Estado da Questão - Textos
