{"status":"ok","message-type":"work","message-version":"1.0.0","message":{"indexed":{"date-parts":[[2024,8,7]],"date-time":"2024-08-07T05:18:22Z","timestamp":1723007902699},"edition-number":"1","reference-count":0,"publisher":"Antonella Carvalho de Oliveira","isbn-type":[{"type":"print","value":"9788572471701"}],"content-domain":{"domain":[],"crossmark-restriction":false},"short-container-title":[],"DOI":"10.22533\/at.ed.7011912034","type":"book-chapter","created":{"date-parts":[[2019,3,15]],"date-time":"2019-03-15T20:49:16Z","timestamp":1552682956000},"page":"44-61","source":"Crossref","is-referenced-by-count":0,"title":["DOR CR\u00d3NICA, ANSIEDADE E DEPRESS\u00c3O EM DOENTES IDOSOS"],"prefix":"10.22533","author":[{"given":"Teresa","family":"Medeiros","sequence":"first","affiliation":[]},{"given":"Osvaldo","family":"Silva","sequence":"additional","affiliation":[]},{"given":"Maria Teresa","family":"Flor-de-Lima","sequence":"additional","affiliation":[]}],"member":"9818","published-online":{"date-parts":[[2019,3,12]]},"container-title":["Psicologia da sa\u00fade: teoria e interven\u00e7\u00e3o"],"original-title":[],"deposited":{"date-parts":[[2019,3,15]],"date-time":"2019-03-15T20:49:18Z","timestamp":1552682958000},"score":1,"resource":{"primary":{"URL":"https:\/\/www.atenaeditora.com.br\/wp-content\/uploads\/2019\/03\/E-book-Psicologia-da-Sa%C3%BAde-Teoria-e-Interven%C3%A7%C3%A3o.pdf"}},"subtitle":[],"short-title":[],"issued":{"date-parts":[[2019,3,12]]},"ISBN":["9788572471701"],"references-count":0,"URL":"https:\/\/doi.org\/10.22533\/at.ed.7011912034","relation":{},"subject":[],"published":{"date-parts":[[2019,3,12]]}}}

DOR CRÓNICA, ANSIEDADE E DEPRESSÃO EM DOENTES IDOSOS

Psicologia da saúde: teoria e intervenção
