{"status":"ok","message-type":"work","message-version":"1.0.0","message":{"indexed":{"date-parts":[[2023,7,22]],"date-time":"2023-07-22T05:14:11Z","timestamp":1690002851349},"edition-number":"1","reference-count":0,"publisher":"Atena Editora","isbn-type":[{"value":"9786525814834","type":"print"}],"content-domain":{"domain":[],"crossmark-restriction":false},"short-container-title":[],"DOI":"10.22533\/at.ed.8342321078","type":"book-chapter","created":{"date-parts":[[2023,7,21]],"date-time":"2023-07-21T20:31:38Z","timestamp":1689971498000},"page":"100-119","source":"Crossref","is-referenced-by-count":0,"title":["DESENVOLVIMENTO DE UM PLANO DE MARKETING INTERNO PARA UMA EMPRESA DE AUTOM\u00d3VEIS DE LUXO"],"prefix":"10.22533","author":[{"given":"Ricardo","family":"Santos","sequence":"first","affiliation":[]},{"given":"Patr\u00edcia","family":"Ara\u00fajo","sequence":"additional","affiliation":[]},{"given":"Raquel","family":"Santos","sequence":"additional","affiliation":[]}],"member":"9818","published-online":{"date-parts":[[2023,7,21]]},"container-title":["Administra\u00e7\u00e3o: Organiza\u00e7\u00f5es p\u00fablicas, privadas e do terceiro setor 4"],"original-title":[],"deposited":{"date-parts":[[2023,7,21]],"date-time":"2023-07-21T20:31:48Z","timestamp":1689971508000},"score":1,"resource":{"primary":{"URL":"https:\/\/atenaeditora.com.br\/catalogo\/ebook\/administracao-organizacoes-publicas-privadas-e-do-terceiro-setor-4"}},"subtitle":[],"short-title":[],"issued":{"date-parts":[[2023,7,21]]},"ISBN":["9786525814834"],"references-count":0,"URL":"https:\/\/doi.org\/10.22533\/at.ed.8342321078","relation":{},"subject":[],"published":{"date-parts":[[2023,7,21]]}}}

DESENVOLVIMENTO DE UM PLANO DE MARKETING INTERNO PARA UMA EMPRESA DE AUTOMÓVEIS DE LUXO

Patrícia

Araújo

Administração: Organizações públicas, privadas e do terceiro setor 4
