{"status":"ok","message-type":"work","message-version":"1.0.0","message":{"indexed":{"date-parts":[[2022,3,31]],"date-time":"2022-03-31T23:11:42Z","timestamp":1648768302753},"edition-number":"1","reference-count":0,"publisher":"Pimenta Cultural","content-domain":{"domain":[],"crossmark-restriction":false},"short-container-title":[],"DOI":"10.31560\/pimentacultural\/2021.936.187-208","type":"book-chapter","created":{"date-parts":[[2021,12,6]],"date-time":"2021-12-06T23:59:33Z","timestamp":1638835173000},"page":"187-208","source":"Crossref","is-referenced-by-count":0,"title":["Manh\u00e3 Submersa, de Verg\u00edlio Ferreira: dos corpos d\u00f3ceis e dos espa\u00e7os heterot\u00f3picos de crise e exclus\u00e3o"],"prefix":"10.31560","author":[{"given":"Fernando Alexandre de Matos Pereira","family":"Lopes","sequence":"first","affiliation":[]},{"given":"Ana Maria Marques da Costa Pereira","family":"Lopes","sequence":"additional","affiliation":[]},{"given":"F\u00e1tima Susana","family":"Amante","sequence":"additional","affiliation":[]}],"member":"16537","published-online":{"date-parts":[[2021]]},"container-title":["VIII SEPPGEL: desafios e possibilidades dos estudos da linguagem em tempos de pandemia"],"original-title":[],"deposited":{"date-parts":[[2022,2,15]],"date-time":"2022-02-15T14:04:28Z","timestamp":1644933868000},"score":1,"resource":{"primary":{"URL":"https:\/\/www.pimentacultural.com\/livro\/viii-seppgel"}},"subtitle":[],"short-title":[],"issued":{"date-parts":[[2021]]},"references-count":0,"URL":"https:\/\/doi.org\/10.31560\/pimentacultural\/2021.936.187-208","relation":{},"subject":[],"published":{"date-parts":[[2021]]}}}

Manhã Submersa, de Vergílio Ferreira: dos corpos dóceis e dos espaços heterotópicos de crise e exclusão

Fátima Susana
