{"status":"ok","message-type":"work","message-version":"1.0.0","message":{"indexed":{"date-parts":[[2025,5,14]],"date-time":"2025-05-14T10:44:26Z","timestamp":1747219466291,"version":"3.40.5"},"edition-number":"1","reference-count":0,"publisher":"NICIF e RISCOS","isbn-type":[{"type":"print","value":"9789728330255"}],"content-domain":{"domain":[],"crossmark-restriction":false},"short-container-title":[],"published-print":{"date-parts":[[2019,9,19]]},"DOI":"10.34037\/978-972-8330-25-5_2_3","type":"book-chapter","created":{"date-parts":[[2019,9,19]],"date-time":"2019-09-19T12:20:12Z","timestamp":1568895612000},"page":"43-58","source":"Crossref","is-referenced-by-count":0,"title":["Tend\u00eancia dos inc\u00eandios florestais em Portugal continental (1980-2014): que ila\u00e7\u00f5es para o planeamento do territ\u00f3rio?"],"prefix":"10.34037","author":[{"name":"Departamento de Geografia e Turismo, da Faculdade de Letras da Universidade de Coimbra","sequence":"first","affiliation":[]},{"ORCID":"https:\/\/orcid.org\/0000-0001-8665-4459","authenticated-orcid":false,"given":"Ad\u00e9lia","family":"Nunes","sequence":"first","affiliation":[]}],"member":"19856","published-online":{"date-parts":[[2019,9,19]]},"container-title":["Os inc\u00eandios florestais. Em busca e um novo paradigma. II Di\u00e1logos entre Ci\u00eancia e Utilizadores"],"original-title":[],"deposited":{"date-parts":[[2019,9,19]],"date-time":"2019-09-19T12:20:15Z","timestamp":1568895615000},"score":1,"resource":{"primary":{"URL":"http:\/\/www.uc.pt\/fluc\/nicif\/Publicacoes\/livros\/Dialogos_II\/Dialogos_II_artigo03.pdf\/"}},"subtitle":[],"short-title":[],"issued":{"date-parts":[[2019,9,19]]},"ISBN":["9789728330255"],"references-count":0,"URL":"https:\/\/doi.org\/10.34037\/978-972-8330-25-5_2_3","relation":{},"subject":[],"published":{"date-parts":[[2019,9,19]]}}}

Tendência dos incêndios florestais em Portugal continental (1980-2014): que ilações para o planeamento do território?

Adélia

Os incêndios florestais. Em busca e um novo paradigma. II Diálogos entre Ciência e Utilizadores
