{"status":"ok","message-type":"work","message-version":"1.0.0","message":{"indexed":{"date-parts":[[2025,5,14]],"date-time":"2025-05-14T10:44:26Z","timestamp":1747219466652,"version":"3.40.5"},"edition-number":"1","reference-count":0,"publisher":"NICIF e RISCOS","isbn-type":[{"type":"print","value":"9789728330255"}],"content-domain":{"domain":[],"crossmark-restriction":false},"short-container-title":[],"published-print":{"date-parts":[[2019,9,19]]},"DOI":"10.34037\/978-972-8330-25-5_2_4","type":"book-chapter","created":{"date-parts":[[2019,9,19]],"date-time":"2019-09-19T12:20:12Z","timestamp":1568895612000},"page":"59-92","source":"Crossref","is-referenced-by-count":1,"title":["As causas e motiva\u00e7\u00f5es dos inc\u00eandios florestais na regi\u00e3o Norte de Portugal"],"prefix":"10.34037","author":[{"name":"Departamento de Geografia, da Faculdade de Letras da Universidade do Porto","sequence":"first","affiliation":[]},{"ORCID":"https:\/\/orcid.org\/0000-0002-5435-2170","authenticated-orcid":false,"given":"Fantina","family":"Tedim","sequence":"first","affiliation":[]},{"given":"Vittorio","family":"Leone","sequence":"additional","affiliation":[]},{"name":"Dep. of Crop Systems, Forestry and Env. Sciences, of the Univ. of Basilicata","sequence":"additional","affiliation":[]},{"given":"Francisco","family":"Gutierres","sequence":"additional","affiliation":[]},{"name":"Eurecat, Centre Tecnol\u00f2gic de Catalunya and Big Data & Data Science Unit","sequence":"additional","affiliation":[]},{"given":"Fernando J.  M.","family":"Correia","sequence":"additional","affiliation":[]},{"name":"Faculdade de Letras da Universidade do Porto","sequence":"additional","affiliation":[]},{"given":"Catarina G.","family":"Magalh\u00e3es","sequence":"additional","affiliation":[]},{"name":"Faculdade de Letras da Universidade do Porto","sequence":"additional","affiliation":[]}],"member":"19856","published-online":{"date-parts":[[2019,9,19]]},"container-title":["Os inc\u00eandios florestais. Em busca e um novo paradigma. II Di\u00e1logos entre Ci\u00eancia e Utilizadores"],"original-title":[],"deposited":{"date-parts":[[2019,9,19]],"date-time":"2019-09-19T12:20:15Z","timestamp":1568895615000},"score":1,"resource":{"primary":{"URL":"http:\/\/www.uc.pt\/fluc\/nicif\/Publicacoes\/livros\/Dialogos_II\/Dialogos_II_artigo04.pdf\/"}},"subtitle":[],"short-title":[],"issued":{"date-parts":[[2019,9,19]]},"ISBN":["9789728330255"],"references-count":0,"URL":"https:\/\/doi.org\/10.34037\/978-972-8330-25-5_2_4","relation":{},"subject":[],"published":{"date-parts":[[2019,9,19]]}}}

As causas e motivações dos incêndios florestais na região Norte de Portugal

Eurecat, Centre Tecnològic de Catalunya and Big Data & Data Science Unit

Magalhães

Os incêndios florestais. Em busca e um novo paradigma. II Diálogos entre Ciência e Utilizadores
