{"status":"ok","message-type":"work","message-version":"1.0.0","message":{"indexed":{"date-parts":[[2025,5,14]],"date-time":"2025-05-14T10:44:34Z","timestamp":1747219474380,"version":"3.40.5"},"edition-number":"1","reference-count":0,"publisher":"RISCOS - Associa\u00e7\u00e3o Portuguesa de Riscos, Preven\u00e7\u00e3o e Seguran\u00e7a e Servi\u00e7o Regional de Prote\u00e7\u00e3o Civil, IP-RAM","isbn-type":[{"type":"print","value":"9789895494293"}],"content-domain":{"domain":[],"crossmark-restriction":false},"short-container-title":[],"published-print":{"date-parts":[[2020,12,1]]},"abstract":"<jats:p>O autor teve o privil\u00e9gio de participar no XIII Encontro Nacional de Riscos que se realizou na cidade do Funchal em Fevereiro de 2020 sob a designa\u00e7\u00e3o gen\u00e9rica de \u201cMadeira Regi\u00e3o Resiliente\u201d. O presente texto \u00e9 um resumo da sua apresenta\u00e7\u00e3o com o t\u00edtulo \u201cResili\u00eancia e Gest\u00e3o do Risco\u201d a qual incidiu nos seguintes t\u00f3picos: Etimologia e divulga\u00e7\u00e3o do termo resili\u00eancia; Defini\u00e7\u00e3o e conceptualiza\u00e7\u00e3o de uma m\u00e9trica de resili\u00eancia; e Resili\u00eancia e Gest\u00e3o do Risco.<\/jats:p>","DOI":"10.34037\/978-989-54942-9-3_9_3","type":"book-chapter","created":{"date-parts":[[2021,1,14]],"date-time":"2021-01-14T16:34:12Z","timestamp":1610642052000},"page":"85-98","source":"Crossref","is-referenced-by-count":0,"title":["Resili\u00eancia e Gest\u00e3o do Risco"],"prefix":"10.34037","author":[{"ORCID":"https:\/\/orcid.org\/0000-0003-2614-1234","authenticated-orcid":false,"given":"Ant\u00f3nio","family":"Bet\u00e2mio de Almeida","sequence":"first","affiliation":[]}],"member":"19856","published-online":{"date-parts":[[2020,12,1]]},"container-title":["Estudos Cind\u00ednicos","Madeira Regi\u00e3o Resiliente. Aprender com o Passado"],"original-title":[],"deposited":{"date-parts":[[2021,1,19]],"date-time":"2021-01-19T22:48:37Z","timestamp":1611096517000},"score":1,"resource":{"primary":{"URL":"https:\/\/www.riscos.pt\/wp-content\/uploads\/2018\/SEC\/9\/Ebook_SEC_MRR_cap03.pdf"}},"subtitle":[],"short-title":[],"issued":{"date-parts":[[2020,12,1]]},"ISBN":["9789895494293"],"references-count":0,"URL":"https:\/\/doi.org\/10.34037\/978-989-54942-9-3_9_3","relation":{},"ISSN":["2184-5727"],"issn-type":[{"type":"print","value":"2184-5727"}],"subject":[],"published":{"date-parts":[[2020,12,1]]}}}

RISCOS - Associação Portuguesa de Riscos, Prevenção e Segurança e Serviço Regional de Proteção Civil, IP-RAM

<jats:p>O autor teve o privilégio de participar no XIII Encontro Nacional de Riscos que se realizou na cidade do Funchal em Fevereiro de 2020 sob a designação genérica de “Madeira Região Resiliente”. O presente texto é um resumo da sua apresentação com o título “Resiliência e Gestão do Risco” a qual incidiu nos seguintes tópicos: Etimologia e divulgação do termo resiliência; Definição e conceptualização de uma métrica de resiliência; e Resiliência e Gestão do Risco.</jats:p>

Resiliência e Gestão do Risco

António

Betâmio de Almeida

Estudos Cindínicos

Madeira Região Resiliente. Aprender com o Passado
