{"status":"ok","message-type":"work","message-version":"1.0.0","message":{"indexed":{"date-parts":[[2024,8,7]],"date-time":"2024-08-07T16:48:20Z","timestamp":1723049300147},"reference-count":0,"publisher":"Brazilian Journals Editora","isbn-type":[{"type":"electronic","value":"9786586230246"}],"content-domain":{"domain":[],"crossmark-restriction":false},"short-container-title":[],"published-print":{"date-parts":[[2020]]},"DOI":"10.35587\/brj.ed.0000490","type":"book-chapter","created":{"date-parts":[[2020,11,10]],"date-time":"2020-11-10T12:54:54Z","timestamp":1605012894000},"page":"241-253","source":"Crossref","is-referenced-by-count":0,"title":["ATUA\u00c7\u00c3O DA ENFERMAGEM FRENTE A CRIAN\u00c7AS COM TRANSTORNO DO ESPECTRO AUTISTA: REVIS\u00c3O INTEGRATIVA"],"prefix":"10.35587","author":[{"given":"Abra\u00e3o Pantoja de","family":"Souza","sequence":"first","affiliation":[]},{"given":"Brenner K\u00e1ssio Ferreira de","family":"Oliveira","sequence":"additional","affiliation":[]},{"given":"Firmina Hermelinda Saldanha","family":"Albuquerque","sequence":"additional","affiliation":[]},{"given":"Maxwell Arouca da","family":"Silva","sequence":"additional","affiliation":[]},{"given":"Karla Maria Carneiro","family":"Rolim","sequence":"additional","affiliation":[]},{"given":"Henriqueta Ilda Verganista Martins","family":"Fernandes","sequence":"additional","affiliation":[]},{"given":"Maria Solange Nogueira dos","family":"Santos","sequence":"additional","affiliation":[]},{"given":"Fernanda Jorge","family":"Magalh\u00e3es","sequence":"additional","affiliation":[]},{"given":"Mirian Cal\u00edope Dantas","family":"Pinheiro","sequence":"additional","affiliation":[]}],"member":"30764","container-title":["Perspectiva Contempor\u00e2nea das Ci\u00eancias da Sa\u00fade (2a Edi\u00e7\u00e3o)"],"original-title":[],"language":"en","deposited":{"date-parts":[[2021,1,24]],"date-time":"2021-01-24T14:29:00Z","timestamp":1611498540000},"score":1,"resource":{"primary":{"URL":"https:\/\/www.brazilianjournals.com.br\/ebooks.php?b=nvfVd9PsUxOSKQJDe4tI6oqCBkG5lX01"}},"subtitle":[],"short-title":[],"issued":{"date-parts":[[2020]]},"ISBN":["9786586230246"],"references-count":0,"URL":"https:\/\/doi.org\/10.35587\/brj.ed.0000490","relation":{},"subject":[],"published":{"date-parts":[[2020]]}}}

ATUAÇÃO DA ENFERMAGEM FRENTE A CRIANÇAS COM TRANSTORNO DO ESPECTRO AUTISTA: REVISÃO INTEGRATIVA

Abraão Pantoja de

Brenner Kássio Ferreira de

Magalhães

Mirian Calíope Dantas

Perspectiva Contemporânea das Ciências da Saúde (2a Edição)
