{"status":"ok","message-type":"work","message-version":"1.0.0","message":{"indexed":{"date-parts":[[2025,5,14]],"date-time":"2025-05-14T11:34:44Z","timestamp":1747222484083,"version":"3.40.5"},"edition-number":"1","reference-count":0,"publisher":"Editora Artemis","isbn-type":[{"type":"print","value":"9786587396330"}],"content-domain":{"domain":[],"crossmark-restriction":false},"short-container-title":[],"DOI":"10.37572\/edart_19042133012","type":"book-chapter","created":{"date-parts":[[2021,4,18]],"date-time":"2021-04-18T05:04:32Z","timestamp":1618722272000},"page":"135-155","source":"Crossref","is-referenced-by-count":0,"title":["APRENDER A APRENDER NO ENTARDECER DA VIDA: O RETORNO \u00c0 UNIVERSIDADE NA PROMO\u00c7\u00c3O DO ENVELHECIMENTO ATIVO"],"prefix":"10.37572","author":[{"ORCID":"https:\/\/orcid.org\/0000-0002-0441-8207","authenticated-orcid":false,"given":"Lic\u00ednio M. Vicente","family":"Tom\u00e1s","sequence":"first","affiliation":[]}],"member":"23781","published-online":{"date-parts":[[2021,4]]},"container-title":["Educa\u00e7\u00e3o e Ensino na Era da Informa\u00e7\u00e3o"],"original-title":[],"deposited":{"date-parts":[[2021,4,18]],"date-time":"2021-04-18T05:04:48Z","timestamp":1618722288000},"score":1,"resource":{"primary":{"URL":"https:\/\/www.editoraartemis.com.br\/artigo\/32210\/"}},"subtitle":[],"short-title":[],"issued":{"date-parts":[[2021,4]]},"ISBN":["9786587396330"],"references-count":0,"URL":"https:\/\/doi.org\/10.37572\/edart_19042133012","relation":{},"subject":[],"published":{"date-parts":[[2021,4]]}}}

APRENDER A APRENDER NO ENTARDECER DA VIDA: O RETORNO À UNIVERSIDADE NA PROMOÇÃO DO ENVELHECIMENTO ATIVO

Licínio M. Vicente

Tomás

Educação e Ensino na Era da Informação
