{"status":"ok","message-type":"work","message-version":"1.0.0","message":{"indexed":{"date-parts":[[2025,5,14]],"date-time":"2025-05-14T11:35:35Z","timestamp":1747222535056,"version":"3.40.5"},"edition-number":"1","reference-count":0,"publisher":"Editora Artemis","isbn-type":[{"type":"print","value":"9786587396583"}],"content-domain":{"domain":[],"crossmark-restriction":false},"short-container-title":[],"DOI":"10.37572\/edart_29052258312","type":"book-chapter","created":{"date-parts":[[2022,5,27]],"date-time":"2022-05-27T21:29:21Z","timestamp":1653686961000},"page":"144-158","source":"Crossref","is-referenced-by-count":0,"title":["SER\u00c1 QUE A UNI\u00c3O FAZ A FOR\u00c7A INDEPENDENTEMENTE DA DIMENS\u00c3O DOS INTERVENIENTES? UM ESTUDO SOBRE AS RAZ\u00d5ES DE INTEGRA\u00c7\u00c3O EM REDE DE MICRO E PEQUENAS EMPRESAS PORTUGUESAS"],"prefix":"10.37572","author":[{"ORCID":"https:\/\/orcid.org\/0000-0001-9674-4167","authenticated-orcid":false,"given":"Lara Sofia","family":"Mendes Bacalhau","sequence":"first","affiliation":[]},{"ORCID":"https:\/\/orcid.org\/0000-0002-4929-7074","authenticated-orcid":false,"given":"Guilhermina Maria","family":"de Silva Freitas","sequence":"additional","affiliation":[]}],"member":"23781","published-online":{"date-parts":[[2022,5]]},"container-title":["Ci\u00eancias Socialmente Aplic\u00e1veis: Integrando Saberes e Abrindo Caminhos III"],"original-title":[],"deposited":{"date-parts":[[2022,5,30]],"date-time":"2022-05-30T18:40:48Z","timestamp":1653936048000},"score":1,"resource":{"primary":{"URL":"https:\/\/www.editoraartemis.com.br\/artigo\/32772\/"}},"subtitle":[],"short-title":[],"issued":{"date-parts":[[2022,5]]},"ISBN":["9786587396583"],"references-count":0,"URL":"https:\/\/doi.org\/10.37572\/edart_29052258312","relation":{},"subject":[],"published":{"date-parts":[[2022,5]]}}}

SERÁ QUE A UNIÃO FAZ A FORÇA INDEPENDENTEMENTE DA DIMENSÃO DOS INTERVENIENTES? UM ESTUDO SOBRE AS RAZÕES DE INTEGRAÇÃO EM REDE DE MICRO E PEQUENAS EMPRESAS PORTUGUESAS

Ciências Socialmente Aplicáveis: Integrando Saberes e Abrindo Caminhos III
