{"status":"ok","message-type":"work","message-version":"1.0.0","message":{"indexed":{"date-parts":[[2025,2,12]],"date-time":"2025-02-12T19:40:03Z","timestamp":1739389203000,"version":"3.37.0"},"edition-number":"1","reference-count":0,"publisher":"Editora Cient\u00edfica Digital","isbn-type":[{"type":"electronic","value":"9786553608528"}],"content-domain":{"domain":[],"crossmark-restriction":false},"short-container-title":[],"abstract":"<jats:p>Introdu\u00e7\u00e3o: Os cuidados associados \u00e0 medi\u00e7\u00e3o e confirma\u00e7\u00e3o na entuba\u00e7\u00e3o g\u00e1strica na popula\u00e7\u00e3o pedi\u00e1trica s\u00e3o fundamentais para evitar complica\u00e7\u00f5es de incorreto posicionamento, requerendo a necessidade de conhecer os in\u00fameros m\u00e9todos expostos na literatura. Objetivo: identificar a evid\u00eancia dispon\u00edvel relacionada com m\u00e9todos de medi\u00e7\u00e3o e confirma\u00e7\u00e3o das sondas g\u00e1stricas em pediatria. M\u00e9todo: revis\u00e3o integrativa realizada em bases de dados cient\u00edficas (CINAHL Complete, MedicLatina, LILACS, BENF e PubMed), utilizando crit\u00e9rios de inclus\u00e3o previamente definidos e recorrendo a quest\u00e3o de investiga\u00e7\u00e3o. Resultados: dos 791 artigos foram selecionados 27. Identificou-se que o m\u00e9todo de medi\u00e7\u00e3o mais recomendado em pediatria \u00e9 o NEMU (Nose, Earlobe, Mid-Umbilicus), em neonatos recomendaram-se associa\u00e7\u00f5es baseadas em f\u00f3rmulas e altura m\u00ednima de inser\u00e7\u00e3o. O m\u00e9todo de confirma\u00e7\u00e3o de refer\u00eancia foi considerado a radiografia, mas com complica\u00e7\u00f5es associadas. Na medi\u00e7\u00e3o do pH g\u00e1strico deve-se ter em conta as poss\u00edveis intera\u00e7\u00f5es, que deve ser associado a outros m\u00e9todos para aumentar as probabilidades. Foram identificados outros m\u00e9todos promissores, mas que necessitam de mais estudos. Conclus\u00e3o: A evid\u00eancia cient\u00edfica necessita estar presente nos protocolos institucionais, com a consequente forma\u00e7\u00e3o dos enfermeiros e com a imprescindibilidade do aumento de estudos espec\u00edficos em pediatria.<\/jats:p>","DOI":"10.37885\/241118178","type":"book-chapter","created":{"date-parts":[[2024,12,24]],"date-time":"2024-12-24T20:12:15Z","timestamp":1735071135000},"page":"26-43","source":"Crossref","is-referenced-by-count":0,"title":["M\u00c9TODOS DE MEDI\u00c7\u00c3O E CONFIRMA\u00c7\u00c3O DO POSICIONAMENTO ENTUBA\u00c7\u00c3O G\u00c1STRICA EM PEDIATRIA: REVIS\u00c3O INTEGRATIVA"],"prefix":"10.37885","author":[{"given":"Rita","family":"Fernandes","sequence":"first","affiliation":[]},{"given":"Andreia","family":"Mota","sequence":"additional","affiliation":[]},{"given":"Goreti","family":"Marques","sequence":"additional","affiliation":[]}],"member":"24862","published-online":{"date-parts":[[2024]]},"container-title":["Enfermagem em Foco: educa\u00e7\u00e3o, compet\u00eancias e pr\u00e1ticas avan\u00e7adas - Volume 3"],"original-title":[],"link":[{"URL":"https:\/\/downloads.editoracientifica.com.br\/articles\/241118178.pdf","content-type":"unspecified","content-version":"vor","intended-application":"similarity-checking"}],"deposited":{"date-parts":[[2025,2,12]],"date-time":"2025-02-12T19:01:58Z","timestamp":1739386918000},"score":1,"resource":{"primary":{"URL":"http:\/\/www.editoracientifica.com.br\/articles\/code\/241118178"}},"subtitle":[],"short-title":[],"issued":{"date-parts":[[2024]]},"ISBN":["9786553608528"],"references-count":0,"URL":"https:\/\/doi.org\/10.37885\/241118178","relation":{},"subject":[],"published":{"date-parts":[[2024]]}}}

Editora Científica Digital

<jats:p>Introdução: Os cuidados associados à medição e confirmação na entubação gástrica na população pediátrica são fundamentais para evitar complicações de incorreto posicionamento, requerendo a necessidade de conhecer os inúmeros métodos expostos na literatura. Objetivo: identificar a evidência disponível relacionada com métodos de medição e confirmação das sondas gástricas em pediatria. Método: revisão integrativa realizada em bases de dados científicas (CINAHL Complete, MedicLatina, LILACS, BENF e PubMed), utilizando critérios de inclusão previamente definidos e recorrendo a questão de investigação. Resultados: dos 791 artigos foram selecionados 27. Identificou-se que o método de medição mais recomendado em pediatria é o NEMU (Nose, Earlobe, Mid-Umbilicus), em neonatos recomendaram-se associações baseadas em fórmulas e altura mínima de inserção. O método de confirmação de referência foi considerado a radiografia, mas com complicações associadas. Na medição do pH gástrico deve-se ter em conta as possíveis interações, que deve ser associado a outros métodos para aumentar as probabilidades. Foram identificados outros métodos promissores, mas que necessitam de mais estudos. Conclusão: A evidência científica necessita estar presente nos protocolos institucionais, com a consequente formação dos enfermeiros e com a imprescindibilidade do aumento de estudos específicos em pediatria.</jats:p>

MÉTODOS DE MEDIÇÃO E CONFIRMAÇÃO DO POSICIONAMENTO ENTUBAÇÃO GÁSTRICA EM PEDIATRIA: REVISÃO INTEGRATIVA

Enfermagem em Foco: educação, competências e práticas avançadas - Volume 3
