{"status":"ok","message-type":"work","message-version":"1.0.0","message":{"indexed":{"date-parts":[[2026,3,9]],"date-time":"2026-03-09T23:26:40Z","timestamp":1773098800291,"version":"3.50.1"},"publisher-location":"\u00c9vora","reference-count":10,"publisher":"Publica\u00e7\u00f5es do CIDEHUS","isbn-type":[{"value":"9791036513985","type":"electronic"},{"value":"9789896890902","type":"print"}],"license":[{"start":{"date-parts":[[2011,1,1]],"date-time":"2011-01-01T00:00:00Z","timestamp":1293840000000},"content-version":"unspecified","delay-in-days":0,"URL":"https:\/\/www.openedition.org\/12554"}],"content-domain":{"domain":[],"crossmark-restriction":false},"short-container-title":[],"published-print":{"date-parts":[[2011]]},"abstract":"<jats:p>Jos\u00e9 Joaquim da Cunha de Azeredo Coutinho, que, entre outros cargos, foi bispo de Pernambuco (1794) e bispo de Elvas (1806-1818), distinguiu-se pela grande actividade que exerceu no Brasil, sobretudo no campo do ensino, e pelas mem\u00f3rias que escreveu e apresentou \u00e0 Academia Real das Ci\u00eancias de Lisboa, de que era s\u00f3cio, versando assuntos diversos dos quais destacamos os temas sobre a import\u00e2ncia econ\u00f3mica do a\u00e7\u00facar, o com\u00e9rcio entre Portugal e as col\u00f3nias, a minera\u00e7\u00e3o, a escravid\u00e3o e o tr\u00e1fico negreiro. Para esta comunica\u00e7\u00e3o escolhemos a quest\u00e3o da escravatura e do tr\u00e1fico negreiro, actividade largamente praticada, reconhecida e aceite, n\u00e3o s\u00f3 como realidade imprescind\u00edvel no espa\u00e7o colonial mas tamb\u00e9m na metr\u00f3pole. Azeredo Coutinho foi um dos mais frontais defensores do sistema escravista, procurando demonstrar a sua validade perante as leis da natureza e da sociedade.<\/jats:p>","DOI":"10.4000\/books.cidehus.5012","type":"book-chapter","created":{"date-parts":[[2019,2,15]],"date-time":"2019-02-15T01:07:11Z","timestamp":1550192831000},"page":"193-208","source":"Crossref","is-referenced-by-count":0,"title":["O bispo de Elvas D. Jos\u00e9 Joaquim da Cunha de Azeredo Coutinho e a defesa da escravatura"],"prefix":"10.4000","author":[{"ORCID":"https:\/\/orcid.org\/0000-0001-5498-7830","authenticated-orcid":false,"given":"Maria do Ros\u00e1rio","family":"Pimentel","sequence":"first","affiliation":[]}],"member":"2399","reference":[{"key":"ref0","unstructured":"BASTOS, Jos\u00e9 Tim\u00f3tio da Silva, Hist\u00f3ria da censura intelectual em Portugal (ensaio sobre a compreens\u00e3o do pensamento portugu\u00eas), Coimbra, Imprensa da Universidade, 1926."},{"key":"ref1","unstructured":"Collec\u00e7\u00e3o de alguns manuscritos curiosos do Eximo Bispo d'Elvas, depois Inquisidor Geral [...], Londres, L. Thompson, 1819."},{"key":"ref2","unstructured":"COUTINHO, Jos\u00e9 Joaquim da Cunha de Azeredo, Analyse sobre a justi\u00e7a do commercio do resgate dos escravos da Costa d'Africa, publicada, em franc\u00eas, em 1798 em Inglaterra e no ano 1808, em portugu\u00eas, em Lisboa, na Nova Officina de Jo\u00e3o Rodrigues Neves."},{"key":"ref3","unstructured":"\u2014 Concordancia das leis de Portugal e das bullas pontificias, das quaes humas permittem a escravid\u00e3o dos pretos, e outras prohibem a escravid\u00e3o dos indios do Brasil, Lisboa, Nova Officina de Jo\u00e3o Rodrigues Neves, 1808."},{"key":"ref4","unstructured":"\u2014 Discurso sobre o estado actual das minas do Brasil, Lisboa, 1804."},{"key":"ref5","unstructured":"\u2014 Ensaio economico sobre o commercio de Portugal e suas colonias, Lisboa, Typografia da Academia Real das Sci\u00eancias, 1794."},{"key":"ref6","unstructured":"\u2014 Obras econ\u00f3micas, apres. S\u00e9rgio Buarque de Holanda, S\u00e3o Paulo, C.E.N., 1966."},{"key":"ref7","unstructured":"LAHON, Didier, O negro no cora\u00e7\u00e3o do Imp\u00e9rio, Lisboa, Secretaria do Coordenador dos Programas de Educa\u00e7\u00e3o Multicultural, 1999."},{"key":"ref8","unstructured":"GR\u00c9GOIRE, H., De la litt\u00e9rature des n\u00e8gres, Paris, Chez Maradan Libraire, 1808."},{"key":"ref9","doi-asserted-by":"publisher","DOI":"10.11606\/issn.2316-9141.rh.1964.122668"}],"container-title":["O Alentejo entre o Antigo Regime e a Regenera\u00e7\u00e3o"],"original-title":[],"language":"pt","deposited":{"date-parts":[[2026,3,9]],"date-time":"2026-03-09T12:54:06Z","timestamp":1773060846000},"score":1,"resource":{"primary":{"URL":"https:\/\/books.openedition.org\/cidehus\/5012"}},"subtitle":[],"short-title":[],"issued":{"date-parts":[[2011]]},"ISBN":["9791036513985","9789896890902"],"references-count":10,"URL":"https:\/\/doi.org\/10.4000\/books.cidehus.5012","relation":{},"subject":[],"published":{"date-parts":[[2011]]}}}

Évora

Publicações do CIDEHUS

<jats:p>José Joaquim da Cunha de Azeredo Coutinho, que, entre outros cargos, foi bispo de Pernambuco (1794) e bispo de Elvas (1806-1818), distinguiu-se pela grande actividade que exerceu no Brasil, sobretudo no campo do ensino, e pelas memórias que escreveu e apresentou à Academia Real das Ciências de Lisboa, de que era sócio, versando assuntos diversos dos quais destacamos os temas sobre a importância económica do açúcar, o comércio entre Portugal e as colónias, a mineração, a escravidão e o tráfico negreiro. Para esta comunicação escolhemos a questão da escravatura e do tráfico negreiro, actividade largamente praticada, reconhecida e aceite, não só como realidade imprescindível no espaço colonial mas também na metrópole. Azeredo Coutinho foi um dos mais frontais defensores do sistema escravista, procurando demonstrar a sua validade perante as leis da natureza e da sociedade.</jats:p>

O bispo de Elvas D. José Joaquim da Cunha de Azeredo Coutinho e a defesa da escravatura

Maria do Rosário

BASTOS, José Timótio da Silva, História da censura intelectual em Portugal (ensaio sobre a compreensão do pensamento português), Coimbra, Imprensa da Universidade, 1926.

Collecção de alguns manuscritos curiosos do Eximo Bispo d'Elvas, depois Inquisidor Geral [...], Londres, L. Thompson, 1819.

COUTINHO, José Joaquim da Cunha de Azeredo, Analyse sobre a justiça do commercio do resgate dos escravos da Costa d'Africa, publicada, em francês, em 1798 em Inglaterra e no ano 1808, em português, em Lisboa, na Nova Officina de João Rodrigues Neves.

— Concordancia das leis de Portugal e das bullas pontificias, das quaes humas permittem a escravidão dos pretos, e outras prohibem a escravidão dos indios do Brasil, Lisboa, Nova Officina de João Rodrigues Neves, 1808.

— Ensaio economico sobre o commercio de Portugal e suas colonias, Lisboa, Typografia da Academia Real das Sciências, 1794.

— Obras económicas, apres. Sérgio Buarque de Holanda, São Paulo, C.E.N., 1966.

LAHON, Didier, O negro no coração do Império, Lisboa, Secretaria do Coordenador dos Programas de Educação Multicultural, 1999.

GRÉGOIRE, H., De la littérature des nègres, Paris, Chez Maradan Libraire, 1808.

O Alentejo entre o Antigo Regime e a Regeneração
