{"status":"ok","message-type":"work","message-version":"1.0.0","message":{"indexed":{"date-parts":[[2025,5,14]],"date-time":"2025-05-14T12:37:43Z","timestamp":1747226263743,"version":"3.40.5"},"reference-count":0,"publisher":"Instituto Jur\u00eddico","isbn-type":[{"type":"print","value":"9789899075030"}],"content-domain":{"domain":[],"crossmark-restriction":false},"short-container-title":[],"published-print":{"date-parts":[[2021,3]]},"DOI":"10.47907\/livro2021_01c6pt","type":"book-chapter","created":{"date-parts":[[2021,8,4]],"date-time":"2021-08-04T10:29:31Z","timestamp":1628072971000},"page":"71-90","source":"Crossref","is-referenced-by-count":0,"title":["Direitos dos Doentes em Contexto de Pandemia"],"prefix":"10.47907","author":[{"ORCID":"https:\/\/orcid.org\/0000-0001-9871-5298","authenticated-orcid":false,"given":"Andr\u00e9","family":"Dias Pereira","sequence":"first","affiliation":[]},{"ORCID":"https:\/\/orcid.org\/0000-0002-3845-3166","authenticated-orcid":false,"given":"Ana Elisabete","family":"Ferreira","sequence":"additional","affiliation":[]},{"ORCID":"https:\/\/orcid.org\/0000-0002-1845-9253","authenticated-orcid":false,"given":"Carla","family":"Barbosa","sequence":"additional","affiliation":[]}],"member":"5739","published-online":{"date-parts":[[2021,3]]},"container-title":["Responsabilidade em Sa\u00fade P\u00fablica no Mundo Lus\u00f3fono: Fazendo Justi\u00e7a Durante e Al\u00e9m\n            da Emerg\u00eancia da COVID"],"original-title":[],"deposited":{"date-parts":[[2021,8,27]],"date-time":"2021-08-27T14:34:26Z","timestamp":1630074866000},"score":1,"resource":{"primary":{"URL":"http:\/\/hdl.handle.net\/10316\/95397"}},"subtitle":[],"short-title":[],"issued":{"date-parts":[[2021,3]]},"ISBN":["9789899075030"],"references-count":0,"URL":"https:\/\/doi.org\/10.47907\/livro2021_01c6pt","relation":{},"subject":[],"published":{"date-parts":[[2021,3]]}}}

Instituto Jurídico

André

Responsabilidade em Saúde Pública no Mundo Lusófono: Fazendo Justiça Durante e Além
            da Emergência da COVID
