{"status":"ok","message-type":"work","message-version":"1.0.0","message":{"indexed":{"date-parts":[[2025,7,23]],"date-time":"2025-07-23T12:22:21Z","timestamp":1753273341053},"edition-number":"1","reference-count":0,"publisher":"Arco Editores","isbn-type":[{"value":"9786554170192","type":"print"}],"content-domain":{"domain":[],"crossmark-restriction":false},"short-container-title":[],"published-print":{"date-parts":[[2022]]},"DOI":"10.48209\/978-65-5417-019-2","type":"book","created":{"date-parts":[[2022,8,2]],"date-time":"2022-08-02T23:49:10Z","timestamp":1659484150000},"source":"Crossref","is-referenced-by-count":1,"title":["A(s) inf\u00e2ncia(s): olhares e escutas sobre forma\u00e7\u00e3o, pr\u00e1ticas e pol\u00edticas"],"prefix":"10.48209","author":[{"given":"A.","family":"BULATY","sequence":"first","affiliation":[]},{"given":"Marcelo Oliveira.","family":"SILVA","sequence":"additional","affiliation":[]},{"given":"T.","family":"MADALOZZO","sequence":"additional","affiliation":[]}],"member":"28327","published-online":{"date-parts":[[2022]]},"container-title":[],"original-title":[],"deposited":{"date-parts":[[2022,8,2]],"date-time":"2022-08-02T23:49:14Z","timestamp":1659484154000},"score":1,"resource":{"primary":{"URL":"https:\/\/www.arcoeditores.com\/_files\/ugd\/4502fa_dde30815c1cd4a52b01688cff2efffa9.pdf#Livro"}},"subtitle":[],"short-title":[],"issued":{"date-parts":[[2022]]},"ISBN":["9786554170192"],"references-count":0,"URL":"https:\/\/doi.org\/10.48209\/978-65-5417-019-2","relation":{},"subject":[],"published":{"date-parts":[[2022]]}}}

A(s) infância(s): olhares e escutas sobre formação, práticas e políticas
