{"status":"ok","message-type":"work","message-version":"1.0.0","message":{"indexed":{"date-parts":[[2024,10,22]],"date-time":"2024-10-22T04:21:34Z","timestamp":1729570894068,"version":"3.28.0"},"reference-count":0,"publisher":"Fino Tra\u00e7o Editora \/ Editora UFMG","isbn-type":[{"value":"9788580546712","type":"electronic"}],"content-domain":{"domain":[],"crossmark-restriction":false},"short-container-title":[],"published-print":{"date-parts":[[2023]]},"DOI":"10.52884\/eft-978-85-8054-671-2","type":"edited-book","created":{"date-parts":[[2024,10,21]],"date-time":"2024-10-21T21:42:26Z","timestamp":1729546946000},"source":"Crossref","is-referenced-by-count":0,"title":["EDUCA\u00c7\u00c3O MUSICAL NA INF\u00c2NCIA: quest\u00f5es (e inquieta\u00e7\u00f5es) em debate do ensino remoto ao retorno presencial"],"prefix":"10.52884","author":[{"given":"Tiago","family":"Madalozzo","sequence":"first","affiliation":[]},{"given":"Vivian Agnolo","family":"Madalozzo","sequence":"additional","affiliation":[]},{"given":"Angelita Vander","family":"Broock","sequence":"additional","affiliation":[]},{"given":"Regiana Blank","family":"Wille","sequence":"additional","affiliation":[]}],"member":"30839","container-title":[],"original-title":[],"language":"en","deposited":{"date-parts":[[2024,10,21]],"date-time":"2024-10-21T21:42:26Z","timestamp":1729546946000},"score":1,"resource":{"primary":{"URL":"https:\/\/www.finotracoeditora.com.br\/ebook-educacao-musical-na-infancia-questoes-e-inquietacoes-em-debate-do-ensino-remoto-ao-retorno-presencial"}},"subtitle":[],"short-title":[],"issued":{"date-parts":[[2023]]},"ISBN":["9788580546712"],"references-count":0,"URL":"https:\/\/doi.org\/10.52884\/eft-978-85-8054-671-2","relation":{},"subject":[],"published":{"date-parts":[[2023]]}}}

Fino Traço Editora / Editora UFMG

EDUCAÇÃO MUSICAL NA INFÂNCIA: questões (e inquietações) em debate do ensino remoto ao retorno presencial
