{"status":"ok","message-type":"work","message-version":"1.0.0","message":{"indexed":{"date-parts":[[2022,4,2]],"date-time":"2022-04-02T14:47:22Z","timestamp":1648910842408},"reference-count":0,"publisher":"Universidade da Coru\u00f1a","content-domain":{"domain":[],"crossmark-restriction":false},"short-container-title":[],"published-print":{"date-parts":[[2011]]},"DOI":"10.5935\/1138-1663.2016c063","type":"book-chapter","created":{"date-parts":[[2016,12,21]],"date-time":"2016-12-21T07:25:46Z","timestamp":1482305146000},"page":"1963-1971","source":"Crossref","is-referenced-by-count":0,"title":["Uma d\u00e9cada de aprendizagem (1997-2007): o caso de Santiago Maior (Alandroal)"],"prefix":"10.5935","author":[{"given":"Bravo","family":"Nico","sequence":"first","affiliation":[]},{"given":"Lurdes Pratas","family":"Nico","sequence":"additional","affiliation":[]},{"given":"Ant\u00f3nia","family":"Tobias","sequence":"additional","affiliation":[]},{"given":"Elisabete","family":"Galhardas","sequence":"additional","affiliation":[]},{"given":"Florbela","family":"Valadas","sequence":"additional","affiliation":[]}],"member":"3948","published-online":{"date-parts":[[2011]]},"container-title":["Atas do XI Congreso Internacional Galego-Portugu\u00e9s de Psicopedagox\u00eda. Coru\u00f1a"],"original-title":[],"link":[{"URL":"http:\/\/dspace.uevora.pt\/rdpc\/bitstream\/10174\/2884\/1\/BN.C.51a.pdf","content-type":"unspecified","content-version":"vor","intended-application":"similarity-checking"}],"deposited":{"date-parts":[[2016,12,28]],"date-time":"2016-12-28T13:55:37Z","timestamp":1482933337000},"score":1,"resource":{"primary":{"URL":"http:\/\/dspace.uevora.pt\/rdpc\/bitstream\/10174\/2884\/1\/BN.C.51a.pdf"}},"subtitle":[],"short-title":[],"issued":{"date-parts":[[2011]]},"references-count":0,"URL":"https:\/\/doi.org\/10.5935\/1138-1663.2016c063","relation":{},"subject":[],"published":{"date-parts":[[2011]]}}}

Universidade da Coruña

Uma década de aprendizagem (1997-2007): o caso de Santiago Maior (Alandroal)

Antónia

Atas do XI Congreso Internacional Galego-Portugués de Psicopedagoxía. Coruña
